This is the mail archive of the gcc-testresults@gcc.gnu.org mailing list for the GCC project.


Index Nav: [Date Index] [Subject Index] [Author Index] [Thread Index]
Message Nav: [Date Prev] [Date Next] [Thread Prev] [Thread Next]

Results for 2.96 20000218 (experimental) testsuite on mips-sgi-irix6.2


Native configuration is mips-sgi-irix6.2

		=== objc tests ===


Running target unix

		=== objc Summary ===

# of expected passes		38
/caip/u99/ghazi/gcc-testing/build/gcc/xgcc version 2.96 20000218 (experimental)

		=== gcc tests ===


Running target unix
FAIL: gcc.c-torture/compile/991229-3.c,  -O3 -fomit-frame-pointer -funroll-loops  
FAIL: gcc.c-torture/compile/991229-3.c,  -O3 -fomit-frame-pointer -funroll-all-loops -finline-functions  
FAIL: gcc.c-torture/compile/20000105-1.c,  -O0  
FAIL: gcc.c-torture/compile/20000105-1.c,  -O1  
FAIL: gcc.c-torture/compile/900116-1.c,  -O0  
FAIL: gcc.c-torture/compile/900116-1.c,  -O1  
FAIL: gcc.c-torture/compile/900116-1.c,  -O2  
FAIL: gcc.c-torture/compile/900116-1.c,  -O3 -fomit-frame-pointer  
FAIL: gcc.c-torture/compile/900116-1.c,  -O3 -fomit-frame-pointer -funroll-loops  
FAIL: gcc.c-torture/compile/900116-1.c,  -O3 -fomit-frame-pointer -funroll-all-loops -finline-functions  
FAIL: gcc.c-torture/compile/900116-1.c,  -O3 -g  
FAIL: gcc.c-torture/compile/900116-1.c,  -Os  
FAIL: gcc.c-torture/execute/980223.c compilation,  -O0 
FAIL: gcc.c-torture/execute/980223.c compilation,  -O1 
FAIL: gcc.c-torture/execute/980223.c compilation,  -O2 
FAIL: gcc.c-torture/execute/980223.c compilation,  -O3 -fomit-frame-pointer 
FAIL: gcc.c-torture/execute/980223.c compilation,  -O3 -g 
FAIL: gcc.c-torture/execute/980223.c compilation,  -Os 
FAIL: gcc.c-torture/execute/991202-3.c execution,  -O0 
FAIL: gcc.c-torture/execute/991202-3.c execution,  -O1 
FAIL: gcc.c-torture/execute/991202-3.c execution,  -O2 
FAIL: gcc.c-torture/execute/991202-3.c execution,  -O3 -fomit-frame-pointer 
FAIL: gcc.c-torture/execute/991202-3.c execution,  -O3 -g 
FAIL: gcc.c-torture/execute/991202-3.c execution,  -Os 
FAIL: gcc.c-torture/execute/991221-1.c execution,  -O1 
FAIL: gcc.c-torture/execute/991221-1.c execution,  -O2 
FAIL: gcc.c-torture/execute/991221-1.c execution,  -O3 -fomit-frame-pointer 
FAIL: gcc.c-torture/execute/991221-1.c execution,  -O3 -g 
FAIL: gcc.c-torture/execute/991221-1.c execution,  -Os 
FAIL: gcc.c-torture/execute/ieee/fp-cmp-4.c compilation,  -O0 
FAIL: gcc.c-torture/execute/ieee/fp-cmp-4.c compilation,  -O1 
FAIL: gcc.c-torture/execute/ieee/fp-cmp-4.c compilation,  -O2 
FAIL: gcc.c-torture/execute/ieee/fp-cmp-4.c compilation,  -O3 -fomit-frame-pointer 
FAIL: gcc.c-torture/execute/ieee/fp-cmp-4.c compilation,  -O3 -fomit-frame-pointer -funroll-loops 
FAIL: gcc.c-torture/execute/ieee/fp-cmp-4.c compilation,  -O3 -fomit-frame-pointer -funroll-all-loops -finline-functions 
FAIL: gcc.c-torture/execute/ieee/fp-cmp-4.c compilation,  -O3 -g 
FAIL: gcc.c-torture/execute/ieee/fp-cmp-4.c compilation,  -Os 
XPASS: gcc.c-torture/execute/memcheck/blkarg.c execution,  -O0 
XPASS: gcc.c-torture/execute/memcheck/blkarg.c execution,  -O1 
XPASS: gcc.c-torture/execute/memcheck/blkarg.c execution,  -O2 
XPASS: gcc.c-torture/execute/memcheck/blkarg.c execution,  -Os 
FAIL: gcc.c-torture/noncompile/931203-1.c
FAIL: gcc.c-torture/noncompile/931203-1.c
FAIL: gcc.c-torture/noncompile/931203-1.c
FAIL: gcc.c-torture/noncompile/931203-1.c
FAIL: gcc.c-torture/noncompile/931203-1.c
FAIL: gcc.c-torture/noncompile/931203-1.c
FAIL: gcc.c-torture/noncompile/931203-1.c
FAIL: gcc.c-torture/noncompile/931203-1.c
FAIL: gcc.dg/struct-ret-2.c (test for excess errors)
FAIL: alias-1.c
FAIL: wkali-1.c
FAIL: wkali-2b.o

		=== gcc Summary ===

# of expected passes		9096
# of unexpected failures	49
# of unexpected successes	4
# of expected failures		27
# of unresolved testcases	14
# of unsupported tests		33
/caip/u99/ghazi/gcc-testing/build/gcc/xgcc version 2.96 20000218 (experimental)

		=== g77 tests ===


Running target unix

		=== g77 Summary ===

# of expected passes		664
		=== g++ tests ===


Running target unix
FAIL: g++.dg/special/conpr-1.C execution test
FAIL: g++.dg/special/conpr-2.C execution test
FAIL: g++.dg/special/conpr-3.C execution test
FAIL: g++.dg/special/conpr-3.C execution test
FAIL: g++.ext/initp1.C  Execution test
FAIL: g++.jason/thunk1.C caused compiler crash
FAIL: g++.jason/thunk2.C caused compiler crash
FAIL: g++.mike/net20.C caused compiler crash

		=== g++ Summary ===

# of expected passes		5692
# of unexpected failures	8
# of expected failures		99
# of untested testcases		18
/caip/u99/ghazi/gcc-testing/build/gcc/testsuite/../g++ version 2.96 20000218 (experimental)

		=== libstdc++ tests ===


Running target unix

		=== libstdc++ Summary ===

# of expected passes		30
		=== libio tests ===


Running target unix

		=== libio Summary ===

# of expected passes		40

Compiler version: 2.96 20000218 (experimental) 
Platform: mips-sgi-irix6.2
configure flags: --with-gcc-version-trigger=/caip/u99/ghazi/gcc-testing/egcs-CVS20000218/gcc/version.c --host=mips-sgi-irix6.2 --verbose --norecursion

Index Nav: [Date Index] [Subject Index] [Author Index] [Thread Index]
Message Nav: [Date Prev] [Date Next] [Thread Prev] [Thread Next]