This is the mail archive of the gcc-testresults@gcc.gnu.org mailing list for the GCC project.


Index Nav: [Date Index] [Subject Index] [Author Index] [Thread Index]
Message Nav: [Date Prev] [Date Next] [Thread Prev] [Thread Next]

Results for 2.96 20000216 (experimental) testsuite on i586-pc-linux-gnu


Source:   gcc mainline from CVS (last updated 2000 Feb 17     03:06  +0200)
System:   Linux kernel 2.2.15pre7
          glibc-2.1.2
          binutils-2.9.1.0.25

Native configuration is i586-pc-linux-gnu

		=== libio tests ===


Running target unix

		=== libio Summary ===

# of expected passes		40
		=== libstdc++ tests ===


Running target unix

		=== libstdc++ Summary ===

# of expected passes		30
		=== gcc tests ===


Running target unix
FAIL: gcc.c-torture/compile/labels-2.c,  -O2  
FAIL: gcc.c-torture/compile/labels-2.c,  -O3 -fomit-frame-pointer  
FAIL: gcc.c-torture/compile/labels-2.c,  -O3 -g  
FAIL: gcc.c-torture/compile/20000105-1.c,  -O0  
FAIL: gcc.c-torture/compile/20000105-1.c,  -O1  
FAIL: gcc.c-torture/execute/991202-3.c execution,  -O0 
FAIL: gcc.c-torture/execute/991202-3.c execution,  -O1 
FAIL: gcc.c-torture/execute/991202-3.c execution,  -O2 
FAIL: gcc.c-torture/execute/991202-3.c execution,  -O3 -fomit-frame-pointer 
FAIL: gcc.c-torture/execute/991202-3.c execution,  -O3 -g 
FAIL: gcc.c-torture/execute/991202-3.c execution,  -Os 
FAIL: gcc.c-torture/execute/991221-1.c execution,  -O1 
FAIL: gcc.c-torture/execute/991221-1.c execution,  -O2 
FAIL: gcc.c-torture/execute/991221-1.c execution,  -O3 -fomit-frame-pointer 
FAIL: gcc.c-torture/execute/991221-1.c execution,  -O3 -g 
FAIL: gcc.c-torture/execute/991221-1.c execution,  -Os 
XPASS: gcc.c-torture/execute/ieee/980619-1.c execution,  -O1 
XPASS: gcc.c-torture/execute/ieee/980619-1.c execution,  -O2 
XPASS: gcc.c-torture/execute/ieee/980619-1.c execution,  -O3 -fomit-frame-pointer 
XPASS: gcc.c-torture/execute/ieee/980619-1.c execution,  -O3 -fomit-frame-pointer -funroll-loops 
XPASS: gcc.c-torture/execute/ieee/980619-1.c execution,  -O3 -fomit-frame-pointer -funroll-all-loops -finline-functions 
XPASS: gcc.c-torture/execute/ieee/980619-1.c execution,  -O3 -g 
XPASS: gcc.c-torture/execute/ieee/980619-1.c execution,  -Os 
FAIL: gcc.c-torture/execute/ieee/fp-cmp-4.c compilation,  -O0 
FAIL: gcc.c-torture/execute/ieee/fp-cmp-4.c compilation,  -O1 
FAIL: gcc.c-torture/execute/ieee/fp-cmp-4.c compilation,  -O2 
FAIL: gcc.c-torture/execute/ieee/fp-cmp-4.c compilation,  -O3 -fomit-frame-pointer 
FAIL: gcc.c-torture/execute/ieee/fp-cmp-4.c compilation,  -O3 -fomit-frame-pointer -funroll-loops 
FAIL: gcc.c-torture/execute/ieee/fp-cmp-4.c compilation,  -O3 -fomit-frame-pointer -funroll-all-loops -finline-functions 
FAIL: gcc.c-torture/execute/ieee/fp-cmp-4.c compilation,  -O3 -g 
FAIL: gcc.c-torture/execute/ieee/fp-cmp-4.c compilation,  -Os 
FAIL: gcc.dg/991214-1.c (test for excess errors)
FAIL: gcc.dg/special/weak-1.c execution test

		=== gcc Summary ===

# of expected passes		9143
# of unexpected failures	26
# of unexpected successes	7
# of expected failures		31
# of unresolved testcases	8
# of unsupported tests		15
/disk2/cvs/egcs-curr/build/build.lnx/gcc/xgcc version 2.96 20000216 (experimental)

		=== g++ tests ===


Running target unix
FAIL: g++.dg/special/conpr-1.C execution test
FAIL: g++.dg/special/conpr-2.C execution test
FAIL: g++.dg/special/conpr-3.C execution test
FAIL: g++.dg/special/conpr-3.C execution test
FAIL: g++.benjamin/13908.C (test for excess errors)
FAIL: g++.benjamin/14664-1.C (test for excess errors)
FAIL: g++.benjamin/15756-2.C (test for excess errors)
FAIL: g++.benjamin/15799.C (test for excess errors)
FAIL: g++.benjamin/15800-1.C (test for excess errors)
FAIL: g++.benjamin/16077.C (test for excess errors)
FAIL: g++.benjamin/16567.C (test for excess errors)
FAIL: g++.benjamin/18208.C (test for excess errors)
FAIL: g++.benjamin/tem03.C (test for excess errors)
FAIL: g++.benjamin/tem04.C (test for excess errors)
FAIL: g++.bob/array1.C (test for excess errors)
FAIL: g++.bob/case1.C (test for excess errors)
FAIL: g++.bob/incomplete-cast1.C (test for excess errors)
FAIL: g++.bob/inherit1.C (test for excess errors)
FAIL: g++.bob/inherit2.C (test for excess errors)
FAIL: g++.bob/protected1.C (test for excess errors)
FAIL: g++.brendan/alignof.C (test for excess errors)
FAIL: g++.brendan/ambiguity1.C (test for excess errors)
FAIL: g++.brendan/arm1.C (test for excess errors)
FAIL: g++.brendan/arm3.C (test for excess errors)
FAIL: g++.brendan/bit-fields2.C (test for excess errors)
FAIL: g++.brendan/crash11.C (test for excess errors)
FAIL: g++.brendan/crash13.C (test for excess errors)
FAIL: g++.brendan/crash15.C (test for excess errors)
FAIL: g++.brendan/crash18.C (test for excess errors)
FAIL: g++.brendan/crash29.C (test for excess errors)
FAIL: g++.brendan/crash34.C (test for excess errors)
FAIL: g++.brendan/crash42.C (test for excess errors)
FAIL: g++.brendan/crash48.C (test for excess errors)
FAIL: g++.brendan/crash5.C (test for excess errors)
FAIL: g++.brendan/crash52.C (test for excess errors)
FAIL: g++.brendan/crash54.C (test for excess errors)
FAIL: g++.brendan/crash55.C (test for excess errors)
FAIL: g++.brendan/crash56.C (test for excess errors)
FAIL: g++.brendan/crash60.C (test for excess errors)
FAIL: g++.brendan/crash62.C (test for excess errors)
FAIL: g++.brendan/crash63.C (test for excess errors)
FAIL: g++.brendan/crash64.C (test for excess errors)
FAIL: g++.brendan/crash9.C (test for excess errors)
FAIL: g++.brendan/cvt3.C (test for excess errors)
FAIL: g++.brendan/delete1.C (test for excess errors)
FAIL: g++.brendan/enum5.C (test for excess errors)
FAIL: g++.brendan/enum6.C (test for excess errors)
FAIL: g++.brendan/init12.C (test for excess errors)
FAIL: g++.brendan/label1.C (test for excess errors)
FAIL: g++.brendan/misc17.C (test for excess errors)
FAIL: g++.brendan/nest1.C (test for excess errors)
FAIL: g++.brendan/new-array.C (test for excess errors)
FAIL: g++.brendan/operators1.C (test for excess errors)
FAIL: g++.brendan/operators4.C (test for excess errors)
FAIL: g++.brendan/overload1.C (test for excess errors)
FAIL: g++.brendan/overload4.C (test for excess errors)
FAIL: g++.brendan/overload8.C (test for excess errors)
FAIL: g++.brendan/overload9.C (test for excess errors)
FAIL: g++.brendan/parse3.C (test for excess errors)
FAIL: g++.brendan/parse4.C (test for excess errors)
FAIL: g++.brendan/parse5.C (test for excess errors)
FAIL: g++.brendan/parse6.C (test for excess errors)
FAIL: g++.brendan/prepost1.C (test for excess errors)
FAIL: g++.brendan/recurse.C (test for excess errors)
FAIL: g++.brendan/redecl1.C (test for excess errors)
FAIL: g++.brendan/redecl3.C (test for excess errors)
FAIL: g++.brendan/scope1.C (test for excess errors)
FAIL: g++.brendan/shadow1.C (test for excess errors)
FAIL: g++.brendan/sizeof1.C (test for excess errors)
FAIL: g++.brendan/sizeof2.C (test for excess errors)
FAIL: g++.brendan/sizeof3.C (test for excess errors)
FAIL: g++.brendan/sizeof4.C (test for excess errors)
FAIL: g++.brendan/static1.C (test for excess errors)
FAIL: g++.brendan/static2.C (test for excess errors)
FAIL: g++.brendan/visibility1.C (test for excess errors)
FAIL: g++.brendan/visibility10.C (test for excess errors)
FAIL: g++.brendan/visibility2.C (test for excess errors)
FAIL: g++.brendan/visibility6.C (test for excess errors)
FAIL: g++.brendan/visibility7.C (test for excess errors)
FAIL: g++.brendan/visibility8.C (test for excess errors)
FAIL: g++.brendan/visibility9.C (test for excess errors)
FAIL: g++.bugs/900119_01.C (test for excess errors)
FAIL: g++.bugs/900121_01.C (test for excess errors)
FAIL: g++.bugs/900127_01.C (test for excess errors)
FAIL: g++.bugs/900127_02.C (test for excess errors)
FAIL: g++.bugs/900205_02.C (test for excess errors)
FAIL: g++.bugs/900205_03.C (test for excess errors)
FAIL: g++.bugs/900208_03.C (test for excess errors)
FAIL: g++.bugs/900208_04.C (test for excess errors)
FAIL: g++.bugs/900209_01.C (test for excess errors)
FAIL: g++.bugs/900210_01.C (test for excess errors)
FAIL: g++.bugs/900210_02.C (test for excess errors)
FAIL: g++.bugs/900210_03.C (test for excess errors)
FAIL: g++.bugs/900210_05.C (test for excess errors)
FAIL: g++.bugs/900210_06.C (test for excess errors)
FAIL: g++.bugs/900210_07.C (test for excess errors)
FAIL: g++.bugs/900210_08.C (test for excess errors)
FAIL: g++.bugs/900210_09.C (test for excess errors)
FAIL: g++.bugs/900211_01.C (test for excess errors)
FAIL: g++.bugs/900211_03.C (test for excess errors)
FAIL: g++.bugs/900211_04.C (test for excess errors)
FAIL: g++.bugs/900212_01.C (test for excess errors)
FAIL: g++.bugs/900212_02.C (test for excess errors)
FAIL: g++.bugs/900213_01.C (test for excess errors)
FAIL: g++.bugs/900213_02.C (test for excess errors)
FAIL: g++.bugs/900213_03.C (test for excess errors)
FAIL: g++.bugs/900215_02.C (test for excess errors)
FAIL: g++.bugs/900221_01.C (test for excess errors)
FAIL: g++.bugs/900321_01.C (test for excess errors)
FAIL: g++.bugs/900324_02.C (test for excess errors)
FAIL: g++.bugs/900324_04.C (test for excess errors)
FAIL: g++.bugs/900324_05.C (test for excess errors)
FAIL: g++.bugs/900330_01.C (test for excess errors)
FAIL: g++.bugs/900330_02.C (test for excess errors)
FAIL: g++.bugs/900402_02.C (test for excess errors)
FAIL: g++.bugs/900403_01.C (test for excess errors)
FAIL: g++.bugs/900404_02.C (test for excess errors)
FAIL: g++.bugs/900404_03.C (test for excess errors)
FAIL: g++.bugs/900404_07.C (test for excess errors)
FAIL: g++.bugs/900405_01.C (test for excess errors)
FAIL: g++.bugs/900406_01.C (test for excess errors)
FAIL: g++.bugs/900407_01.C (test for excess errors)
FAIL: g++.bugs/900428_01.C (test for excess errors)
FAIL: g++.bugs/900428_02.C (test for excess errors)
FAIL: g++.bugs/900428_03.C (test for excess errors)
FAIL: g++.bugs/900514_03.C (test for excess errors)
FAIL: g++.bugs/900519_02.C (test for excess errors)
FAIL: g++.bugs/900519_03.C (test for excess errors)
FAIL: g++.bugs/900519_06.C (test for excess errors)
FAIL: g++.bugs/900519_09.C (test for excess errors)
FAIL: g++.bugs/900519_13.C (test for excess errors)
FAIL: g++.bugs/900520_02.C (test for excess errors)
FAIL: g++.eh/catch1.C (test for excess errors)
FAIL: g++.eh/cond1.C (test for excess errors)
FAIL: g++.eh/crash3.C (test for excess errors)
FAIL: g++.eh/ctor1.C (test for excess errors)
FAIL: g++.eh/spec6.C (test for excess errors)
FAIL: g++.ext/array1.C (test for excess errors)
FAIL: g++.ext/attrib4.C (test for excess errors)
FAIL: g++.ext/initp1.C  Execution test
FAIL: g++.jason/access18.C (test for excess errors)
FAIL: g++.jason/access22.C (test for excess errors)
FAIL: g++.jason/access23.C (test for excess errors)
FAIL: g++.jason/ambig3.C (test for excess errors)
FAIL: g++.jason/binding.C (test for excess errors)
FAIL: g++.jason/cond.C (test for excess errors)
FAIL: g++.jason/const4.C (test for excess errors)
FAIL: g++.jason/conversion11.C (test for excess errors)
FAIL: g++.jason/conversion2.C (test for excess errors)
FAIL: g++.jason/conversion3.C (test for excess errors)
FAIL: g++.jason/crash12.C (test for excess errors)
FAIL: g++.jason/crash3.C (test for excess errors)
FAIL: g++.jason/crash6.C (test for excess errors)
FAIL: g++.jason/delete3.C (test for excess errors)
FAIL: g++.jason/dot.C (test for excess errors)
FAIL: g++.jason/dtor.C (test for excess errors)
FAIL: g++.jason/jump.C (test for excess errors)
FAIL: g++.jason/lineno.C (test for excess errors)
FAIL: g++.jason/lineno5.C (test for excess errors)
FAIL: g++.jason/local.C (test for excess errors)
FAIL: g++.jason/member.C (test for excess errors)
FAIL: g++.jason/method.C (test for excess errors)
FAIL: g++.jason/new.C (test for excess errors)
FAIL: g++.jason/new3.C (test for excess errors)
FAIL: g++.jason/opeq3.C (test for excess errors)
FAIL: g++.jason/overload1.C (test for excess errors)
FAIL: g++.jason/overload16.C (test for excess errors)
FAIL: g++.jason/overload20.C (test for excess errors)
FAIL: g++.jason/overload28.C (test for excess errors)
FAIL: g++.jason/overload35.C (test for excess errors)
FAIL: g++.jason/overload6.C (test for excess errors)
FAIL: g++.jason/overload7.C (test for excess errors)
FAIL: g++.jason/overload8.C (test for excess errors)
FAIL: g++.jason/pmf2.C (test for excess errors)
FAIL: g++.jason/redecl1.C (test for excess errors)
FAIL: g++.jason/report.C (test for excess errors)
FAIL: g++.jason/rfg13.C (test for excess errors)
FAIL: g++.jason/rfg14.C (test for excess errors)
FAIL: g++.jason/rfg17.C (test for excess errors)
FAIL: g++.jason/rfg24.C (test for excess errors)
FAIL: g++.jason/rfg26.C (test for excess errors)
FAIL: g++.jason/rfg9.C (test for excess errors)
FAIL: g++.jason/rvalue3.C (test for excess errors)
FAIL: g++.jason/scoping10.C (test for excess errors)
FAIL: g++.jason/scoping12.C (test for excess errors)
FAIL: g++.jason/tempcons.C (test for excess errors)
FAIL: g++.jason/template30.C (test for excess errors)
FAIL: g++.jason/temporary2.C (test for excess errors)
FAIL: g++.jason/typeck.C (test for excess errors)
FAIL: g++.jason/warning2.C (test for excess errors)
FAIL: g++.jason/warning8.C (test for excess errors)
FAIL: g++.jason/warning9.C (test for excess errors)
FAIL: g++.law/access2.C (test for excess errors)
FAIL: g++.law/access3.C (test for excess errors)
FAIL: g++.law/access4.C (test for excess errors)
FAIL: g++.law/arg1.C (test for excess errors)
FAIL: g++.law/arg11.C (test for excess errors)
FAIL: g++.law/arm11.C (test for excess errors)
FAIL: g++.law/arm12.C (test for excess errors)
FAIL: g++.law/arm14.C (test for excess errors)
FAIL: g++.law/arm6.C (test for excess errors)
FAIL: g++.law/arm9.C (test for excess errors)
FAIL: g++.law/casts1.C (test for excess errors)
FAIL: g++.law/ctors10.C (test for excess errors)
FAIL: g++.law/ctors11.C (test for excess errors)
FAIL: g++.law/ctors13.C (test for excess errors)
FAIL: g++.law/ctors17.C (test for excess errors)
FAIL: g++.law/ctors5.C (test for excess errors)
FAIL: g++.law/ctors9.C (test for excess errors)
FAIL: g++.law/cvt17.C (test for excess errors)
FAIL: g++.law/cvt20.C (test for excess errors)
FAIL: g++.law/cvt8.C (test for excess errors)
FAIL: g++.law/dtors1.C (test for excess errors)
FAIL: g++.law/enum3.C (test for excess errors)
FAIL: g++.law/enum4.C (test for excess errors)
FAIL: g++.law/friend5.C (test for excess errors)
FAIL: g++.law/init10.C (test for excess errors)
FAIL: g++.law/init3.C (test for excess errors)
FAIL: g++.law/init6.C (test for excess errors)
FAIL: g++.law/init8.C (test for excess errors)
FAIL: g++.law/missed-error2.C (test for excess errors)
FAIL: g++.law/missed-error3.C (test for excess errors)
FAIL: g++.law/operators17.C (test for excess errors)
FAIL: g++.law/operators21.C (test for excess errors)
FAIL: g++.law/operators32.C (test for excess errors)
FAIL: g++.law/operators4.C (test for excess errors)
FAIL: g++.law/operators9.C (test for excess errors)
FAIL: g++.law/typeck1.C (test for excess errors)
FAIL: g++.law/typeck2.C (test for excess errors)
FAIL: g++.law/typeck4.C (test for excess errors)
FAIL: g++.law/union2.C (test for excess errors)
FAIL: g++.law/visibility12.C (test for excess errors)
FAIL: g++.law/visibility13.C (test for excess errors)
FAIL: g++.law/visibility15.C (test for excess errors)
FAIL: g++.law/visibility16.C (test for excess errors)
FAIL: g++.law/visibility17.C (test for excess errors)
FAIL: g++.law/visibility18.C (test for excess errors)
FAIL: g++.law/visibility19.C (test for excess errors)
FAIL: g++.law/visibility20.C (test for excess errors)
FAIL: g++.law/visibility21.C (test for excess errors)
FAIL: g++.law/visibility24.C (test for excess errors)
FAIL: g++.law/visibility28.C (test for excess errors)
FAIL: g++.law/visibility3.C (test for excess errors)
FAIL: g++.law/visibility4.C (test for excess errors)
FAIL: g++.law/visibility5.C (test for excess errors)
FAIL: g++.law/visibility6.C (test for excess errors)
FAIL: g++.law/visibility7.C (test for excess errors)
FAIL: g++.law/visibility8.C (test for excess errors)
FAIL: g++.law/visibility9.C (test for excess errors)
FAIL: g++.martin/ambig1.C (test for excess errors)
FAIL: g++.martin/pure1.C (test for excess errors)
FAIL: g++.mike/dyncast4.C (test for excess errors)
FAIL: g++.mike/dyncast6.C (test for excess errors)
FAIL: g++.mike/eh54.C (test for excess errors)
FAIL: g++.mike/err2.C (test for excess errors)
FAIL: g++.mike/err3.C (test for excess errors)
FAIL: g++.mike/explicit1.C (test for excess errors)
FAIL: g++.mike/explicit2.C (test for excess errors)
FAIL: g++.mike/for1.C (test for excess errors)
FAIL: g++.mike/for2.C (test for excess errors)
FAIL: g++.mike/for3.C (test for excess errors)
FAIL: g++.mike/misc7.C (test for excess errors)
FAIL: g++.mike/net12.C (test for excess errors)
FAIL: g++.mike/net2.C (test for excess errors)
FAIL: g++.mike/net22.C (test for excess errors)
FAIL: g++.mike/net31.C (test for excess errors)
FAIL: g++.mike/net36.C (test for excess errors)
FAIL: g++.mike/net8.C (test for excess errors)
FAIL: g++.mike/net9.C (test for excess errors)
FAIL: g++.mike/p10247.C (test for excess errors)
FAIL: g++.mike/p10769a.C (test for excess errors)
FAIL: g++.mike/p10769b.C (test for excess errors)
FAIL: g++.mike/p11110.C (test for excess errors)
FAIL: g++.mike/p11482.C (test for excess errors)
FAIL: g++.mike/p1989.C (test for excess errors)
FAIL: g++.mike/p2431.C (test for excess errors)
FAIL: g++.mike/p2573.C (test for excess errors)
FAIL: g++.mike/p2793.C (test for excess errors)
FAIL: g++.mike/p2855.C (test for excess errors)
FAIL: g++.mike/p3836.C (test for excess errors)
FAIL: g++.mike/p418.C (test for excess errors)
FAIL: g++.mike/p438.C (test for excess errors)
FAIL: g++.mike/p4677.C (test for excess errors)
FAIL: g++.mike/p6058.C (test for excess errors)
FAIL: g++.mike/p701.C (test for excess errors)
FAIL: g++.mike/p7476.C (test for excess errors)
FAIL: g++.mike/p784.C (test for excess errors)
FAIL: g++.mike/p7868.C (test for excess errors)
FAIL: g++.mike/p8009.C (test for excess errors)
FAIL: g++.mike/p8039.C (test for excess errors)
FAIL: g++.mike/p807.C (test for excess errors)
FAIL: g++.mike/p807a.C (test for excess errors)
FAIL: g++.mike/p8460.C (test for excess errors)
FAIL: g++.mike/p9068.C (test for excess errors)
FAIL: g++.mike/p9732c.C (test for excess errors)
FAIL: g++.mike/pmf3.C (test for excess errors)
FAIL: g++.mike/pmf6.C (test for excess errors)
FAIL: g++.mike/scast1.C (test for excess errors)
FAIL: g++.mike/warn1.C (test for excess errors)
FAIL: g++.mike/warn2.C (test for excess errors)
FAIL: g++.mike/warn3.C (test for excess errors)
FAIL: g++.mike/warn4.C (test for excess errors)
FAIL: g++.mike/warn5.C (test for excess errors)
FAIL: g++.mike/warn8.C (test for excess errors)
FAIL: g++.niklas/t120.C (test for excess errors)
FAIL: g++.niklas/t121.C (test for excess errors)
FAIL: g++.niklas/t128.C (test for excess errors)
FAIL: g++.ns/alias4.C (test for excess errors)
FAIL: g++.ns/crash3.C (test for excess errors)
FAIL: g++.ns/invalid1.C (test for excess errors)
FAIL: g++.ns/koenig5.C (test for excess errors)
FAIL: g++.ns/koenig6.C (test for excess errors)
FAIL: g++.ns/lookup5.C (test for excess errors)
FAIL: g++.ns/ns10.C (test for excess errors)
FAIL: g++.ns/ns9.C (test for excess errors)
FAIL: g++.ns/overload2.C (test for excess errors)
FAIL: g++.ns/overload3.C (test for excess errors)
FAIL: g++.ns/overload5.C (test for excess errors)
FAIL: g++.ns/template6.C (test for excess errors)
FAIL: g++.ns/template7.C (test for excess errors)
FAIL: g++.ns/using12.C (test for excess errors)
FAIL: g++.oliva/ctor1.C (test for excess errors)
FAIL: g++.oliva/delete1.C (test for excess errors)
FAIL: g++.oliva/partord1.C (test for excess errors)
FAIL: g++.oliva/template1.C (test for excess errors)
FAIL: g++.oliva/template5.C (test for excess errors)
FAIL: g++.oliva/template7.C (test for excess errors)
FAIL: g++.oliva/typeof1.C (test for excess errors)
FAIL: g++.other/access7.C (test for excess errors)
FAIL: g++.other/ambig1.C (test for excess errors)
FAIL: g++.other/ambig2.C (test for excess errors)
FAIL: g++.other/badarrow.C (test for excess errors)
FAIL: g++.other/cast2.C (test for excess errors)
FAIL: g++.other/cast3.C (test for excess errors)
FAIL: g++.other/cast4.C (test for excess errors)
FAIL: g++.other/cast5.C (test for excess errors)
FAIL: g++.other/cond5.C (test for excess errors)
FAIL: g++.other/cond6.C (test for excess errors)
FAIL: g++.other/const1.C (test for excess errors)
FAIL: g++.other/conv2.C (test for excess errors)
FAIL: g++.other/conv3.C (test for excess errors)
FAIL: g++.other/conv6.C (test for excess errors)
FAIL: g++.other/crash7.C (test for excess errors)
FAIL: g++.other/dcast1.C (test for excess errors)
FAIL: g++.other/dcast2.C (test for excess errors)
FAIL: g++.other/decl3.C (test for excess errors)
FAIL: g++.other/defarg1.C (test for excess errors)
FAIL: g++.other/delete2.C (test for excess errors)
FAIL: g++.other/delete4.C (test for excess errors)
FAIL: g++.other/delete5.C (test for excess errors)
FAIL: g++.other/deref1.C (test for excess errors)
FAIL: g++.other/expr1.C (test for excess errors)
FAIL: g++.other/friend1.C (test for excess errors)
FAIL: g++.other/friend4.C (test for excess errors)
FAIL: g++.other/goto1.C (test for excess errors)
FAIL: g++.other/goto2.C (test for excess errors)
FAIL: g++.other/incomplete.C (test for excess errors)
FAIL: g++.other/init8.C (test for excess errors)
FAIL: g++.other/init9.C (test for excess errors)
FAIL: g++.other/lineno1.C (test for excess errors)
FAIL: g++.other/lineno2.C (test for excess errors)
FAIL: g++.other/linkage1.C (test for excess errors)
FAIL: g++.other/linkage3.C (test for excess errors)
FAIL: g++.other/lookup5.C (test for excess errors)
FAIL: g++.other/main1.C (test for excess errors)
FAIL: g++.other/mangle2.C (test for excess errors)
FAIL: g++.other/nested1.C (test for excess errors)
FAIL: g++.other/null1.C (test for excess errors)
FAIL: g++.other/overcnv2.C (test for excess errors)
FAIL: g++.other/pmf2.C (test for excess errors)
FAIL: g++.other/pmf3.C (test for excess errors)
FAIL: g++.other/printf1.C (test for excess errors)
FAIL: g++.other/ptrmem1.C (test for excess errors)
FAIL: g++.other/ptrmem2.C (test for excess errors)
FAIL: g++.other/ptrmem3.C (test for excess errors)
FAIL: g++.other/ptrmem5.C (test for excess errors)
FAIL: g++.other/ptrmem6.C (test for excess errors)
FAIL: g++.other/ref1.C (test for excess errors)
FAIL: g++.other/rtti5.C (test for excess errors)
FAIL: g++.other/sc1.C (test for excess errors)
FAIL: g++.other/sizeof1.C (test for excess errors)
FAIL: g++.other/sizeof2.C (test for excess errors)
FAIL: g++.other/sizeof4.C (test for excess errors)
FAIL: g++.other/static5.C (test for excess errors)
FAIL: g++.other/typeck1.C (test for excess errors)
FAIL: g++.other/typedef1.C (test for excess errors)
FAIL: g++.other/vaarg3.C (test for excess errors)
FAIL: g++.other/warn4.C (test for excess errors)
FAIL: g++.pt/assign1.C (test for excess errors)
FAIL: g++.pt/bad-type.C (test for excess errors)
FAIL: g++.pt/call2.C (test for excess errors)
FAIL: g++.pt/conv1.C (test for excess errors)
FAIL: g++.pt/conv3.C (test for excess errors)
FAIL: g++.pt/crash20.C (test for excess errors)
FAIL: g++.pt/crash28.C (test for excess errors)
FAIL: g++.pt/crash36.C (test for excess errors)
FAIL: g++.pt/crash42.C (test for excess errors)
FAIL: g++.pt/crash44.C (test for excess errors)
FAIL: g++.pt/crash6.C (test for excess errors)
FAIL: g++.pt/crash8.C (test for excess errors)
FAIL: g++.pt/crash9.C (test for excess errors)
XPASS: g++.pt/decl2.C ICE - (test for errors, line 8)
FAIL: g++.pt/defarg10.C (test for excess errors)
FAIL: g++.pt/enum6.C (test for excess errors)
FAIL: g++.pt/error1.C (test for excess errors)
FAIL: g++.pt/error2.C (test for excess errors)
FAIL: g++.pt/explicit38.C (test for excess errors)
FAIL: g++.pt/explicit39.C (test for excess errors)
FAIL: g++.pt/explicit41.C (test for excess errors)
FAIL: g++.pt/explicit67.C (test for excess errors)
FAIL: g++.pt/explicit77.C (test for excess errors)
FAIL: g++.pt/explicit9.C (test for excess errors)
FAIL: g++.pt/expr2.C (test for excess errors)
FAIL: g++.pt/friend11.C (test for excess errors)
FAIL: g++.pt/friend21.C (test for excess errors)
FAIL: g++.pt/friend3.C (test for excess errors)
FAIL: g++.pt/lookup8.C (test for excess errors)
FAIL: g++.pt/memtemp74.C (test for excess errors)
FAIL: g++.pt/memtemp89.C (test for excess errors)
FAIL: g++.pt/overload2.C (test for excess errors)
FAIL: g++.pt/overload7.C (test for excess errors)
FAIL: g++.pt/overload8.C (test for excess errors)
FAIL: g++.pt/ptrmem6.C (test for excess errors)
FAIL: g++.pt/spec5.C (test for excess errors)
FAIL: g++.pt/spec6.C (test for excess errors)
FAIL: g++.pt/t05.C (test for excess errors)
FAIL: g++.pt/t11.C (test for excess errors)
FAIL: g++.pt/t14.C (test for excess errors)
FAIL: g++.pt/t24.C (test for excess errors)
FAIL: g++.pt/ttp1.C (test for excess errors)
FAIL: g++.pt/ttp10.C (test for excess errors)
FAIL: g++.pt/ttp2.C (test for excess errors)
FAIL: g++.pt/ttp3.C (test for excess errors)
FAIL: g++.pt/ttp49.C (test for excess errors)
FAIL: g++.pt/unify4.C (test for excess errors)
FAIL: g++.pt/unify6.C (test for excess errors)
FAIL: g++.pt/warn1.C (test for excess errors)
FAIL: g++.rfg/00321_01-.C (test for excess errors)
FAIL: g++.rfg/00324_02-.C (test for excess errors)
FAIL: g++.robertl/eb109.C (test for excess errors)
FAIL: g++.robertl/eb119.C (test for excess errors)
FAIL: g++.robertl/eb129.C (test for excess errors)
FAIL: g++.robertl/eb131.C (test for excess errors)
FAIL: g++.robertl/eb133.C (test for excess errors)
FAIL: g++.robertl/eb18.C (test for excess errors)
FAIL: g++.robertl/eb22.C (test for excess errors)
FAIL: g++.robertl/eb4.C (test for excess errors)
FAIL: g++.robertl/eb43.C (test for excess errors)
FAIL: g++.robertl/eb87.C (test for excess errors)
FAIL: g++.robertl/eb93.C (test for excess errors)
FAIL: g++.robertl/eb98.C (test for excess errors)
FAIL: g++.robertl/eb99.C (test for excess errors)
FAIL: g++.robertl/ice990323-1.C (test for excess errors)
FAIL: g++.robertl/ice990323-3.C (test for excess errors)
FAIL: g++.robertl/ice990323-4.C (test for excess errors)
FAIL: g++.robertl/ice990323-5.C (test for excess errors)

		=== g++ Summary ===

# of expected passes		5274
# of unexpected failures	455
# of unexpected successes	1
# of expected failures		87
# of untested testcases		8
/disk2/cvs/egcs-curr/build/build.lnx/gcc/testsuite/../g++ version 2.96 20000216 (experimental)

		=== g77 tests ===


Running target unix

		=== g77 Summary ===

# of expected passes		664
		=== objc tests ===


Running target unix
FAIL: objc/execute/bf-1.m compilation,  -O 
FAIL: objc/execute/bf-10.m compilation,  -O 
FAIL: objc/execute/bf-11.m compilation,  -O 
FAIL: objc/execute/bf-12.m compilation,  -O 
FAIL: objc/execute/bf-13.m compilation,  -O 
FAIL: objc/execute/bf-14.m compilation,  -O 
FAIL: objc/execute/bf-15.m compilation,  -O 
FAIL: objc/execute/bf-16.m compilation,  -O 
FAIL: objc/execute/bf-17.m compilation,  -O 
FAIL: objc/execute/bf-18.m compilation,  -O 
FAIL: objc/execute/bf-19.m compilation,  -O 
FAIL: objc/execute/bf-2.m compilation,  -O 
FAIL: objc/execute/bf-3.m compilation,  -O 
FAIL: objc/execute/bf-4.m compilation,  -O 
FAIL: objc/execute/bf-5.m compilation,  -O 
FAIL: objc/execute/bf-6.m compilation,  -O 
FAIL: objc/execute/bf-7.m compilation,  -O 
FAIL: objc/execute/bf-8.m compilation,  -O 
FAIL: objc/execute/bf-9.m compilation,  -O 

		=== objc Summary ===

# of unexpected failures	19
# of untested testcases		19
/disk2/cvs/egcs-curr/build/build.lnx/gcc/xgcc version 2.96 20000216 (experimental)


Compiler version: 2.96 20000216 (experimental) 
Platform: i586-pc-linux-gnu
configure flags: --with-gcc-version-trigger=/disk2/cvs/egcs-curr/build/egcs-20000217/gcc/version.c --host=i586-pc-linux-gnu --prefix=/usr --enable-shared --with-gnu-ld --enable-threads --verbose --norecursion

Counting all warnings,
there are 119 warnings in stage3 of this bootstrap.

Number of warnings per file:
     14	../../../egcs-20000217/gcc/f/global.c
     12	../../../egcs-20000217/gcc/java/lex.c
     10	../../../egcs-20000217/gcc/f/storag.c
      8	../../egcs-20000217/gcc/lcm.c
      8	../../../egcs-20000217/gcc/f/lex.c
      8	../../../egcs-20000217/gcc/f/equiv.c
      6	../../egcs-20000217/gcc/bitmap.c
      6	../../../egcs-20000217/gcc/f/expr.c
      4	../../egcs-20000217/gcc/stor-layout.c
      4	../../../egcs-20000217/gcc/f/target.c
      4	../../../egcs-20000217/gcc/f/ste.c
      3	../../../egcs-20000217/gcc/f/com.c
      2	str-ot.j
      2	str-1t.j
      2	insn-emit.c
      2	../../egcs-20000217/gcc/flow.c
      2	../../../egcs-20000217/gcc/f/symbol.c
      2	../../../egcs-20000217/gcc/f/std.c
      2	../../../egcs-20000217/gcc/f/bad.c
      1	str-op.j
      1	str-nq.j
      1	str-io.j
      1	str-fo.j
      1	str-2t.j
      1	../../egcs-20000217/gcc/varasm.c
      1	../../egcs-20000217/gcc/unroll.c
      1	../../egcs-20000217/gcc/sbitmap.c
      1	../../egcs-20000217/gcc/reload.c
      1	../../egcs-20000217/gcc/optabs.c
      1	../../egcs-20000217/gcc/gcov-io.h
      1	../../egcs-20000217/gcc/function.c
      1	../../egcs-20000217/gcc/fold-const.c
      1	../../egcs-20000217/gcc/dwarf2out.c
      1	../../egcs-20000217/gcc/cppinit.c
      1	../../../egcs-20000217/gcc/java/gjavah.c
      1	../../../egcs-20000217/gcc/f/malloc.c
      1	../../../egcs-20000217/gcc/cp/class.c

Number of warning types:
     52	Use of ANSI string concatenation
     20	`long' switch expression not converted to `int' in ANSI C
     12	variable `???' might be clobbered by `longjmp' or `vfork'
      9	signed and unsigned type in conditional expression
      9	`???' defined but not used
      8	comparison between signed and unsigned
      7	`???' might be used uninitialized in this function
      1	passing arg ??? of `???' discards qualifiers from pointer target type
      1	assignment discards qualifiers from pointer target type

Index Nav: [Date Index] [Subject Index] [Author Index] [Thread Index]
Message Nav: [Date Prev] [Date Next] [Thread Prev] [Thread Next]