This is the mail archive of the
gcc-testresults@gcc.gnu.org
mailing list for the GCC project.
Results for 2.96 20000214 testsuite on i586-pc-cygwin32
- To: gcc-testresults at gcc dot gnu dot org
- Subject: Results for 2.96 20000214 testsuite on i586-pc-cygwin32
- From: N8TM at aol dot com
- Date: Tue, 15 Feb 2000 08:22:13 EST
Installed software:
Windows Pro RC2 (+W95C, COL 2.2)
cygwin 19990819
egcs binutils-990902 (binary from www.xraylith.wisc.edu/~khan works)
make-3.77
autoconf-2.13
cwilson tools including makeinfo.exe
mathinline.h from members.aol.com/n8tm/llibm.tgz
Hardware:
pentium II 232 Mhz
64MB RAM
Bug corrections:
define INT_ASM_OP in gcc/config/i386/cygwin.h
fix dependency on obsolete definition of LARGE_INTEGER in libf2c/libU77/[de]time_.c
remove texinfo from build (cygwin not supported)
remove libio/dbz from make check schedule (cygwin not supported)
Flag settings:
--host=target=i586-pc-cygwin32
CFLAGS '-O -pipe'
BOOT_CFLAGS '-O -pipe'
CXXFLAGS '-Os -march=pentiumpro -pipe'
TCL_LIBRARY !HOME_DRIVE/share/tcl8.0
LANGUAGES 'c++ f77'
Intervention:
configure libf2c goes astray as usual, fixed by intervention
Unusual Failures:
gcc fails bootstrap (ICE in stage3) at -O2
g77 build ICE at -Os -march=pentiumpro in target.c
libobjc
tested by Tim Prince
tprince@computer.org
Native configuration is i586-pc-cygwin32
=== g++ tests ===
Running target unix
FAIL: g++.dg/special/conpr-1.C (test for excess errors)
FAIL: conpr-2a.o
FAIL: conpr-3a.o
FAIL: g++.eh/fntry1.C Execution test
FAIL: g++.eh/vbase1.C Execution test
FAIL: g++.ext/initp1.C caused compiler crash
XPASS: g++.jason/template18.C (test for excess errors)
XPASS: g++.jason/template18.C Execution test
FAIL: g++.jason/thunk2.C (test for excess errors)
FAIL: g++.mike/eh16.C Execution test
FAIL: g++.mike/eh17.C Execution test
FAIL: g++.mike/eh30.C (test for excess errors)
FAIL: g++.mike/p4750.C (test for excess errors)
=== g++ Summary ===
# of expected passes 3433
# of unexpected failures 11
# of unexpected successes 2
# of expected failures 30
# of untested testcases 5
e:/src/gnu/egcs-19990913/w2k/gcc/testsuite/../g++ version 2.96 20000214 (experimental)
=== g77 tests ===
Running target unix
=== g77 Summary ===
# of expected passes 664
=== gcc tests ===
Running target unix
FAIL: gcc.c-torture/compile/20000105-1.c, -O0
FAIL: gcc.c-torture/compile/20000105-1.c, -O1
FAIL: gcc.c-torture/compile/labels-2.c, -O2
FAIL: gcc.c-torture/compile/labels-2.c, -O3 -fomit-frame-pointer
FAIL: gcc.c-torture/compile/labels-2.c, -O3 -g
XPASS: gcc.c-torture/execute/ieee/980619-1.c execution, -O1
XPASS: gcc.c-torture/execute/ieee/980619-1.c execution, -O2
XPASS: gcc.c-torture/execute/ieee/980619-1.c execution, -O3 -fomit-frame-pointer
XPASS: gcc.c-torture/execute/ieee/980619-1.c execution, -O3 -fomit-frame-pointer -funroll-loops
XPASS: gcc.c-torture/execute/ieee/980619-1.c execution, -O3 -fomit-frame-pointer -funroll-all-loops -finline-functions
XPASS: gcc.c-torture/execute/ieee/980619-1.c execution, -O3 -g
XPASS: gcc.c-torture/execute/ieee/980619-1.c execution, -Os
FAIL: gcc.c-torture/execute/ieee/fp-cmp-4.c compilation, -O0
FAIL: gcc.c-torture/execute/ieee/fp-cmp-4.c compilation, -O1
FAIL: gcc.c-torture/execute/ieee/fp-cmp-4.c compilation, -O2
FAIL: gcc.c-torture/execute/ieee/fp-cmp-4.c compilation, -O3 -fomit-frame-pointer
FAIL: gcc.c-torture/execute/ieee/fp-cmp-4.c compilation, -O3 -fomit-frame-pointer -funroll-loops
FAIL: gcc.c-torture/execute/ieee/fp-cmp-4.c compilation, -O3 -fomit-frame-pointer -funroll-all-loops -finline-functions
FAIL: gcc.c-torture/execute/ieee/fp-cmp-4.c compilation, -O3 -g
FAIL: gcc.c-torture/execute/ieee/fp-cmp-4.c compilation, -Os
XPASS: gcc.c-torture/execute/memcheck/blkarg.c execution, -O0
XPASS: gcc.c-torture/execute/memcheck/blkarg.c execution, -O1
XPASS: gcc.c-torture/execute/memcheck/blkarg.c execution, -O2
XPASS: gcc.c-torture/execute/memcheck/blkarg.c execution, -O3 -fomit-frame-pointer
XPASS: gcc.c-torture/execute/memcheck/blkarg.c execution, -O3 -g
XPASS: gcc.c-torture/execute/memcheck/blkarg.c execution, -Os
FAIL: gcc.c-torture/special/981006-1.c (test for excess errors)
FAIL: gcc.dg/990213-2.c (test for excess errors)
FAIL: gcc.dg/990214-1.c (test for excess errors)
FAIL: gcc.dg/991214-1.c (test for excess errors)
FAIL: gcc.dg/cpp-if2.c wide charconst recognition (test for bogus messages, line 9)
FAIL: gcov failed: spawn failed
=== gcc Summary ===
# of expected passes 9152
# of unexpected failures 19
# of unexpected successes 13
# of expected failures 25
# of unresolved testcases 8
# of unsupported tests 16
e:/src/gnu/egcs-19990913/w2k/gcc/xgcc version 2.96 20000214 (experimental)
=== libio tests ===
Running target unix
=== libio Summary ===
# of expected passes 16
=== libstdc++ tests ===
Running target unix
=== libstdc++ Summary ===
# of expected passes 18
Compiler version: 2.96 20000214 (experimental)
Platform: i586-pc-cygwin32
configure flags: --with-gcc-version-trigger=/src/gnu/egcs-19990913/gcc/version.c --prefix=//e/cygnus/cygwin-b20/H-i586-cygwin32 --host=i586-pc-cygwin32 --target=i586-pc-cygwin32 --norecursion
EOF
Mail -s "Results for 2.96 20000214 (experimental) testsuite on i586-pc-cygwin32" gcc-testresults@gcc.gnu.org &&