This is the mail archive of the
gcc-testresults@gcc.gnu.org
mailing list for the GCC project.
Results for 2.96 20000211 (experimental) testsuite on i586-pc-linux-gnu
- To: gcc-testresults at gcc dot gnu dot org
- Subject: Results for 2.96 20000211 (experimental) testsuite on i586-pc-linux-gnu
- From: Andris Pavenis <andris at hal dot astr dot lu dot lv>
- Date: Sat, 12 Feb 2000 12:03:21 +0200
Source: gcc mainline from CVS (last updated 12 February,2000 at 03:00 +0200)
System: Linux kernel 2.2.15pre7
glibc-2.1.2
binutils-2.9.1.0.25
Addons: libg++-2.8.1.3-19991124 (building failed for libg++/src/Fix.cc, see
below)
Native configuration is i586-pc-linux-gnu
=== libio tests ===
Running target unix
=== libio Summary ===
# of expected passes 40
=== libstdc++ tests ===
Running target unix
=== libstdc++ Summary ===
# of expected passes 30
=== gcc tests ===
Running target unix
FAIL: gcc.c-torture/compile/labels-2.c, -O2
FAIL: gcc.c-torture/compile/labels-2.c, -O3 -fomit-frame-pointer
FAIL: gcc.c-torture/compile/labels-2.c, -O3 -g
FAIL: gcc.c-torture/compile/20000105-1.c, -O0
FAIL: gcc.c-torture/compile/20000105-1.c, -O1
FAIL: gcc.c-torture/compile/20000211-2.c, -O0
FAIL: gcc.c-torture/compile/20000211-2.c, -O1
FAIL: gcc.c-torture/compile/20000211-2.c, -O2
FAIL: gcc.c-torture/compile/20000211-2.c, -O3 -fomit-frame-pointer
FAIL: gcc.c-torture/compile/20000211-2.c, -O3 -g
FAIL: gcc.c-torture/compile/20000211-2.c, -Os
FAIL: gcc.c-torture/execute/991202-3.c execution, -O0
FAIL: gcc.c-torture/execute/991202-3.c execution, -O1
FAIL: gcc.c-torture/execute/991202-3.c execution, -O2
FAIL: gcc.c-torture/execute/991202-3.c execution, -O3 -fomit-frame-pointer
FAIL: gcc.c-torture/execute/991202-3.c execution, -O3 -g
FAIL: gcc.c-torture/execute/991202-3.c execution, -Os
FAIL: gcc.c-torture/execute/991221-1.c execution, -O1
FAIL: gcc.c-torture/execute/991221-1.c execution, -O2
FAIL: gcc.c-torture/execute/991221-1.c execution, -O3 -fomit-frame-pointer
FAIL: gcc.c-torture/execute/991221-1.c execution, -O3 -g
FAIL: gcc.c-torture/execute/991221-1.c execution, -Os
XPASS: gcc.c-torture/execute/ieee/980619-1.c execution, -O1
XPASS: gcc.c-torture/execute/ieee/980619-1.c execution, -O2
XPASS: gcc.c-torture/execute/ieee/980619-1.c execution, -O3 -fomit-frame-pointer
XPASS: gcc.c-torture/execute/ieee/980619-1.c execution, -O3 -fomit-frame-pointer -funroll-loops
XPASS: gcc.c-torture/execute/ieee/980619-1.c execution, -O3 -fomit-frame-pointer -funroll-all-loops -finline-functions
XPASS: gcc.c-torture/execute/ieee/980619-1.c execution, -O3 -g
XPASS: gcc.c-torture/execute/ieee/980619-1.c execution, -Os
FAIL: gcc.c-torture/execute/ieee/fp-cmp-4.c compilation, -O0
FAIL: gcc.c-torture/execute/ieee/fp-cmp-4.c compilation, -O1
FAIL: gcc.c-torture/execute/ieee/fp-cmp-4.c compilation, -O2
FAIL: gcc.c-torture/execute/ieee/fp-cmp-4.c compilation, -O3 -fomit-frame-pointer
FAIL: gcc.c-torture/execute/ieee/fp-cmp-4.c compilation, -O3 -fomit-frame-pointer -funroll-loops
FAIL: gcc.c-torture/execute/ieee/fp-cmp-4.c compilation, -O3 -fomit-frame-pointer -funroll-all-loops -finline-functions
FAIL: gcc.c-torture/execute/ieee/fp-cmp-4.c compilation, -O3 -g
FAIL: gcc.c-torture/execute/ieee/fp-cmp-4.c compilation, -Os
FAIL: gcc.dg/991214-1.c (test for excess errors)
FAIL: gcc.dg/special/weak-1.c execution test
=== gcc Summary ===
# of expected passes 9143
# of unexpected failures 32
# of unexpected successes 7
# of expected failures 31
# of unresolved testcases 8
# of unsupported tests 15
/disk2/cvs/egcs-curr/build/build.lnx/gcc/xgcc version 2.96 20000211 (experimental)
=== g++ tests ===
Running target unix
FAIL: g++.dg/special/conpr-1.C execution test
FAIL: g++.dg/special/conpr-2.C execution test
FAIL: g++.dg/special/conpr-3.C execution test
FAIL: g++.dg/special/conpr-3.C execution test
FAIL: g++.ext/initp1.C Execution test
=== g++ Summary ===
# of expected passes 5708
# of unexpected failures 5
# of expected failures 97
# of untested testcases 8
/disk2/cvs/egcs-curr/build/build.lnx/gcc/testsuite/../g++ version 2.96 20000211 (experimental)
=== g77 tests ===
Running target unix
=== g77 Summary ===
# of expected passes 664
=== objc tests ===
Running target unix
FAIL: objc/execute/bf-1.m compilation, -O
FAIL: objc/execute/bf-10.m compilation, -O
FAIL: objc/execute/bf-11.m compilation, -O
FAIL: objc/execute/bf-12.m compilation, -O
FAIL: objc/execute/bf-13.m compilation, -O
FAIL: objc/execute/bf-14.m compilation, -O
FAIL: objc/execute/bf-15.m compilation, -O
FAIL: objc/execute/bf-16.m compilation, -O
FAIL: objc/execute/bf-17.m compilation, -O
FAIL: objc/execute/bf-18.m compilation, -O
FAIL: objc/execute/bf-19.m compilation, -O
FAIL: objc/execute/bf-2.m compilation, -O
FAIL: objc/execute/bf-3.m compilation, -O
FAIL: objc/execute/bf-4.m compilation, -O
FAIL: objc/execute/bf-5.m compilation, -O
FAIL: objc/execute/bf-6.m compilation, -O
FAIL: objc/execute/bf-7.m compilation, -O
FAIL: objc/execute/bf-8.m compilation, -O
FAIL: objc/execute/bf-9.m compilation, -O
=== objc Summary ===
# of unexpected failures 19
# of untested testcases 19
/disk2/cvs/egcs-curr/build/build.lnx/gcc/xgcc version 2.96 20000211 (experimental)
Compiler version: 2.96 20000211 (experimental)
Platform: i586-pc-linux-gnu
configure flags: --with-gcc-version-trigger=/disk2/cvs/egcs-curr/build/egcs-20000212/gcc/version.c --host=i586-pc-linux-gnu --prefix=/usr --enable-shared --with-gnu-ld --enable-threads --verbose --norecursion
Counting all warnings,
there are 109 warnings in stage3 of this bootstrap.
Number of warnings per file:
14 ../../../egcs-20000212/gcc/f/global.c
12 ../../../egcs-20000212/gcc/java/lex.c
10 ../../../egcs-20000212/gcc/f/storag.c
8 ../../../egcs-20000212/gcc/f/lex.c
8 ../../../egcs-20000212/gcc/f/equiv.c
6 ../../egcs-20000212/gcc/bitmap.c
6 ../../../egcs-20000212/gcc/f/expr.c
4 ../../egcs-20000212/gcc/stor-layout.c
4 ../../../egcs-20000212/gcc/f/target.c
4 ../../../egcs-20000212/gcc/f/ste.c
3 ../../../egcs-20000212/gcc/f/com.c
2 str-ot.j
2 str-1t.j
2 insn-emit.c
2 ../../../egcs-20000212/gcc/f/symbol.c
2 ../../../egcs-20000212/gcc/f/std.c
2 ../../../egcs-20000212/gcc/f/bad.c
1 str-op.j
1 str-nq.j
1 str-io.j
1 str-fo.j
1 str-2t.j
1 ../../egcs-20000212/gcc/varasm.c
1 ../../egcs-20000212/gcc/unroll.c
1 ../../egcs-20000212/gcc/sbitmap.c
1 ../../egcs-20000212/gcc/reload.c
1 ../../egcs-20000212/gcc/optabs.c
1 ../../egcs-20000212/gcc/gcov-io.h
1 ../../egcs-20000212/gcc/function.c
1 ../../egcs-20000212/gcc/fold-const.c
1 ../../egcs-20000212/gcc/dwarf2out.c
1 ../../egcs-20000212/gcc/cppinit.c
1 ../../../egcs-20000212/gcc/java/gjavah.c
1 ../../../egcs-20000212/gcc/f/malloc.c
1 ../../../egcs-20000212/gcc/cp/class.c
Number of warning types:
52 Use of ANSI string concatenation
20 `long' switch expression not converted to `int' in ANSI C
12 variable `???' might be clobbered by `longjmp' or `vfork'
9 signed and unsigned type in conditional expression
8 comparison between signed and unsigned
5 `???' might be used uninitialized in this function
1 passing arg ??? of `???' discards qualifiers from pointer target type
1 assignment discards qualifiers from pointer target type
1 `???' defined but not used
------------------------- End of build log for libg++ --------------
test x"yes" != xyes || \
/home/andris/cvs/egcs-curr/build/build.lnx/gcc/g++ -B/home/andris/cvs/egcs-curr/build/build.lnx/gcc/ -B/usr/i586-pc-linux-gnu/bin/ -c -g -O2 -fvtable-thunks -D_GNU_SOURCE -fno-implicit-templates -nostdinc++ -I. -I../../libio -I../../../../egcs-20000212/libg++/src -I../../../../egcs-20000212/libg++/src/../../libio -I../../../../egcs-20000212/libg++/src/../../libstdc++ -I../../../../egcs-20000212/libg++/src/../src -fpic ../../../../egcs-20000212/libg++/src/Fix.cc -o pic/Fix.o
../../../../egcs-20000212/libg++/src/Fix.h:20: `struct Fix::Rep' is private
../../../../egcs-20000212/libg++/src/Fix.cc:102: within this context
../../../../egcs-20000212/libg++/src/Fix.cc: In function `Fix::Rep *_new_Fix (short unsigned int)':
../../../../egcs-20000212/libg++/src/Fix.h:20: `struct Fix::Rep' is private
../../../../egcs-20000212/libg++/src/Fix.cc:105: within this context
../../../../egcs-20000212/libg++/src/Fix.h:20: `struct Fix::Rep' is private
../../../../egcs-20000212/libg++/src/Fix.cc:106: within this context
../../../../egcs-20000212/libg++/src/Fix.h:20: `struct Fix::Rep' is private
../../../../egcs-20000212/libg++/src/Fix.cc:106: within this context
make[2]: *** [Fix.o] Error 1
make[2]: Leaving directory `/disk2/cvs/egcs-curr/build/build.lnx/i586-pc-linux-gnu/libg++/src'
make[1]: *** [src/libgxx.list] Error 2
make[1]: Leaving directory `/disk2/cvs/egcs-curr/build/build.lnx/i586-pc-linux-gnu/libg++'
make: *** [all-target-libg++] Error 2
cat: /home/andris/cvs/egcs-curr/bootstrap.log: No such file or directory
all done