This is the mail archive of the
gcc-testresults@gcc.gnu.org
mailing list for the GCC project.
Results for 2.96 20000210 testsuite on mips-sgi-irix6.5
- To: gcc-testresults at gcc dot gnu dot org
- Subject: Results for 2.96 20000210 testsuite on mips-sgi-irix6.5
- From: Timothy C Prince <tprince at myrealbox dot com>
- Date: Thu, 10 Feb 2000 21:17:23 GMT
Native configuration is mips-sgi-irix6.5
=== objc tests ===
Running target unix
=== objc Summary ===
# of expected passes 38
/wrk1/aerotherm/dawes/src/gnu/egcs/i6/gcc/xgcc version 2.96
20000210 (experimental)
=== gcc tests ===
Running target unix
FAIL: gcc.c-torture/compile/991229-3.c, -O3
-fomit-frame-pointer -funroll-loops
FAIL: gcc.c-torture/compile/991229-3.c, -O3
-fomit-frame-pointer -funroll-all-loops -finline-functions
FAIL: gcc.c-torture/compile/20000105-1.c, -O0
FAIL: gcc.c-torture/compile/20000105-1.c, -O1
FAIL: gcc.c-torture/compile/900116-1.c, -O0
FAIL: gcc.c-torture/compile/900116-1.c, -O1
FAIL: gcc.c-torture/compile/900116-1.c, -O2
FAIL: gcc.c-torture/compile/900116-1.c, -O3
-fomit-frame-pointer
FAIL: gcc.c-torture/compile/900116-1.c, -O3
-fomit-frame-pointer -funroll-loops
FAIL: gcc.c-torture/compile/900116-1.c, -O3
-fomit-frame-pointer -funroll-all-loops -finline-functions
FAIL: gcc.c-torture/compile/900116-1.c, -O3 -g
FAIL: gcc.c-torture/compile/900116-1.c, -Os
FAIL: gcc.c-torture/compile/920415-1.c, -O3 -g
FAIL: gcc.c-torture/execute/920415-1.c compilation, -O3 -g
FAIL: gcc.c-torture/execute/920612-2.c compilation, -O3 -g
FAIL: gcc.c-torture/execute/920721-4.c compilation, -O3 -g
FAIL: gcc.c-torture/execute/921017-1.c compilation, -O3 -g
FAIL: gcc.c-torture/execute/931002-1.c compilation, -O3 -g
FAIL: gcc.c-torture/execute/980223.c compilation, -O0
FAIL: gcc.c-torture/execute/980223.c compilation, -O1
FAIL: gcc.c-torture/execute/980223.c compilation, -O2
FAIL: gcc.c-torture/execute/980223.c compilation, -O3
-fomit-frame-pointer
FAIL: gcc.c-torture/execute/980223.c compilation, -O3 -g
FAIL: gcc.c-torture/execute/980223.c compilation, -Os
FAIL: gcc.c-torture/execute/991202-3.c execution, -O0
FAIL: gcc.c-torture/execute/991202-3.c execution, -O1
FAIL: gcc.c-torture/execute/991202-3.c execution, -O2
FAIL: gcc.c-torture/execute/991202-3.c execution, -O3
-fomit-frame-pointer
FAIL: gcc.c-torture/execute/991202-3.c execution, -O3 -g
FAIL: gcc.c-torture/execute/991202-3.c execution, -Os
FAIL: gcc.c-torture/execute/991221-1.c execution, -O1
FAIL: gcc.c-torture/execute/991221-1.c execution, -O2
FAIL: gcc.c-torture/execute/991221-1.c execution, -O3
-fomit-frame-pointer
FAIL: gcc.c-torture/execute/991221-1.c execution, -O3 -g
FAIL: gcc.c-torture/execute/991221-1.c execution, -Os
FAIL: gcc.c-torture/execute/ieee/fp-cmp-4.c compilation,
-O0
FAIL: gcc.c-torture/execute/ieee/fp-cmp-4.c compilation,
-O1
FAIL: gcc.c-torture/execute/ieee/fp-cmp-4.c compilation,
-O2
FAIL: gcc.c-torture/execute/ieee/fp-cmp-4.c compilation,
-O3 -fomit-frame-pointer
FAIL: gcc.c-torture/execute/ieee/fp-cmp-4.c compilation,
-O3 -fomit-frame-pointer -funroll-loops
FAIL: gcc.c-torture/execute/ieee/fp-cmp-4.c compilation,
-O3 -fomit-frame-pointer -funroll-all-loops
-finline-functions
FAIL: gcc.c-torture/execute/ieee/fp-cmp-4.c compilation,
-O3 -g
FAIL: gcc.c-torture/execute/ieee/fp-cmp-4.c compilation,
-Os
XPASS: gcc.c-torture/execute/memcheck/blkarg.c execution,
-O0
XPASS: gcc.c-torture/execute/memcheck/blkarg.c execution,
-O1
XPASS: gcc.c-torture/execute/memcheck/blkarg.c execution,
-O2
XPASS: gcc.c-torture/execute/memcheck/blkarg.c execution,
-Os
FAIL: gcc.c-torture/noncompile/931203-1.c
FAIL: gcc.c-torture/noncompile/931203-1.c
FAIL: gcc.c-torture/noncompile/931203-1.c
FAIL: gcc.c-torture/noncompile/931203-1.c
FAIL: gcc.c-torture/noncompile/931203-1.c
FAIL: gcc.c-torture/noncompile/931203-1.c
FAIL: gcc.c-torture/noncompile/931203-1.c
FAIL: gcc.c-torture/noncompile/931203-1.c
FAIL: gcc.dg/struct-ret-2.c (test for excess errors)
FAIL: alias-1.c
FAIL: wkali-1.c
FAIL: wkali-2b.o
=== gcc Summary ===
# of expected passes 9051
# of unexpected failures 55
# of unexpected successes 4
# of expected failures 27
# of unresolved testcases 19
# of unsupported tests 33
/wrk1/aerotherm/dawes/src/gnu/egcs/i6/gcc/xgcc version 2.96
20000210 (experimental)
=== g77 tests ===
Running target unix
=== g77 Summary ===
# of expected passes 664
=== g++ tests ===
Running target unix
FAIL: g++.dg/special/conpr-1.C execution test
FAIL: g++.dg/special/conpr-2.C execution test
FAIL: g++.dg/special/conpr-3.C execution test
FAIL: g++.dg/special/conpr-3.C execution test
FAIL: g++.ext/initp1.C Execution test
FAIL: g++.mike/net20.C caused compiler crash
=== g++ Summary ===
# of expected passes 5689
# of unexpected failures 6
# of expected failures 100
# of untested testcases 18
/wrk1/aerotherm/dawes/src/gnu/egcs/i6/gcc/testsuite/../g++
version 2.96 20000210 (experimental)
=== libstdc++ tests ===
Running target unix
=== libstdc++ Summary ===
# of expected passes 30
=== libio tests ===
Running target unix
=== libio Summary ===
# of expected passes 40
Compiler version: 2.96 20000210 (experimental)
Platform: mips-sgi-irix6.5
configure flags:
--with-gcc-version-trigger=/wrk1/aerotherm/dawes/src/gnu/egc
s/gcc/version.c --host=mips-sgi-irix6.5
--prefix=/wrk1/aerotherm/dawes/src/gnu/803 --norecursion