This is the mail archive of the gcc-testresults@gcc.gnu.org mailing list for the GCC project.


Index Nav: [Date Index] [Subject Index] [Author Index] [Thread Index]
Message Nav: [Date Prev] [Date Next] [Thread Prev] [Thread Next]

Results for 2.96 20000207 (experimental) testsuite on hppa2.0-hp-hpux10.20


Native configuration is hppa2.0-hp-hpux10.20

		=== libio tests ===


Running target unix
FAIL: hounddog.cc compilation 
FAIL: hounddog.cc compilation -b0
FAIL: hounddog.cc compilation -b2
FAIL: putbackdog.cc compilation 
FAIL: putbackdog.cc compilation -b0
FAIL: putbackdog.cc compilation -b2
FAIL: tFile.cc compilation 
FAIL: tFile.cc compilation -b0
FAIL: tFile.cc compilation -b3
FAIL: tiomanip.cc compilation 
FAIL: tiomisc.cc compilation 

		=== libio Summary ===

# of expected passes		7
# of unexpected failures	11
# of expected failures		22
		=== libstdc++ tests ===


Running target unix
FAIL: tcomplex.cc compilation
FAIL: tcomplex.cc -O compilation
FAIL: tlist.cc compilation
FAIL: tlist.cc -O compilation
FAIL: tmap.cc compilation
FAIL: tmap.cc -O compilation
FAIL: tstring.cc compilation
FAIL: tstring.cc -O compilation
FAIL: tvector.cc compilation
FAIL: tvector.cc -O compilation

		=== libstdc++ Summary ===

# of unexpected failures	10
# of expected failures		20
		=== gcc tests ===


Running target unix
FAIL: gcc.c-torture/compile/900116-1.c,  -O0  
FAIL: gcc.c-torture/compile/900116-1.c,  -O1  
FAIL: gcc.c-torture/compile/900116-1.c,  -O2  
FAIL: gcc.c-torture/compile/900116-1.c,  -O3 -fomit-frame-pointer  
FAIL: gcc.c-torture/compile/900116-1.c,  -O3 -fomit-frame-pointer -funroll-loops  
FAIL: gcc.c-torture/compile/900116-1.c,  -O3 -fomit-frame-pointer -funroll-all-loops -finline-functions  
FAIL: gcc.c-torture/compile/900116-1.c,  -O3 -g  
FAIL: gcc.c-torture/compile/900116-1.c,  -Os  
FAIL: gcc.c-torture/compile/991229-3.c,  -O3 -fomit-frame-pointer -funroll-loops  
FAIL: gcc.c-torture/compile/991229-3.c,  -O3 -fomit-frame-pointer -funroll-all-loops -finline-functions  
FAIL: gcc.c-torture/compile/20000105-1.c,  -O0  
FAIL: gcc.c-torture/compile/20000105-1.c,  -O1  
FAIL: gcc.c-torture/execute/980223.c compilation,  -O0 
FAIL: gcc.c-torture/execute/980223.c compilation,  -O1 
FAIL: gcc.c-torture/execute/980223.c compilation,  -O2 
FAIL: gcc.c-torture/execute/980223.c compilation,  -O3 -fomit-frame-pointer 
FAIL: gcc.c-torture/execute/980223.c compilation,  -O3 -g 
FAIL: gcc.c-torture/execute/980223.c compilation,  -Os 
FAIL: gcc.c-torture/execute/991202-3.c execution,  -O0 
FAIL: gcc.c-torture/execute/991202-3.c execution,  -O1 
FAIL: gcc.c-torture/execute/991202-3.c execution,  -O2 
FAIL: gcc.c-torture/execute/991202-3.c execution,  -O3 -fomit-frame-pointer 
FAIL: gcc.c-torture/execute/991202-3.c execution,  -O3 -g 
FAIL: gcc.c-torture/execute/991202-3.c execution,  -Os 
FAIL: gcc.c-torture/execute/991221-1.c execution,  -O1 
FAIL: gcc.c-torture/execute/991221-1.c execution,  -O2 
FAIL: gcc.c-torture/execute/991221-1.c execution,  -O3 -fomit-frame-pointer 
FAIL: gcc.c-torture/execute/991221-1.c execution,  -O3 -g 
FAIL: gcc.c-torture/execute/991221-1.c execution,  -Os 
FAIL: gcc.c-torture/execute/strct-stdarg-1.c execution,  -O0 
FAIL: gcc.c-torture/execute/strct-stdarg-1.c execution,  -O1 
FAIL: gcc.c-torture/execute/strct-stdarg-1.c execution,  -O2 
FAIL: gcc.c-torture/execute/strct-stdarg-1.c execution,  -O3 -fomit-frame-pointer 
FAIL: gcc.c-torture/execute/strct-stdarg-1.c execution,  -O3 -fomit-frame-pointer -funroll-loops 
FAIL: gcc.c-torture/execute/strct-stdarg-1.c execution,  -O3 -fomit-frame-pointer -funroll-all-loops -finline-functions 
FAIL: gcc.c-torture/execute/strct-stdarg-1.c execution,  -O3 -g 
FAIL: gcc.c-torture/execute/strct-stdarg-1.c execution,  -Os 
FAIL: gcc.c-torture/execute/ieee/fp-cmp-1.c execution,  -O0 
FAIL: gcc.c-torture/execute/ieee/fp-cmp-2.c execution,  -O0 
FAIL: gcc.c-torture/execute/ieee/fp-cmp-3.c execution,  -O0 
FAIL: gcc.c-torture/execute/ieee/fp-cmp-4.c compilation,  -O0 
FAIL: gcc.c-torture/execute/ieee/fp-cmp-4.c compilation,  -O1 
FAIL: gcc.c-torture/execute/ieee/fp-cmp-4.c compilation,  -O2 
FAIL: gcc.c-torture/execute/ieee/fp-cmp-4.c compilation,  -O3 -fomit-frame-pointer 
FAIL: gcc.c-torture/execute/ieee/fp-cmp-4.c compilation,  -O3 -fomit-frame-pointer -funroll-loops 
FAIL: gcc.c-torture/execute/ieee/fp-cmp-4.c compilation,  -O3 -fomit-frame-pointer -funroll-all-loops -finline-functions 
FAIL: gcc.c-torture/execute/ieee/fp-cmp-4.c compilation,  -O3 -g 
FAIL: gcc.c-torture/execute/ieee/fp-cmp-4.c compilation,  -Os 
FAIL: gcc.c-torture/execute/ieee/mzero2.c execution,  -O1 
FAIL: gcc.c-torture/execute/ieee/mzero2.c execution,  -O2 
FAIL: gcc.c-torture/execute/ieee/mzero2.c execution,  -O3 -fomit-frame-pointer 
FAIL: gcc.c-torture/execute/ieee/mzero2.c execution,  -O3 -g 
FAIL: gcc.c-torture/execute/ieee/mzero2.c execution,  -Os 
FAIL: gcc.c-torture/noncompile/931203-1.c
FAIL: gcc.c-torture/noncompile/931203-1.c
FAIL: gcc.c-torture/noncompile/931203-1.c
FAIL: gcc.c-torture/noncompile/931203-1.c
FAIL: gcc.c-torture/noncompile/931203-1.c
FAIL: gcc.c-torture/noncompile/931203-1.c
FAIL: gcc.c-torture/noncompile/931203-1.c
FAIL: gcc.c-torture/noncompile/931203-1.c

		=== gcc Summary ===

# of expected passes		9036
# of unexpected failures	61
# of expected failures		31
# of unresolved testcases	17
# of unsupported tests		34
/devel/span/rdb/src/egcs-20000207.obj/gcc/xgcc version 2.96 20000207 (experimental)

		=== g++ tests ===


Running target unix
FAIL: g++.benjamin/15071.C (test for excess errors)
FAIL: g++.benjamin/15822.C (test for excess errors)
FAIL: g++.benjamin/typeid01.C (test for excess errors)
FAIL: g++.bob/delete1.C (test for excess errors)
FAIL: g++.brendan/copy2.C (test for excess errors)
FAIL: g++.brendan/copy3.C (test for excess errors)
FAIL: g++.brendan/copy4.C (test for excess errors)
FAIL: g++.brendan/copy5.C (test for excess errors)
FAIL: g++.brendan/copy8.C (test for excess errors)
FAIL: g++.brendan/copy9.C (test for excess errors)
FAIL: g++.brendan/delete2.C (test for excess errors)
FAIL: g++.brendan/dtors1.C (test for excess errors)
FAIL: g++.brendan/dtors2.C (test for excess errors)
FAIL: g++.brendan/dtors3.C (test for excess errors)
FAIL: g++.brendan/eh1.C (test for excess errors)
FAIL: g++.brendan/groff1.C (test for excess errors)
FAIL: g++.brendan/nest21.C (test for excess errors)
FAIL: g++.brendan/new3.C (test for excess errors)
FAIL: g++.brendan/overload2.C (test for excess errors)
FAIL: g++.brendan/ptolemy2.C (test for excess errors)
FAIL: g++.brendan/template9.C (test for excess errors)
FAIL: g++.brendan/vtables1.C (test for excess errors)
FAIL: g++.bugs/900207_03.C (test for excess errors)
FAIL: g++.bugs/900321_02.C (test for excess errors)
FAIL: g++.bugs/900331_03.C (test for excess errors)
FAIL: g++.bugs/900520_04.C (test for excess errors)
FAIL: g++.bugs/900520_05.C (test for excess errors)
FAIL: g++.eh/catch3.C (test for excess errors)
FAIL: g++.eh/catch3p.C (test for excess errors)
FAIL: g++.eh/catch4.C (test for excess errors)
FAIL: g++.eh/catch4p.C (test for excess errors)
FAIL: g++.eh/catch5.C (test for excess errors)
FAIL: g++.eh/catch5p.C (test for excess errors)
FAIL: g++.eh/catch6.C (test for excess errors)
FAIL: g++.eh/catch6p.C (test for excess errors)
FAIL: g++.eh/catch7.C (test for excess errors)
FAIL: g++.eh/catch7p.C (test for excess errors)
FAIL: g++.eh/catch8.C (test for excess errors)
FAIL: g++.eh/catch8p.C (test for excess errors)
FAIL: g++.eh/catch9.C (test for excess errors)
FAIL: g++.eh/catch9p.C (test for excess errors)
FAIL: g++.eh/cleanup1.C (test for excess errors)
FAIL: g++.eh/cleanup2.C (test for excess errors)
FAIL: g++.eh/flow1.C (test for excess errors)
FAIL: g++.eh/fntry1.C (test for excess errors)
FAIL: g++.eh/new1.C (test for excess errors)
FAIL: g++.eh/new2.C (test for excess errors)
FAIL: g++.eh/pdel1.C (test for excess errors)
FAIL: g++.eh/pdel2.C (test for excess errors)
FAIL: g++.eh/ptr1.C (test for excess errors)
FAIL: g++.eh/rethrow1.C (test for excess errors)
FAIL: g++.eh/rethrow2.C (test for excess errors)
FAIL: g++.eh/rethrow3.C (test for excess errors)
FAIL: g++.eh/rethrow4.C (test for excess errors)
FAIL: g++.eh/rethrow5.C (test for excess errors)
FAIL: g++.eh/spec1.C (test for excess errors)
FAIL: g++.eh/spec2.C (test for excess errors)
FAIL: g++.eh/spec3.C (test for excess errors)
FAIL: g++.eh/spec4.C (test for excess errors)
FAIL: g++.eh/tmpl1.C (test for excess errors)
FAIL: g++.eh/unwind1.C (test for excess errors)
FAIL: g++.eh/vbase1.C (test for excess errors)
FAIL: g++.eh/vbase2.C (test for excess errors)
FAIL: g++.ext/attrib5.C (test for excess errors)
FAIL: g++.ext/comint1.C (test for excess errors)
FAIL: g++.ext/pretty2.C (test for excess errors)
FAIL: g++.jason/2371.C (test for excess errors)
FAIL: g++.jason/byval.C (test for excess errors)
FAIL: g++.jason/cond2.C (test for excess errors)
FAIL: g++.jason/dcast2.C (test for excess errors)
FAIL: g++.jason/dcast3.C (test for excess errors)
FAIL: g++.jason/dtor5.C (test for excess errors)
FAIL: g++.jason/init3.C (test for excess errors)
FAIL: g++.jason/inline.C (test for excess errors)
FAIL: g++.jason/inline3.C (test for excess errors)
FAIL: g++.jason/mi.C (test for excess errors)
FAIL: g++.jason/new2.C (test for excess errors)
FAIL: g++.jason/new3.C (test for excess errors)
FAIL: g++.jason/new4.C (test for excess errors)
FAIL: g++.jason/new5.C (test for excess errors)
FAIL: g++.jason/overload13.C (test for excess errors)
FAIL: g++.jason/parse12.C (test for excess errors)
FAIL: g++.jason/pmf7.C (test for excess errors)
FAIL: g++.jason/ref10.C (test for excess errors)
FAIL: g++.jason/ref11.C (test for excess errors)
FAIL: g++.jason/ref7.C (test for excess errors)
FAIL: g++.jason/ref8.C (test for excess errors)
FAIL: g++.jason/ref9.C (test for excess errors)
FAIL: g++.jason/return.C (test for excess errors)
FAIL: g++.jason/return2.C (test for excess errors)
FAIL: g++.jason/rvalue1.C (test for excess errors)
FAIL: g++.jason/static1.C (test for excess errors)
FAIL: g++.jason/synth5.C (test for excess errors)
FAIL: g++.jason/synth7.C (test for excess errors)
FAIL: g++.jason/template14.C (test for excess errors)
FAIL: g++.jason/template24.C (test for excess errors)
FAIL: g++.jason/template31.C (test for excess errors)
FAIL: g++.jason/template40.C (test for excess errors)
FAIL: g++.jason/temporary.C (test for excess errors)
FAIL: g++.jason/temporary3.C (test for excess errors)
FAIL: g++.jason/temporary4.C (test for excess errors)
FAIL: g++.jason/temporary5.C (test for excess errors)
FAIL: g++.jason/temporary8.C (test for excess errors)
FAIL: g++.jason/thunk1.C (test for excess errors)
FAIL: g++.jason/thunk2.C (test for excess errors)
FAIL: g++.jason/thunk3.C (test for excess errors)
FAIL: g++.jason/typeid1.C (test for excess errors)
FAIL: g++.jason/typeid2.C (test for excess errors)
FAIL: g++.jason/vecdel.C (test for excess errors)
FAIL: g++.jason/virtual2.C (test for excess errors)
FAIL: g++.law/arg8.C (test for excess errors)
FAIL: g++.law/arm7.C (test for excess errors)
FAIL: g++.law/array1.C (test for excess errors)
FAIL: g++.law/code-gen5.C (test for excess errors)
FAIL: g++.law/copy1.C (test for excess errors)
FAIL: g++.law/ctors12.C (test for excess errors)
FAIL: g++.law/ctors15.C (test for excess errors)
FAIL: g++.law/ctors4.C (test for excess errors)
FAIL: g++.law/ctors8.C (test for excess errors)
FAIL: g++.law/cvt2.C (test for excess errors)
FAIL: g++.law/cvt4.C (test for excess errors)
FAIL: g++.law/dtors2.C (test for excess errors)
FAIL: g++.law/dtors3.C (test for excess errors)
FAIL: g++.law/dtors4.C (test for excess errors)
FAIL: g++.law/dtors5.C (test for excess errors)
FAIL: g++.law/operators15.C (test for excess errors)
FAIL: g++.law/operators23.C (test for excess errors)
FAIL: g++.law/operators27.C (test for excess errors)
FAIL: g++.law/operators8.C (test for excess errors)
FAIL: g++.law/scope2.C (test for excess errors)
FAIL: g++.law/temps2.C (test for excess errors)
FAIL: g++.law/temps3.C (test for excess errors)
FAIL: g++.law/temps4.C (test for excess errors)
FAIL: g++.law/temps5.C (test for excess errors)
FAIL: g++.law/virtual3.C (test for excess errors)
FAIL: g++.law/virtual4.C (test for excess errors)
FAIL: g++.martin/bitset1.C (test for excess errors)
FAIL: g++.martin/eval1.C (test for excess errors)
FAIL: g++.martin/new1.C (test for excess errors)
FAIL: g++.martin/pmf1.C (test for excess errors)
FAIL: g++.martin/pmf2.C (test for excess errors)
FAIL: g++.mike/align1.C (test for excess errors)
FAIL: g++.mike/dyncast1.C (test for excess errors)
FAIL: g++.mike/dyncast2.C (test for excess errors)
FAIL: g++.mike/dyncast3.C (test for excess errors)
FAIL: g++.mike/dyncast5.C (test for excess errors)
FAIL: g++.mike/dyncast7.C (test for excess errors)
FAIL: g++.mike/dyncast8.C (test for excess errors)
FAIL: g++.mike/dyncast9.C (test for excess errors)
FAIL: g++.mike/eh10.C (test for excess errors)
FAIL: g++.mike/eh12.C (test for excess errors)
FAIL: g++.mike/eh14.C (test for excess errors)
FAIL: g++.mike/eh16.C (test for excess errors)
FAIL: g++.mike/eh17.C (test for excess errors)
FAIL: g++.mike/eh18.C (test for excess errors)
FAIL: g++.mike/eh2.C (test for excess errors)
FAIL: g++.mike/eh21.C (test for excess errors)
FAIL: g++.mike/eh23.C (test for excess errors)
FAIL: g++.mike/eh24.C (test for excess errors)
FAIL: g++.mike/eh25.C (test for excess errors)
FAIL: g++.mike/eh26.C (test for excess errors)
FAIL: g++.mike/eh27.C (test for excess errors)
FAIL: g++.mike/eh28.C (test for excess errors)
FAIL: g++.mike/eh29.C (test for excess errors)
FAIL: g++.mike/eh3.C (test for excess errors)
FAIL: g++.mike/eh31.C (test for excess errors)
FAIL: g++.mike/eh34.C (test for excess errors)
FAIL: g++.mike/eh35.C (test for excess errors)
FAIL: g++.mike/eh36.C (test for excess errors)
FAIL: g++.mike/eh37.C (test for excess errors)
FAIL: g++.mike/eh38.C (test for excess errors)
FAIL: g++.mike/eh39.C (test for excess errors)
FAIL: g++.mike/eh40.C (test for excess errors)
FAIL: g++.mike/eh41.C (test for excess errors)
FAIL: g++.mike/eh42.C (test for excess errors)
FAIL: g++.mike/eh44.C (test for excess errors)
FAIL: g++.mike/eh45.C (test for excess errors)
FAIL: g++.mike/eh47.C (test for excess errors)
FAIL: g++.mike/eh48.C (test for excess errors)
FAIL: g++.mike/eh49.C (test for excess errors)
FAIL: g++.mike/eh5.C (test for excess errors)
FAIL: g++.mike/eh51.C (test for excess errors)
FAIL: g++.mike/eh53.C (test for excess errors)
FAIL: g++.mike/eh55.C (test for excess errors)
FAIL: g++.mike/eh56.C (test for excess errors)
FAIL: g++.mike/eh59.C (test for excess errors)
FAIL: g++.mike/eh6.C (test for excess errors)
FAIL: g++.mike/eh8.C (test for excess errors)
FAIL: g++.mike/eh9.C (test for excess errors)
FAIL: g++.mike/init1.C (test for excess errors)
FAIL: g++.mike/leak1.C (test for excess errors)
FAIL: g++.mike/mi1.C (test for excess errors)
FAIL: g++.mike/mi2.C (test for excess errors)
FAIL: g++.mike/misc1.C (test for excess errors)
FAIL: g++.mike/misc13.C (test for excess errors)
FAIL: g++.mike/misc14.C (test for excess errors)
FAIL: g++.mike/net15.C (test for excess errors)
FAIL: g++.mike/net16.C (test for excess errors)
FAIL: g++.mike/net20.C caused compiler crash
FAIL: g++.mike/net21.C (test for excess errors)
FAIL: g++.mike/net26.C (test for excess errors)
FAIL: g++.mike/net34.C (test for excess errors)
FAIL: g++.mike/net38.C (test for excess errors)
FAIL: g++.mike/net39.C (test for excess errors)
FAIL: g++.mike/net40.C (test for excess errors)
FAIL: g++.mike/net46.C (test for excess errors)
FAIL: g++.mike/offset1.C (test for excess errors)
FAIL: g++.mike/p10148.C (test for excess errors)
FAIL: g++.mike/p10849a.C (test for excess errors)
FAIL: g++.mike/p11667.C (test for excess errors)
FAIL: g++.mike/p12306a.C (test for excess errors)
FAIL: g++.mike/p1248.C (test for excess errors)
FAIL: g++.mike/p1567.C (test for excess errors)
FAIL: g++.mike/p16146.C (test for excess errors)
FAIL: g++.mike/p1862.C (test for excess errors)
FAIL: g++.mike/p2736.C (test for excess errors)
FAIL: g++.mike/p2846.C (test for excess errors)
FAIL: g++.mike/p2846a.C (test for excess errors)
FAIL: g++.mike/p2846b.C (test for excess errors)
FAIL: g++.mike/p2960.C (test for excess errors)
FAIL: g++.mike/p3041.C (test for excess errors)
FAIL: g++.mike/p3068.C (test for excess errors)
FAIL: g++.mike/p3139.C (test for excess errors)
FAIL: g++.mike/p3579.C (test for excess errors)
FAIL: g++.mike/p3708.C (test for excess errors)
FAIL: g++.mike/p3708a.C (test for excess errors)
FAIL: g++.mike/p3708b.C (test for excess errors)
FAIL: g++.mike/p4246.C (test for excess errors)
FAIL: g++.mike/p4511.C (test for excess errors)
FAIL: g++.mike/p4736a.C (test for excess errors)
FAIL: g++.mike/p4736b.C (test for excess errors)
FAIL: g++.mike/p4736c.C (test for excess errors)
FAIL: g++.mike/p5469.C (test for excess errors)
FAIL: g++.mike/p5469a.C (test for excess errors)
FAIL: g++.mike/p5571.C (test for excess errors)
FAIL: g++.mike/p5611.C (test for excess errors)
FAIL: g++.mike/p5673.C (test for excess errors)
FAIL: g++.mike/p646.C (test for excess errors)
FAIL: g++.mike/p658.C (test for excess errors)
FAIL: g++.mike/p6610a.C (test for excess errors)
FAIL: g++.mike/p6610b.C (test for excess errors)
FAIL: g++.mike/p6927.C (test for excess errors)
FAIL: g++.mike/p7180.C (test for excess errors)
FAIL: g++.mike/p755.C (test for excess errors)
FAIL: g++.mike/p755a.C (test for excess errors)
FAIL: g++.mike/p7651.C (test for excess errors)
FAIL: g++.mike/p783.C (test for excess errors)
FAIL: g++.mike/p783a.C (test for excess errors)
FAIL: g++.mike/p783b.C (test for excess errors)
FAIL: g++.mike/p7865.C (test for excess errors)
FAIL: g++.mike/p789.C (test for excess errors)
FAIL: g++.mike/p789a.C (test for excess errors)
FAIL: g++.mike/p7912.C (test for excess errors)
FAIL: g++.mike/p8018.C (test for excess errors)
FAIL: g++.mike/p8155.C (test for excess errors)
FAIL: g++.mike/p8483.C (test for excess errors)
FAIL: g++.mike/p9706.C (test for excess errors)
FAIL: g++.mike/p9732a.C (test for excess errors)
FAIL: g++.mike/p9732b.C (test for excess errors)
FAIL: g++.mike/pmf2.C (test for excess errors)
FAIL: g++.mike/pmf7.C (test for excess errors)
FAIL: g++.mike/pmf8.C (test for excess errors)
FAIL: g++.mike/pmf9.C (test for excess errors)
FAIL: g++.mike/pt2.C (test for excess errors)
FAIL: g++.mike/ref1.C (test for excess errors)
FAIL: g++.mike/rtti2.C (test for excess errors)
FAIL: g++.mike/rtti3.C (test for excess errors)
FAIL: g++.mike/temp.C (test for excess errors)
FAIL: g++.mike/thunk2.C (test for excess errors)
FAIL: g++.mike/thunk3.C (test for excess errors)
FAIL: g++.mike/virt2.C (test for excess errors)
FAIL: g++.mike/virt4.C (test for excess errors)
FAIL: g++.mike/virt5.C (test for excess errors)
FAIL: g++.mike/virt6.C (test for excess errors)
FAIL: g++.mike/vtable1.C (test for excess errors)
FAIL: g++.ns/new1.C (test for excess errors)
FAIL: g++.ns/template9.C (test for excess errors)
FAIL: g++.oliva/delete2.C (test for excess errors)
FAIL: g++.oliva/delete3.C (test for excess errors)
FAIL: g++.oliva/delete4.C (test for excess errors)
FAIL: g++.oliva/delete5.C (test for excess errors)
FAIL: g++.oliva/new1.C (test for excess errors)
FAIL: g++.oliva/thunk1.C (test for excess errors)
FAIL: g++.other/array1.C (test for excess errors)
FAIL: g++.other/badopt1.C (test for excess errors)
FAIL: g++.other/cleanup1.C (test for excess errors)
FAIL: g++.other/delete3.C (test for excess errors)
FAIL: g++.other/delete5.C (test for excess errors)
FAIL: g++.other/dtor1.C (test for excess errors)
FAIL: g++.other/dtor5.C (test for excess errors)
FAIL: g++.other/dtor6.C (test for excess errors)
FAIL: g++.other/dyncast1.C (test for excess errors)
FAIL: g++.other/dyncast2.C (test for excess errors)
FAIL: g++.other/dyncast3.C (test for excess errors)
FAIL: g++.other/dyncast4.C (test for excess errors)
FAIL: g++.other/dyncast5.C (test for excess errors)
FAIL: g++.other/empty1.C (test for excess errors)
FAIL: g++.other/init5.C (test for excess errors)
FAIL: g++.other/init7.C (test for excess errors)
FAIL: g++.other/local1.C (test for excess errors)
FAIL: g++.other/local3.C (test for excess errors)
FAIL: g++.other/new3.C (test for excess errors)
FAIL: g++.other/overload9.C (test for excess errors)
FAIL: g++.other/pmf4.C (test for excess errors)
FAIL: g++.other/rtti1.C (test for excess errors)
FAIL: g++.other/rtti2.C (test for excess errors)
FAIL: g++.other/rtti3.C (test for excess errors)
FAIL: g++.other/rtti4.C (test for excess errors)
FAIL: g++.other/rttid3.C (test for excess errors)
FAIL: g++.other/rttid4.C (test for excess errors)
FAIL: g++.other/singleton.C (test for excess errors)
FAIL: g++.other/syntax1.C caused compiler crash
FAIL: g++.other/syntax2.C caused compiler crash
FAIL: g++.other/temporary1.C (test for excess errors)
FAIL: g++.other/virtual2.C (test for excess errors)
FAIL: g++.other/virtual3.C (test for excess errors)
FAIL: g++.pt/auto_ptr.C (test for excess errors)
FAIL: g++.pt/explicit55.C (test for excess errors)
FAIL: g++.pt/explicit56.C (test for excess errors)
FAIL: g++.pt/explicit74.C (test for excess errors)
FAIL: g++.pt/expr1.C (test for excess errors)
FAIL: g++.pt/fntry1.C (test for excess errors)
FAIL: g++.pt/instantiate4.C (test for excess errors)
FAIL: g++.pt/local6.C (test for excess errors)
FAIL: g++.pt/memclass4.C (test for excess errors)
FAIL: g++.pt/mi1.C (test for excess errors)
FAIL: g++.pt/repo1.C (test for excess errors)
FAIL: g++.pt/spec3.C (test for excess errors)
FAIL: g++.pt/spec30.C (test for excess errors)
FAIL: g++.pt/static6.C (test for excess errors)
FAIL: g++.pt/static8.C (test for excess errors)
FAIL: g++.pt/ttp19.C (test for excess errors)
FAIL: g++.pt/ttp40.C (test for excess errors)
FAIL: g++.pt/virtual1.C (test for excess errors)
FAIL: g++.pt/virtual4.C (test for excess errors)
FAIL: g++.robertl/980310-1.C (test for excess errors)
FAIL: g++.robertl/eb102.C (test for excess errors)
FAIL: g++.robertl/eb104.C (test for excess errors)
FAIL: g++.robertl/eb114.C (test for excess errors)
FAIL: g++.robertl/eb115.C (test for excess errors)
FAIL: g++.robertl/eb118.C (test for excess errors)
FAIL: g++.robertl/eb126.C (test for excess errors)
FAIL: g++.robertl/eb127.C (test for excess errors)
FAIL: g++.robertl/eb21.C (test for excess errors)
FAIL: g++.robertl/eb27.C (test for excess errors)
FAIL: g++.robertl/eb31.C (test for excess errors)
FAIL: g++.robertl/eb41.C (test for excess errors)
FAIL: g++.robertl/eb44.C (test for excess errors)
FAIL: g++.robertl/eb46.C (test for excess errors)
FAIL: g++.robertl/eb50.C (test for excess errors)
FAIL: g++.robertl/eb54.C (test for excess errors)
FAIL: g++.robertl/eb58.C (test for excess errors)
FAIL: g++.robertl/eb59.C (test for excess errors)
FAIL: g++.robertl/eb63.C (test for excess errors)
FAIL: g++.robertl/eb66.C (test for excess errors)
FAIL: g++.robertl/eb69.C (test for excess errors)
FAIL: g++.robertl/eb73.C (test for excess errors)
FAIL: g++.robertl/eb77.C (test for excess errors)
FAIL: g++.robertl/eb88.C (test for excess errors)
FAIL: g++.robertl/eh990323-1.C (test for excess errors)
FAIL: g++.robertl/eh990323-2.C (test for excess errors)
FAIL: g++.robertl/eh990323-3.C (test for excess errors)
FAIL: g++.robertl/eh990323-4.C (test for excess errors)
FAIL: g++.robertl/eh990323-5.C (test for excess errors)
FAIL: g++.robertl/ice990323-2.C (test for excess errors)

		=== g++ Summary ===

# of expected passes		4972
# of unexpected failures	365
# of expected failures		453
# of untested testcases		18
/devel/span/rdb/src/egcs-20000207.obj/gcc/testsuite/../g++ version 2.96 20000207 (experimental)

		=== g77 tests ===


Running target unix
FAIL: g77.f-torture/compile/19990218-0.f,  -O0  
FAIL: g77.f-torture/compile/19990218-0.f,  -O1  
FAIL: g77.f-torture/compile/19990218-0.f,  -O2  
FAIL: g77.f-torture/compile/19990218-0.f,  -Os  
FAIL: g77.f-torture/compile/970125-0.f,  -O0  
FAIL: g77.f-torture/compile/970125-0.f,  -O1  
FAIL: g77.f-torture/compile/970125-0.f,  -O2  
FAIL: g77.f-torture/compile/970125-0.f,  -O2 -fomit-frame-pointer -finline-functions  
FAIL: g77.f-torture/compile/970125-0.f,  -Os  
FAIL: g77.f-torture/execute/u77-test.f compilation,  -O0 
FAIL: g77.f-torture/execute/u77-test.f compilation,  -O1 
FAIL: g77.f-torture/execute/u77-test.f compilation,  -O2 
FAIL: g77.f-torture/execute/u77-test.f compilation,  -O2 -fomit-frame-pointer -finline-functions 
FAIL: g77.f-torture/execute/u77-test.f compilation,  -O2 -fomit-frame-pointer -finline-functions -funroll-loops 
FAIL: g77.f-torture/execute/u77-test.f compilation,  -O2 -fomit-frame-pointer -finline-functions -funroll-all-loops 
FAIL: g77.f-torture/execute/u77-test.f compilation,  -Os 

		=== g77 Summary ===

# of expected passes		641
# of unexpected failures	16
# of untested testcases		7
		=== objc tests ===


Running target unix

		=== objc Summary ===

# of expected passes		38
/devel/span/rdb/src/egcs-20000207.obj/gcc/xgcc version 2.96 20000207 (experimental)


Compiler version: 2.96 20000207 (experimental) 
Platform: hppa2.0-hp-hpux10.20
configure flags: --with-gcc-version-trigger=/devel/span/rdb/src/egcs-20000207/gcc/version.c --host=hppa2.0-hp-hpux10.20 --with-gnu-as --norecursion
Counting all warnings,
there are 605 warnings in stage3 of this bootstrap.

Number of warnings per file:
 126 ../../egcs-20000207/gcc/config/pa/pa.h
 106 ../../../egcs-20000207/gcc/config/pa/pa.h
  35 ../../egcs-20000207/gcc/combine.c
  31 ../../egcs-20000207/gcc/expmed.c
  28 ../../egcs-20000207/gcc/expr.c
  24 ../../egcs-20000207/gcc/optabs.c
  17 ../../egcs-20000207/gcc/cse.c
  16 ../../egcs-20000207/gcc/config/pa/pa.c
  15 ../../egcs-20000207/gcc/recog.c
  15 ../../egcs-20000207/gcc/c-common.c
  14 ../../../egcs-20000207/gcc/f/global.c
  12 ../../egcs-20000207/gcc/reload1.c
  12 ../../../egcs-20000207/gcc/java/lex.c
  12 ../../../egcs-20000207/gcc/f/com.c
  11 ../../egcs-20000207/gcc/reload.c
  11 ../../egcs-20000207/gcc/calls.c
  10 ../../../egcs-20000207/gcc/f/storag.c
   8 ../../../egcs-20000207/gcc/f/lex.c
   8 ../../../egcs-20000207/gcc/f/equiv.c
   6 ../../egcs-20000207/gcc/unroll.c
   6 ../../egcs-20000207/gcc/function.c
   6 ../../egcs-20000207/gcc/emit-rtl.c
   6 ../../egcs-20000207/gcc/bitmap.c
   6 ../../../egcs-20000207/gcc/java/typeck.c
   6 ../../../egcs-20000207/gcc/f/expr.c
   5 ../../egcs-20000207/gcc/varasm.c
   5 ../../egcs-20000207/gcc/simplify-rtx.c
   4 ../../egcs-20000207/gcc/stmt.c
   4 ../../egcs-20000207/gcc/integrate.c
   4 ../../../egcs-20000207/gcc/f/ste.c
   3 ../../egcs-20000207/gcc/explow.c
   3 ../../egcs-20000207/gcc/alias.c
   2 str-ot.j
   2 str-1t.j
   2 ../../egcs-20000207/gcc/fold-const.c
   2 ../../egcs-20000207/gcc/flow.c
   2 ../../egcs-20000207/gcc/builtins.c
   2 ../../../egcs-20000207/gcc/f/symbol.c
   2 ../../../egcs-20000207/gcc/f/std.c
   2 ../../../egcs-20000207/gcc/f/bad.c
   1 str-op.j
   1 str-nq.j
   1 str-io.j
   1 str-fo.j
   1 str-2t.j
   1 insn-recog.c
   1 ../../egcs-20000207/gcc/stor-layout.c
   1 ../../egcs-20000207/gcc/regmove.c
   1 ../../egcs-20000207/gcc/regclass.c
   1 ../../egcs-20000207/gcc/loop.c
   1 ../../egcs-20000207/gcc/gcov-io.h
   1 ../../egcs-20000207/gcc/cppinit.c
   1 ../../egcs-20000207/gcc/collect2.c
   1 ../../../egcs-20000207/gcc/java/gjavah.c

Number of warning types:
 244 comparison between signed and unsigned
 232 trigraph ??/ ignored
  52 Use of ANSI string concatenation
  29 signed and unsigned type in conditional expression
  14 `long' switch expression not converted to `int' in ANSI C
  12 variable `???' might be clobbered by `longjmp' or `vfork'
   5 unused variable `???'
   4 value computed is not used
   4 `???' might be used uninitialized in this function
   3 left-hand operand of comma expression has no effect
   1 unused parameter `???'
   1 trigraph ??) ignored
   1 passing arg ??? of `???' discards qualifiers from pointer target type
   1 non-static declaration for `???' follows static
   1 assignment discards qualifiers from pointer target type
   1 `???' defined but not used

Index Nav: [Date Index] [Subject Index] [Author Index] [Thread Index]
Message Nav: [Date Prev] [Date Next] [Thread Prev] [Thread Next]