This is the mail archive of the gcc-testresults@gcc.gnu.org mailing list for the GCC project.


Index Nav: [Date Index] [Subject Index] [Author Index] [Thread Index]
Message Nav: [Date Prev] [Date Next] [Thread Prev] [Thread Next]

Results for 2.96 20000207 (experimental) testsuite on i586-pc-linux-gnu


Native configuration is i586-pc-linux-gnu

		=== gcc tests ===


Running target unix
FAIL: gcc.c-torture/compile/20000105-1.c,  -O0  
FAIL: gcc.c-torture/compile/20000105-1.c,  -O1  
FAIL: gcc.c-torture/compile/labels-2.c,  -O2  
FAIL: gcc.c-torture/compile/labels-2.c,  -O3 -fomit-frame-pointer  
FAIL: gcc.c-torture/compile/labels-2.c,  -O3 -g  
FAIL: gcc.c-torture/execute/991202-3.c execution,  -O0 
FAIL: gcc.c-torture/execute/991202-3.c execution,  -O1 
FAIL: gcc.c-torture/execute/991202-3.c execution,  -O2 
FAIL: gcc.c-torture/execute/991202-3.c execution,  -O3 -fomit-frame-pointer 
FAIL: gcc.c-torture/execute/991202-3.c execution,  -O3 -g 
FAIL: gcc.c-torture/execute/991202-3.c execution,  -Os 
FAIL: gcc.c-torture/execute/991221-1.c execution,  -O1 
FAIL: gcc.c-torture/execute/991221-1.c execution,  -O2 
FAIL: gcc.c-torture/execute/991221-1.c execution,  -O3 -fomit-frame-pointer 
FAIL: gcc.c-torture/execute/991221-1.c execution,  -O3 -g 
FAIL: gcc.c-torture/execute/991221-1.c execution,  -Os 
XPASS: gcc.c-torture/execute/ieee/980619-1.c execution,  -O1 
XPASS: gcc.c-torture/execute/ieee/980619-1.c execution,  -O2 
XPASS: gcc.c-torture/execute/ieee/980619-1.c execution,  -O3 -fomit-frame-pointer 
XPASS: gcc.c-torture/execute/ieee/980619-1.c execution,  -O3 -fomit-frame-pointer -funroll-loops 
XPASS: gcc.c-torture/execute/ieee/980619-1.c execution,  -O3 -fomit-frame-pointer -funroll-all-loops -finline-functions 
XPASS: gcc.c-torture/execute/ieee/980619-1.c execution,  -O3 -g 
XPASS: gcc.c-torture/execute/ieee/980619-1.c execution,  -Os 
FAIL: gcc.c-torture/execute/ieee/fp-cmp-4.c compilation,  -O0 
FAIL: gcc.c-torture/execute/ieee/fp-cmp-4.c compilation,  -O1 
FAIL: gcc.c-torture/execute/ieee/fp-cmp-4.c compilation,  -O2 
FAIL: gcc.c-torture/execute/ieee/fp-cmp-4.c compilation,  -O3 -fomit-frame-pointer 
FAIL: gcc.c-torture/execute/ieee/fp-cmp-4.c compilation,  -O3 -fomit-frame-pointer -funroll-loops 
FAIL: gcc.c-torture/execute/ieee/fp-cmp-4.c compilation,  -O3 -fomit-frame-pointer -funroll-all-loops -finline-functions 
FAIL: gcc.c-torture/execute/ieee/fp-cmp-4.c compilation,  -O3 -g 
FAIL: gcc.c-torture/execute/ieee/fp-cmp-4.c compilation,  -Os 
FAIL: gcc.dg/991214-1.c (test for excess errors)
FAIL: gcc.dg/special/weak-1.c execution test

		=== gcc Summary ===

# of expected passes		9112
# of unexpected failures	26
# of unexpected successes	7
# of expected failures		31
# of unresolved testcases	8
# of unsupported tests		15
/home/ronis/Project/notar/objdir/gcc/xgcc version 2.96 20000207 (experimental)

		=== g++ tests ===


Running target unix
FAIL: g++.dg/special/conpr-1.C execution test
FAIL: g++.dg/special/conpr-2.C execution test
FAIL: g++.dg/special/conpr-3.C execution test
FAIL: g++.dg/special/conpr-3.C execution test
FAIL: g++.abi/aggregates.C  Execution test
FAIL: g++.abi/align.C  Execution test
FAIL: g++.abi/bitfields.C  Execution test
FAIL: g++.benjamin/15071.C  Execution test
FAIL: g++.benjamin/15351-1.C  Execution test
FAIL: g++.benjamin/15351-2.C  Execution test
FAIL: g++.benjamin/15822.C  Execution test
FAIL: g++.benjamin/bool01.C  Execution test
FAIL: g++.benjamin/bool02.C  Execution test
FAIL: g++.benjamin/tem06.C  Execution test
FAIL: g++.benjamin/tem07.C  Execution test
FAIL: g++.benjamin/typeid01.C  Execution test
FAIL: g++.bob/delete1.C  Execution test
FAIL: g++.bob/packed1.C  Execution test
FAIL: g++.bob/template4.C  Execution test
FAIL: g++.brendan/code-gen1.C  Execution test
FAIL: g++.brendan/code-gen2.C  Execution test
FAIL: g++.brendan/code-gen3.C  Execution test
FAIL: g++.brendan/code-gen4.C  Execution test
FAIL: g++.brendan/code-gen6.C  Execution test
FAIL: g++.brendan/complex1.C  Execution test
FAIL: g++.brendan/copy1.C  Execution test
FAIL: g++.brendan/copy2.C  Execution test
FAIL: g++.brendan/copy3.C  Execution test
FAIL: g++.brendan/copy4.C  Execution test
FAIL: g++.brendan/copy5.C  Execution test
FAIL: g++.brendan/copy6.C  Execution test
FAIL: g++.brendan/copy7.C  Execution test
FAIL: g++.brendan/copy8.C  Execution test
FAIL: g++.brendan/copy9.C  Execution test
FAIL: g++.brendan/ctors1.C  Execution test
FAIL: g++.brendan/ctors2.C  Execution test
FAIL: g++.brendan/delete2.C  Execution test
FAIL: g++.brendan/dtors1.C  Execution test
FAIL: g++.brendan/dtors2.C  Execution test
FAIL: g++.brendan/dtors3.C  Execution test
FAIL: g++.brendan/eh1.C  Execution test
FAIL: g++.brendan/groff1.C  Execution test
FAIL: g++.brendan/init3.C  Execution test
FAIL: g++.brendan/misc12.C  Execution test
FAIL: g++.brendan/misc7.C  Execution test
FAIL: g++.brendan/nest21.C  Execution test
FAIL: g++.brendan/new2.C  Execution test
FAIL: g++.brendan/new3.C  Execution test
FAIL: g++.brendan/operators5.C  Execution test
FAIL: g++.brendan/overload2.C  Execution test
FAIL: g++.brendan/overload7.C  Execution test
FAIL: g++.brendan/ptolemy2.C  Execution test
FAIL: g++.brendan/redecl2.C  Execution test
FAIL: g++.brendan/reference1.C  Execution test
FAIL: g++.brendan/sizeof5.C  Execution test
FAIL: g++.brendan/template22.C  Execution test
FAIL: g++.brendan/template24.C  Execution test
FAIL: g++.brendan/template3.C  Execution test
FAIL: g++.brendan/template9.C  Execution test
FAIL: g++.brendan/vtables1.C  Execution test
FAIL: g++.bugs/891230_01.C  Execution test
FAIL: g++.bugs/900107_01.C  Execution test
FAIL: g++.bugs/900207_03.C  Execution test
FAIL: g++.bugs/900208_02.C  Execution test
FAIL: g++.bugs/900212_03.C  Execution test
FAIL: g++.bugs/900220_01.C  Execution test
FAIL: g++.bugs/900220_02.C  Execution test
FAIL: g++.bugs/900220_03.C  Execution test
FAIL: g++.bugs/900227_01.C  Execution test
FAIL: g++.bugs/900321_02.C  Execution test
FAIL: g++.bugs/900321_04.C  Execution test
FAIL: g++.bugs/900321_05.C  Execution test
FAIL: g++.bugs/900324_03.C  Execution test
FAIL: g++.bugs/900324_06.C  Execution test
FAIL: g++.bugs/900331_02.C  Execution test
FAIL: g++.bugs/900331_03.C  Execution test
FAIL: g++.bugs/900331_04.C  Execution test
FAIL: g++.bugs/900406_02.C (syntax) Execution test
FAIL: g++.bugs/900511_01.C  Execution test
FAIL: g++.bugs/900519_04.C  Execution test
FAIL: g++.bugs/900519_05.C  Execution test
FAIL: g++.bugs/900520_04.C  Execution test
FAIL: g++.bugs/900520_05.C  Execution test
FAIL: g++.bugs/900520_06.C  Execution test
FAIL: g++.eh/catch3.C  Execution test
FAIL: g++.eh/catch3p.C  Execution test
FAIL: g++.eh/catch4.C  Execution test
FAIL: g++.eh/catch4p.C  Execution test
FAIL: g++.eh/catch5.C  Execution test
FAIL: g++.eh/catch5p.C  Execution test
FAIL: g++.eh/catch6.C  Execution test
FAIL: g++.eh/catch6p.C  Execution test
FAIL: g++.eh/catch7.C  Execution test
FAIL: g++.eh/catch7p.C  Execution test
FAIL: g++.eh/catch8.C  Execution test
FAIL: g++.eh/catch8p.C  Execution test
FAIL: g++.eh/catch9.C  Execution test
FAIL: g++.eh/catch9p.C  Execution test
FAIL: g++.eh/cleanup1.C  Execution test
FAIL: g++.eh/cleanup2.C  Execution test
FAIL: g++.eh/flow1.C  Execution test
FAIL: g++.eh/fntry1.C  Execution test
FAIL: g++.eh/new1.C  Execution test
FAIL: g++.eh/new2.C  Execution test
FAIL: g++.eh/pdel1.C  Execution test
FAIL: g++.eh/pdel2.C  Execution test
FAIL: g++.eh/ptr1.C  Execution test
FAIL: g++.eh/rethrow1.C  Execution test
FAIL: g++.eh/rethrow2.C  Execution test
FAIL: g++.eh/rethrow3.C  Execution test
FAIL: g++.eh/rethrow4.C  Execution test
FAIL: g++.eh/rethrow5.C  Execution test
FAIL: g++.eh/spec1.C  Execution test
FAIL: g++.eh/spec2.C  Execution test
FAIL: g++.eh/spec3.C  Execution test
FAIL: g++.eh/spec4.C  Execution test
FAIL: g++.eh/tmpl1.C  Execution test
FAIL: g++.eh/unwind1.C  Execution test
FAIL: g++.eh/vbase1.C  Execution test
FAIL: g++.eh/vbase2.C  Execution test
FAIL: g++.ext/addrfunc2.C  Execution test
FAIL: g++.ext/addrfunc3.C  Execution test
FAIL: g++.ext/addrfunc4.C  Execution test
FAIL: g++.ext/anon1.C  Execution test
FAIL: g++.ext/attrib2.C  Execution test
FAIL: g++.ext/attrib3.C  Execution test
FAIL: g++.ext/attrib5.C  Execution test
FAIL: g++.ext/comint1.C  Execution test
FAIL: g++.ext/constructor.C  Execution test
FAIL: g++.ext/default.C  Execution test
FAIL: g++.ext/implicit1.C  Execution test
FAIL: g++.ext/initp1.C  Execution test
FAIL: g++.ext/jump1.C  Execution test
FAIL: g++.ext/label1.C  Execution test
FAIL: g++.ext/label2.C  Execution test
FAIL: g++.ext/null1.C  Execution test
FAIL: g++.ext/pretty2.C  Execution test
FAIL: g++.ext/pretty3.C  Execution test
FAIL: g++.jason/2371.C  Execution test
FAIL: g++.jason/aggregate.C  Execution test
FAIL: g++.jason/anon.C  Execution test
FAIL: g++.jason/bool2.C  Execution test
FAIL: g++.jason/bool4.C  Execution test
FAIL: g++.jason/bool5.C  Execution test
FAIL: g++.jason/byval.C  Execution test
FAIL: g++.jason/cleanup.C  Execution test
FAIL: g++.jason/cond2.C  Execution test
FAIL: g++.jason/const.C  Execution test
FAIL: g++.jason/const2.C  Execution test
FAIL: g++.jason/const3.C  Execution test
FAIL: g++.jason/conversion6.C  Execution test
FAIL: g++.jason/conversion7.C  Execution test
FAIL: g++.jason/conversion8.C  Execution test
FAIL: g++.jason/conversion9.C  Execution test
FAIL: g++.jason/dcast2.C  Execution test
FAIL: g++.jason/dcast3.C  Execution test
FAIL: g++.jason/defctor.C  Execution test
FAIL: g++.jason/dtor2.C  Execution test
FAIL: g++.jason/dtor5.C  Execution test
FAIL: g++.jason/enum5.C  Execution test
FAIL: g++.jason/enum6.C  Execution test
FAIL: g++.jason/enum8.C  Execution test
FAIL: g++.jason/friend.C  Execution test
FAIL: g++.jason/groff1.C  Execution test
FAIL: g++.jason/init2.C  Execution test
FAIL: g++.jason/init3.C  Execution test
FAIL: g++.jason/inline.C  Execution test
FAIL: g++.jason/inline3.C  Execution test
FAIL: g++.jason/lex1.C  Execution test
FAIL: g++.jason/lvalue4.C  Execution test
FAIL: g++.jason/mangle3.C  Execution test
FAIL: g++.jason/mi.C  Execution test
FAIL: g++.jason/mutable1.C  Execution test
FAIL: g++.jason/net2.C  Execution test
FAIL: g++.jason/new2.C  Execution test
FAIL: g++.jason/new4.C  Execution test
FAIL: g++.jason/new5.C  Execution test
FAIL: g++.jason/offset2.C  Execution test
FAIL: g++.jason/opeq.C  Execution test
FAIL: g++.jason/opeq5.C  Execution test
FAIL: g++.jason/optimize2.C  Execution test
FAIL: g++.jason/overload11.C  Execution test
FAIL: g++.jason/overload12.C  Execution test
FAIL: g++.jason/overload13.C  Execution test
FAIL: g++.jason/overload19.C  Execution test
FAIL: g++.jason/overload27.C  Execution test
FAIL: g++.jason/overload36.C  Execution test
FAIL: g++.jason/parse10.C  Execution test
FAIL: g++.jason/parse12.C  Execution test
FAIL: g++.jason/parse9.C  Execution test
FAIL: g++.jason/pmem2.C  Execution test
FAIL: g++.jason/pmem3.C  Execution test
FAIL: g++.jason/pmf7.C  Execution test
FAIL: g++.jason/pmf8.C  Execution test
FAIL: g++.jason/ref10.C  Execution test
FAIL: g++.jason/ref11.C  Execution test
FAIL: g++.jason/ref12.C  Execution test
FAIL: g++.jason/ref7.C  Execution test
FAIL: g++.jason/ref8.C  Execution test
FAIL: g++.jason/ref9.C  Execution test
FAIL: g++.jason/return.C  Execution test
FAIL: g++.jason/return2.C  Execution test
FAIL: g++.jason/return3.C  Execution test
FAIL: g++.jason/rvalue1.C  Execution test
FAIL: g++.jason/rvalue2.C  Execution test
FAIL: g++.jason/scoping17.C  Execution test
FAIL: g++.jason/static1.C  Execution test
FAIL: g++.jason/synth5.C  Execution test
FAIL: g++.jason/synth7.C  Execution test
FAIL: g++.jason/template11.C  Execution test
FAIL: g++.jason/template13.C  Execution test
FAIL: g++.jason/template14.C  Execution test
FAIL: g++.jason/template15.C  Execution test
FAIL: g++.jason/template16.C  Execution test
FAIL: g++.jason/template19.C  Execution test
FAIL: g++.jason/template20.C  Execution test
FAIL: g++.jason/template24.C  Execution test
FAIL: g++.jason/template25.C  Execution test
FAIL: g++.jason/template26.C  Execution test
FAIL: g++.jason/template27.C  Execution test
FAIL: g++.jason/template28.C  Execution test
FAIL: g++.jason/template3.C  Execution test
FAIL: g++.jason/template31.C  Execution test
FAIL: g++.jason/template34.C  Execution test
FAIL: g++.jason/template36.C  Execution test
FAIL: g++.jason/template37.C  Execution test
FAIL: g++.jason/template38.C  Execution test
FAIL: g++.jason/template40.C  Execution test
FAIL: g++.jason/template41.C  Execution test
FAIL: g++.jason/template42.C  Execution test
FAIL: g++.jason/template43.C  Execution test
FAIL: g++.jason/template44.C  Execution test
FAIL: g++.jason/template6.C - failed temp resolution Execution test
FAIL: g++.jason/temporary.C  Execution test
FAIL: g++.jason/temporary3.C  Execution test
FAIL: g++.jason/temporary4.C  Execution test
FAIL: g++.jason/temporary5.C  Execution test
FAIL: g++.jason/temporary7.C  Execution test
FAIL: g++.jason/temporary8.C  Execution test
FAIL: g++.jason/thunk1.C  Execution test
FAIL: g++.jason/thunk2.C  Execution test
FAIL: g++.jason/thunk3.C  Execution test
FAIL: g++.jason/typedef2.C  Execution test
FAIL: g++.jason/typeid1.C  Execution test
FAIL: g++.jason/typeid2.C  Execution test
FAIL: g++.jason/vecdel.C  Execution test
FAIL: g++.jason/virtual2.C  Execution test
FAIL: g++.jason/warning5.C  Execution test
FAIL: g++.law/arg7.C  Execution test
FAIL: g++.law/arg8.C  Execution test
FAIL: g++.law/arm13.C  Execution test
FAIL: g++.law/arm15.C  Execution test
FAIL: g++.law/arm4.C  Execution test
FAIL: g++.law/arm5.C  Execution test
FAIL: g++.law/arm7.C  Execution test
FAIL: g++.law/array1.C  Execution test
FAIL: g++.law/bit-fields2.C  Execution test
FAIL: g++.law/builtin1.C  Execution test
FAIL: g++.law/code-gen1.C  Execution test
FAIL: g++.law/code-gen2.C  Execution test
FAIL: g++.law/code-gen4.C  Execution test
FAIL: g++.law/code-gen5.C  Execution test
FAIL: g++.law/copy1.C  Execution test
FAIL: g++.law/ctors12.C  Execution test
FAIL: g++.law/ctors15.C  Execution test
FAIL: g++.law/ctors16.C  Execution test
FAIL: g++.law/ctors2.C  Execution test
FAIL: g++.law/ctors4.C  Execution test
FAIL: g++.law/ctors8.C  Execution test
FAIL: g++.law/cvt12.C  Execution test
FAIL: g++.law/cvt2.C  Execution test
FAIL: g++.law/cvt4.C  Execution test
FAIL: g++.law/cvt7.C  Execution test
FAIL: g++.law/dtors2.C  Execution test
FAIL: g++.law/dtors3.C  Execution test
FAIL: g++.law/dtors4.C  Execution test
FAIL: g++.law/dtors5.C  Execution test
FAIL: g++.law/enum9.C  Execution test
FAIL: g++.law/global-init1.C  Execution test
FAIL: g++.law/init11.C  Execution test
FAIL: g++.law/init13.C  Execution test
FAIL: g++.law/init14.C  Execution test
FAIL: g++.law/init9.C  Execution test
FAIL: g++.law/inline4.C  Execution test
FAIL: g++.law/operators15.C  Execution test
FAIL: g++.law/operators16.C  Execution test
FAIL: g++.law/operators23.C  Execution test
FAIL: g++.law/operators27.C  Execution test
FAIL: g++.law/operators30.C  Execution test
FAIL: g++.law/operators8.C  Execution test
FAIL: g++.law/profile1.C  Execution test
FAIL: g++.law/refs1.C  Execution test
FAIL: g++.law/refs4.C  Execution test
FAIL: g++.law/scope2.C  Execution test
FAIL: g++.law/template2.C  Execution test
FAIL: g++.law/temps2.C  Execution test
FAIL: g++.law/temps3.C  Execution test
FAIL: g++.law/temps4.C  Execution test
FAIL: g++.law/temps5.C  Execution test
FAIL: g++.law/temps6.C  Execution test
FAIL: g++.law/virtual2.C  Execution test
FAIL: g++.law/virtual3.C  Execution test
FAIL: g++.law/virtual4.C  Execution test
FAIL: g++.law/vtable3.C  Execution test
FAIL: g++.martin/bitset1.C  Execution test
FAIL: g++.martin/conv1.C  Execution test
FAIL: g++.martin/new1.C  Execution test
FAIL: g++.martin/overload1.C  Execution test
FAIL: g++.martin/pmf1.C  Execution test
FAIL: g++.martin/pmf2.C  Execution test
FAIL: g++.martin/sts_conv.C - should convert Execution test
FAIL: g++.martin/sts_iarr.C  Execution test
FAIL: g++.martin/sts_vectini.C  Execution test
FAIL: g++.mike/align1.C  Execution test
FAIL: g++.mike/align2.C  Execution test
FAIL: g++.mike/asm2.C  Execution test
FAIL: g++.mike/bool2.C  Execution test
FAIL: g++.mike/conv1.C  Execution test
FAIL: g++.mike/dyncast1.C  Execution test
FAIL: g++.mike/dyncast2.C  Execution test
FAIL: g++.mike/dyncast3.C  Execution test
FAIL: g++.mike/dyncast5.C  Execution test
FAIL: g++.mike/dyncast7.C  Execution test
FAIL: g++.mike/dyncast8.C  Execution test
FAIL: g++.mike/dyncast9.C  Execution test
FAIL: g++.mike/eh10.C  Execution test
FAIL: g++.mike/eh12.C  Execution test
FAIL: g++.mike/eh13.C  Execution test
FAIL: g++.mike/eh14.C  Execution test
FAIL: g++.mike/eh16.C  Execution test
FAIL: g++.mike/eh17.C  Execution test
FAIL: g++.mike/eh18.C  Execution test
FAIL: g++.mike/eh2.C  Execution test
FAIL: g++.mike/eh21.C  Execution test
FAIL: g++.mike/eh23.C  Execution test
FAIL: g++.mike/eh24.C  Execution test
FAIL: g++.mike/eh25.C  Execution test
FAIL: g++.mike/eh26.C  Execution test
FAIL: g++.mike/eh27.C  Execution test
FAIL: g++.mike/eh28.C  Execution test
FAIL: g++.mike/eh29.C  Execution test
FAIL: g++.mike/eh3.C  Execution test
FAIL: g++.mike/eh31.C  Execution test
FAIL: g++.mike/eh33.C  Execution test
FAIL: g++.mike/eh34.C  Execution test
FAIL: g++.mike/eh35.C  Execution test
FAIL: g++.mike/eh36.C  Execution test
FAIL: g++.mike/eh37.C  Execution test
FAIL: g++.mike/eh38.C  Execution test
FAIL: g++.mike/eh39.C  Execution test
FAIL: g++.mike/eh40.C  Execution test
FAIL: g++.mike/eh41.C  Execution test
FAIL: g++.mike/eh42.C  Execution test
FAIL: g++.mike/eh44.C  Execution test
FAIL: g++.mike/eh45.C  Execution test
FAIL: g++.mike/eh47.C  Execution test
FAIL: g++.mike/eh48.C  Execution test
FAIL: g++.mike/eh49.C  Execution test
FAIL: g++.mike/eh5.C  Execution test
FAIL: g++.mike/eh50.C  Execution test
FAIL: g++.mike/eh51.C  Execution test
FAIL: g++.mike/eh52.C  Execution test
FAIL: g++.mike/eh53.C  Execution test
FAIL: g++.mike/eh55.C  Execution test
FAIL: g++.mike/eh56.C  Execution test
FAIL: g++.mike/eh59.C  Execution test
FAIL: g++.mike/eh6.C  Execution test
FAIL: g++.mike/eh7.C  Execution test
FAIL: g++.mike/eh8.C  Execution test
FAIL: g++.mike/eh9.C  Execution test
FAIL: g++.mike/hog1.C  Execution test
FAIL: g++.mike/init1.C  Execution test
FAIL: g++.mike/leak1.C  Execution test
FAIL: g++.mike/mangle3.C  Execution test
FAIL: g++.mike/mi1.C  Execution test
FAIL: g++.mike/mi2.C  Execution test
FAIL: g++.mike/misc1.C  Execution test
FAIL: g++.mike/misc13.C  Execution test
FAIL: g++.mike/misc14.C  Execution test
FAIL: g++.mike/net15.C  Execution test
FAIL: g++.mike/net16.C  Execution test
FAIL: g++.mike/net17.C  Execution test
FAIL: g++.mike/net21.C  Execution test
FAIL: g++.mike/net26.C  Execution test
FAIL: g++.mike/net34.C  Execution test
FAIL: g++.mike/net35.C  Execution test
FAIL: g++.mike/net37.C  Execution test
FAIL: g++.mike/net38.C  Execution test
FAIL: g++.mike/net39.C  Execution test
FAIL: g++.mike/net40.C  Execution test
FAIL: g++.mike/net41.C  Execution test
FAIL: g++.mike/net46.C  Execution test
FAIL: g++.mike/ns1.C  Execution test
FAIL: g++.mike/ns10.C  Execution test
FAIL: g++.mike/ns11.C  Execution test
FAIL: g++.mike/ns12.C  Execution test
FAIL: g++.mike/ns2.C  Execution test
FAIL: g++.mike/ns9.C  Execution test
FAIL: g++.mike/offset1.C  Execution test
FAIL: g++.mike/opr-as1.C  Execution test
FAIL: g++.mike/p10148.C  Execution test
FAIL: g++.mike/p10849a.C  Execution test
FAIL: g++.mike/p11144.C  Execution test
FAIL: g++.mike/p11667.C  Execution test
FAIL: g++.mike/p12306.C  Execution test
FAIL: g++.mike/p12306a.C  Execution test
FAIL: g++.mike/p1248.C  Execution test
FAIL: g++.mike/p1567.C  Execution test
FAIL: g++.mike/p16146.C  Execution test
FAIL: g++.mike/p1862.C  Execution test
FAIL: g++.mike/p2394.C  Execution test
FAIL: g++.mike/p2736.C  Execution test
FAIL: g++.mike/p2846.C  Execution test
FAIL: g++.mike/p2846a.C  Execution test
FAIL: g++.mike/p2846b.C  Execution test
FAIL: g++.mike/p2960.C  Execution test
FAIL: g++.mike/p3041.C  Execution test
FAIL: g++.mike/p3060d.C  Execution test
FAIL: g++.mike/p3068.C  Execution test
FAIL: g++.mike/p3139.C  Execution test
FAIL: g++.mike/p3570.C  Execution test
FAIL: g++.mike/p3579.C  Execution test
FAIL: g++.mike/p3708.C  Execution test
FAIL: g++.mike/p3708a.C  Execution test
FAIL: g++.mike/p3708b.C  Execution test
FAIL: g++.mike/p4068.C  Execution test
FAIL: g++.mike/p4104.C  Execution test
FAIL: g++.mike/p4246.C  Execution test
FAIL: g++.mike/p4511.C  Execution test
FAIL: g++.mike/p4623.C  Execution test
FAIL: g++.mike/p4667.C  Execution test
FAIL: g++.mike/p4736a.C  Execution test
FAIL: g++.mike/p4736b.C  Execution test
FAIL: g++.mike/p4736c.C  Execution test
FAIL: g++.mike/p5469.C  Execution test
FAIL: g++.mike/p5469a.C  Execution test
FAIL: g++.mike/p5571.C  Execution test
FAIL: g++.mike/p5611.C  Execution test
FAIL: g++.mike/p5673.C  Execution test
FAIL: g++.mike/p5718.C  Execution test
FAIL: g++.mike/p5840.C  Execution test
FAIL: g++.mike/p5958.C  Execution test
FAIL: g++.mike/p6004.C  Execution test
FAIL: g++.mike/p6311.C  Execution test
FAIL: g++.mike/p646.C  Execution test
FAIL: g++.mike/p658.C  Execution test
FAIL: g++.mike/p6610b.C  Execution test
FAIL: g++.mike/p6611.C  Execution test
FAIL: g++.mike/p6927.C  Execution test
FAIL: g++.mike/p7180.C  Execution test
FAIL: g++.mike/p755.C  Execution test
FAIL: g++.mike/p755a.C  Execution test
FAIL: g++.mike/p7651.C  Execution test
FAIL: g++.mike/p783.C  Execution test
FAIL: g++.mike/p783a.C  Execution test
FAIL: g++.mike/p783b.C  Execution test
FAIL: g++.mike/p786.C  Execution test
FAIL: g++.mike/p7865.C  Execution test
FAIL: g++.mike/p789.C  Execution test
FAIL: g++.mike/p789a.C  Execution test
FAIL: g++.mike/p7912.C  Execution test
FAIL: g++.mike/p8018.C  Execution test
FAIL: g++.mike/p8155.C  Execution test
FAIL: g++.mike/p8483.C  Execution test
FAIL: g++.mike/p8804.C  Execution test
FAIL: g++.mike/p9206.C  Execution test
FAIL: g++.mike/p9706.C  Execution test
FAIL: g++.mike/p9732a.C  Execution test
FAIL: g++.mike/pmf1.C  Execution test
FAIL: g++.mike/pmf2.C  Execution test
FAIL: g++.mike/pmf5.C  Execution test
FAIL: g++.mike/pmf7.C  Execution test
FAIL: g++.mike/pmf8.C  Execution test
FAIL: g++.mike/pmf9.C  Execution test
FAIL: g++.mike/pt1.C - Execution test
FAIL: g++.mike/pt2.C  Execution test
FAIL: g++.mike/ref1.C  Execution test
FAIL: g++.mike/rtti2.C  Execution test
FAIL: g++.mike/rtti3.C  Execution test
FAIL: g++.mike/temp.C  Execution test
FAIL: g++.mike/thunk2.C  Execution test
FAIL: g++.mike/thunk3.C  Execution test
FAIL: g++.mike/virt2.C  Execution test
FAIL: g++.mike/virt4.C  Execution test
FAIL: g++.mike/virt5.C  Execution test
FAIL: g++.mike/virt6.C  Execution test
FAIL: g++.niklas/t140.C  Execution test
FAIL: g++.ns/alias1.C  Execution test
FAIL: g++.ns/alias3.C  Execution test
FAIL: g++.ns/alias5.C  Execution test
FAIL: g++.ns/alias6.C  Execution test
FAIL: g++.ns/anon1.C  Execution test
FAIL: g++.ns/koenig3.C  Execution test
FAIL: g++.ns/koenig4.C  Execution test
FAIL: g++.ns/koenig7.C  Execution test
FAIL: g++.ns/lookup3.C  Execution test
FAIL: g++.ns/new1.C  Execution test
FAIL: g++.ns/ns1.C  Execution test
FAIL: g++.ns/ns12.C  Execution test
FAIL: g++.ns/ns13.C  Execution test
FAIL: g++.ns/ns14.C  Execution test
FAIL: g++.ns/ns2.C  Execution test
FAIL: g++.ns/ns6.C  Execution test
FAIL: g++.ns/overload1.C  Execution test
FAIL: g++.ns/template11.C  Execution test
FAIL: g++.ns/template3.C  Execution test
FAIL: g++.ns/template4.C  Execution test
FAIL: g++.ns/template5.C  Execution test
FAIL: g++.ns/template9.C  Execution test
FAIL: g++.ns/using13.C  Execution test
FAIL: g++.ns/using7.C  Execution test
FAIL: g++.oliva/delete2.C  Execution test
FAIL: g++.oliva/delete3.C  Execution test
FAIL: g++.oliva/delete4.C  Execution test
FAIL: g++.oliva/delete5.C  Execution test
FAIL: g++.oliva/new1.C  Execution test
FAIL: g++.other/addrof1.C  Execution test
FAIL: g++.other/anon2.C  Execution test
FAIL: g++.other/anon3.C  Execution test
FAIL: g++.other/array1.C  Execution test
FAIL: g++.other/array2.C  Execution test
FAIL: g++.other/badopt1.C  Execution test
FAIL: g++.other/cleanup1.C  Execution test
FAIL: g++.other/cleanup2.C  Execution test
FAIL: g++.other/conv4.C  Execution test
FAIL: g++.other/copy1.C  Execution test
FAIL: g++.other/copy2.C  Execution test
FAIL: g++.other/defarg2.C  Execution test
FAIL: g++.other/delete3.C  Execution test
FAIL: g++.other/delete6.C  Execution test
FAIL: g++.other/dtor1.C  Execution test
FAIL: g++.other/dtor5.C  Execution test
FAIL: g++.other/dtor6.C  Execution test
FAIL: g++.other/dyncast1.C  Execution test
FAIL: g++.other/dyncast2.C  Execution test
FAIL: g++.other/dyncast3.C  Execution test
FAIL: g++.other/dyncast4.C  Execution test
FAIL: g++.other/dyncast5.C  Execution test
FAIL: g++.other/empty1.C  Execution test
FAIL: g++.other/enum1.C  Execution test
FAIL: g++.other/field2.C  Execution test
FAIL: g++.other/init1.C  Execution test
FAIL: g++.other/init10.C  Execution test
FAIL: g++.other/init11.C  Execution test
FAIL: g++.other/init2.C  Execution test
FAIL: g++.other/init6.C  Execution test
FAIL: g++.other/init7.C  Execution test
FAIL: g++.other/local3.C  Execution test
FAIL: g++.other/lookup13.C  Execution test
FAIL: g++.other/lookup17.C  Execution test
FAIL: g++.other/lookup3.C  Execution test
FAIL: g++.other/lookup4.C  Execution test
FAIL: g++.other/lookup6.C  Execution test
FAIL: g++.other/lookup7.C  Execution test
FAIL: g++.other/loop1.C  Execution test
FAIL: g++.other/mutable1.C  Execution test
FAIL: g++.other/new3.C  Execution test
FAIL: g++.other/null2.C  Execution test
FAIL: g++.other/overload1.C  Execution test
FAIL: g++.other/overload6.C  Execution test
FAIL: g++.other/overload7.C  Execution test
FAIL: g++.other/overload8.C  Execution test
FAIL: g++.other/overload9.C  Execution test
FAIL: g++.other/pmf1.C  Execution test
FAIL: g++.other/pmf4.C  Execution test
FAIL: g++.other/ptrmem4.C  Execution test
FAIL: g++.other/ref3.C  Execution test
FAIL: g++.other/rtti1.C  Execution test
FAIL: g++.other/rtti2.C  Execution test
FAIL: g++.other/rtti3.C  Execution test
FAIL: g++.other/rtti4.C  Execution test
FAIL: g++.other/rttid2.C  Execution test
FAIL: g++.other/rttid3.C  Execution test
FAIL: g++.other/rttid4.C  Execution test
FAIL: g++.other/singleton.C  Execution test
FAIL: g++.other/sizeof3.C  Execution test
FAIL: g++.other/static4.C  Execution test
FAIL: g++.other/static7.C  Execution test
FAIL: g++.other/temporary1.C  Execution test
FAIL: g++.other/union2.C  Execution test
FAIL: g++.other/vaarg2.C  Execution test
FAIL: g++.other/virtual2.C  Execution test
FAIL: g++.other/virtual3.C  Execution test
FAIL: g++.pt/alignof.C  Execution test
FAIL: g++.pt/array1.C  Execution test
FAIL: g++.pt/auto_ptr.C  Execution test
FAIL: g++.pt/copy1.C  Execution test
FAIL: g++.pt/defarg.C  Execution test
FAIL: g++.pt/defarg2.C  Execution test
FAIL: g++.pt/eichin01a.C  Execution test
FAIL: g++.pt/eichin01b.C  Execution test
FAIL: g++.pt/enum3.C  Execution test
FAIL: g++.pt/enum7.C  Execution test
FAIL: g++.pt/explicit40.C  Execution test
FAIL: g++.pt/explicit42.C  Execution test
FAIL: g++.pt/explicit43.C  Execution test
FAIL: g++.pt/explicit50.C  Execution test
FAIL: g++.pt/explicit51.C  Execution test
FAIL: g++.pt/explicit52.C  Execution test
FAIL: g++.pt/explicit53.C  Execution test
FAIL: g++.pt/explicit54.C  Execution test
FAIL: g++.pt/explicit55.C  Execution test
FAIL: g++.pt/explicit56.C  Execution test
FAIL: g++.pt/explicit57.C  Execution test
FAIL: g++.pt/explicit58.C  Execution test
FAIL: g++.pt/explicit59.C  Execution test
FAIL: g++.pt/explicit60.C  Execution test
FAIL: g++.pt/explicit61.C  Execution test
FAIL: g++.pt/explicit62.C  Execution test
FAIL: g++.pt/explicit63.C  Execution test
FAIL: g++.pt/explicit64.C  Execution test
FAIL: g++.pt/explicit65.C  Execution test
FAIL: g++.pt/explicit66.C  Execution test
FAIL: g++.pt/explicit74.C  Execution test
FAIL: g++.pt/expr1.C  Execution test
FAIL: g++.pt/fntry1.C  Execution test
FAIL: g++.pt/friend1.C  Execution test
FAIL: g++.pt/friend10.C  Execution test
FAIL: g++.pt/friend12.C  Execution test
FAIL: g++.pt/friend13.C  Execution test
FAIL: g++.pt/friend4.C  Execution test
FAIL: g++.pt/friend5.C  Execution test
FAIL: g++.pt/friend6.C  Execution test
FAIL: g++.pt/friend7.C  Execution test
FAIL: g++.pt/friend8.C  Execution test
FAIL: g++.pt/friend9.C  Execution test
FAIL: g++.pt/inherit1.C  Execution test
FAIL: g++.pt/local1.C  Execution test
FAIL: g++.pt/local2.C  Execution test
FAIL: g++.pt/local3.C  Execution test
FAIL: g++.pt/local4.C  Execution test
FAIL: g++.pt/local5.C  Execution test
FAIL: g++.pt/local6.C  Execution test
FAIL: g++.pt/lookup3.C  Execution test
FAIL: g++.pt/memclass1.C  Execution test
FAIL: g++.pt/memclass2.C  Execution test
FAIL: g++.pt/memclass3.C  Execution test
FAIL: g++.pt/memclass4.C  Execution test
FAIL: g++.pt/memclass5.C  Execution test
FAIL: g++.pt/memclass6.C  Execution test
FAIL: g++.pt/memclass7.C  Execution test
FAIL: g++.pt/memtemp28.C  Execution test
FAIL: g++.pt/memtemp63.C  Execution test
FAIL: g++.pt/memtemp67.C  Execution test
FAIL: g++.pt/memtemp69.C  Execution test
FAIL: g++.pt/memtemp73.C  Execution test
FAIL: g++.pt/memtemp77.C  Execution test
FAIL: g++.pt/mi1.C  Execution test
FAIL: g++.pt/nttp1.C  Execution test
FAIL: g++.pt/nttp2.C  Execution test
FAIL: g++.pt/overload1.C  Execution test
FAIL: g++.pt/overload10.C  Execution test
FAIL: g++.pt/overload12.C  Execution test
FAIL: g++.pt/overload6.C  Execution test
FAIL: g++.pt/overload9.C  Execution test
FAIL: g++.pt/parms1.C  Execution test
FAIL: g++.pt/partial1.C  Execution test
FAIL: g++.pt/partial3.C  Execution test
FAIL: g++.pt/ptrmem1.C  Execution test
FAIL: g++.pt/ptrmem2.C  Execution test
FAIL: g++.pt/recursion2.C  Execution test
FAIL: g++.pt/sizeof.C  Execution test
FAIL: g++.pt/sizeof2.C  Execution test
FAIL: g++.pt/sizeof3.C  Execution test
FAIL: g++.pt/spec10.C  Execution test
FAIL: g++.pt/spec11.C  Execution test
FAIL: g++.pt/spec12.C  Execution test
FAIL: g++.pt/spec13.C  Execution test
FAIL: g++.pt/spec15.C  Execution test
FAIL: g++.pt/spec29.C  Execution test
FAIL: g++.pt/spec3.C  Execution test
FAIL: g++.pt/spec30.C  Execution test
FAIL: g++.pt/spec7.C  Execution test
FAIL: g++.pt/spec8.C  Execution test
FAIL: g++.pt/static1.C  Execution test
FAIL: g++.pt/static3.C  Execution test
FAIL: g++.pt/static8.C  Execution test
FAIL: g++.pt/stmtexpr.C  Execution test
FAIL: g++.pt/stmtexpr2.C  Execution test
FAIL: g++.pt/t16.C  Execution test
FAIL: g++.pt/t39.C  Execution test
FAIL: g++.pt/t42.C - this should work Execution test
FAIL: g++.pt/tiemann2.C  Execution test
FAIL: g++.pt/ttp11.C  Execution test
FAIL: g++.pt/ttp12.C  Execution test
FAIL: g++.pt/ttp13.C  Execution test
FAIL: g++.pt/ttp14.C  Execution test
FAIL: g++.pt/ttp15.C  Execution test
FAIL: g++.pt/ttp16.C  Execution test
FAIL: g++.pt/ttp17.C  Execution test
FAIL: g++.pt/ttp18.C  Execution test
FAIL: g++.pt/ttp19.C  Execution test
FAIL: g++.pt/ttp20.C  Execution test
FAIL: g++.pt/ttp21.C  Execution test
FAIL: g++.pt/ttp22.C  Execution test
FAIL: g++.pt/ttp23.C  Execution test
FAIL: g++.pt/ttp24.C  Execution test
FAIL: g++.pt/ttp25.C  Execution test
FAIL: g++.pt/ttp26.C  Execution test
FAIL: g++.pt/ttp27.C  Execution test
FAIL: g++.pt/ttp28.C  Execution test
FAIL: g++.pt/ttp29.C  Execution test
FAIL: g++.pt/ttp30.C  Execution test
FAIL: g++.pt/ttp31.C  Execution test
FAIL: g++.pt/ttp32.C  Execution test
FAIL: g++.pt/ttp33.C  Execution test
FAIL: g++.pt/ttp34.C  Execution test
FAIL: g++.pt/ttp35.C  Execution test
FAIL: g++.pt/ttp36.C  Execution test
FAIL: g++.pt/ttp37.C  Execution test
FAIL: g++.pt/ttp38.C  Execution test
FAIL: g++.pt/ttp39.C  Execution test
FAIL: g++.pt/ttp40.C  Execution test
FAIL: g++.pt/ttp41.C  Execution test
FAIL: g++.pt/ttp42.C  Execution test
FAIL: g++.pt/ttp47.C  Execution test
FAIL: g++.pt/ttp48.C  Execution test
FAIL: g++.pt/ttp50.C  Execution test
FAIL: g++.pt/ttp51.C  Execution test
FAIL: g++.pt/ttp6.C  Execution test
FAIL: g++.pt/ttp8.C  Execution test
FAIL: g++.pt/ttp9.C  Execution test
FAIL: g++.pt/typename9.C  Execution test
FAIL: g++.pt/vaarg.C  Execution test
FAIL: g++.pt/vbase1.C  Execution test
FAIL: g++.pt/virtual1.C  Execution test
FAIL: g++.pt/virtual4.C  Execution test
FAIL: g++.robertl/980310-1.C  Execution test
FAIL: g++.robertl/eb102.C  Execution test
FAIL: g++.robertl/eb104.C  Execution test
FAIL: g++.robertl/eb111.C  Execution test
FAIL: g++.robertl/eb114.C  Execution test
FAIL: g++.robertl/eb115.C  Execution test
FAIL: g++.robertl/eb116.C  Execution test
FAIL: g++.robertl/eb118.C  Execution test
FAIL: g++.robertl/eb120.C  Execution test
FAIL: g++.robertl/eb126.C  Execution test
FAIL: g++.robertl/eb127.C  Execution test
FAIL: g++.robertl/eb14.C  Execution test
FAIL: g++.robertl/eb21.C  Execution test
FAIL: g++.robertl/eb26.C  Execution test
FAIL: g++.robertl/eb27.C  Execution test
FAIL: g++.robertl/eb31.C  Execution test
FAIL: g++.robertl/eb33.C  Execution test
FAIL: g++.robertl/eb41.C  Execution test
FAIL: g++.robertl/eb46.C  Execution test
FAIL: g++.robertl/eb50.C  Execution test
FAIL: g++.robertl/eb54.C  Execution test
FAIL: g++.robertl/eb58.C  Execution test
FAIL: g++.robertl/eb59.C  Execution test
FAIL: g++.robertl/eb63.C  Execution test
FAIL: g++.robertl/eb65.C  Execution test
FAIL: g++.robertl/eb66.C  Execution test
FAIL: g++.robertl/eb69.C  Execution test
FAIL: g++.robertl/eb73.C  Execution test
FAIL: g++.robertl/eb77.C  Execution test
FAIL: g++.robertl/eb83.C  Execution test
FAIL: g++.robertl/eb84.C  Execution test
FAIL: g++.robertl/eb88.C  Execution test
FAIL: g++.robertl/eb91.C  Execution test
FAIL: g++.robertl/eb95.C  Execution test
FAIL: g++.robertl/eb97.C  Execution test
FAIL: g++.robertl/ebnull-cast.C  Execution test
FAIL: g++.robertl/ebnull-oldcast.C  Execution test
FAIL: g++.robertl/ebnull.C  Execution test
FAIL: g++.robertl/eh990323-1.C  Execution test
FAIL: g++.robertl/eh990323-2.C  Execution test
FAIL: g++.robertl/eh990323-3.C  Execution test
FAIL: g++.robertl/eh990323-4.C  Execution test
FAIL: g++.robertl/eh990323-5.C  Execution test
FAIL: g++.robertl/ice990323-2.C  Execution test

		=== g++ Summary ===

# of expected passes		4937
# of unexpected failures	771
# of expected failures		97
# of untested testcases		8
/home/ronis/Project/notar/objdir/gcc/testsuite/../g++ version 2.96 20000207 (experimental)

		=== g77 tests ===


Running target unix

		=== g77 Summary ===

# of expected passes		664
		=== objc tests ===


Running target unix
FAIL: objc/execute/bf-1.m compilation,  -O 
FAIL: objc/execute/bf-10.m compilation,  -O 
FAIL: objc/execute/bf-11.m compilation,  -O 
FAIL: objc/execute/bf-12.m compilation,  -O 
FAIL: objc/execute/bf-13.m compilation,  -O 
FAIL: objc/execute/bf-14.m compilation,  -O 
FAIL: objc/execute/bf-15.m compilation,  -O 
FAIL: objc/execute/bf-16.m compilation,  -O 
FAIL: objc/execute/bf-17.m compilation,  -O 
FAIL: objc/execute/bf-18.m compilation,  -O 
FAIL: objc/execute/bf-19.m compilation,  -O 
FAIL: objc/execute/bf-2.m compilation,  -O 
FAIL: objc/execute/bf-3.m compilation,  -O 
FAIL: objc/execute/bf-4.m compilation,  -O 
FAIL: objc/execute/bf-5.m compilation,  -O 
FAIL: objc/execute/bf-6.m compilation,  -O 
FAIL: objc/execute/bf-7.m compilation,  -O 
FAIL: objc/execute/bf-8.m compilation,  -O 
FAIL: objc/execute/bf-9.m compilation,  -O 

		=== objc Summary ===

# of unexpected failures	19
# of untested testcases		19
/home/ronis/Project/notar/objdir/gcc/xgcc version 2.96 20000207 (experimental)

		=== libstdc++ tests ===


Running target unix
FAIL: tcomplex.cc execution
FAIL: tcomplex.cc -O execution
FAIL: tlist.cc execution
FAIL: tlist.cc -O execution
FAIL: tmap.cc execution
FAIL: tmap.cc -O execution
FAIL: tstring.cc execution
FAIL: tstring.cc -O execution
FAIL: tvector.cc execution
FAIL: tvector.cc -O execution

		=== libstdc++ Summary ===

# of expected passes		10
# of unexpected failures	10
# of expected failures		10

Compiler version: 2.96 20000207 (experimental) 
Platform: i586-pc-linux-gnu
configure flags: --with-gcc-version-trigger=/home/ronis/Project/notar/egcs/gcc/version.c --host=i586-pc-linux-gnu --with-gnu-as --prefix=/usr --enable-shared --with-gnu-ld --norecursion
BOOT_CFLAGS=-O3 -march=pentium -funroll-loops -fomit-frame-pointer -fstrict-aliasing -malign-double -fforce-mem -fforce-addr

Index Nav: [Date Index] [Subject Index] [Author Index] [Thread Index]
Message Nav: [Date Prev] [Date Next] [Thread Prev] [Thread Next]