This is the mail archive of the
gcc-testresults@gcc.gnu.org
mailing list for the GCC project.
Results for haifa-enabled 2.96 20000117 (experimental) testsuite on mips-sgi-irix6.5
- To: "'gcc-testresults at gcc dot gnu dot org'" <gcc-testresults at gcc dot gnu dot org>
- Subject: Results for haifa-enabled 2.96 20000117 (experimental) testsuite on mips-sgi-irix6.5
- From: "Billinghurst, David (RTD)" <David dot Billinghurst at riotinto dot com dot au>
- Date: Tue, 18 Jan 2000 09:59:13 -0000
Native configuration is mips-sgi-irix6.5
=== objc tests ===
Running target unix
=== objc Summary ===
# of expected passes 38
/exd4/billingd/obj/egcs-20000117-parallel-gcc/gcc/xgcc version 2.96 20000117
(experimental)
=== gcc tests ===
Running target unix
FAIL: gcc.c-torture/compile/991229-3.c, -O3 -fomit-frame-pointer
-funroll-loops
FAIL: gcc.c-torture/compile/991229-3.c, -O3 -fomit-frame-pointer
-funroll-all-loops -finline-functions
FAIL: gcc.c-torture/compile/20000105-1.c, -O1
FAIL: gcc.c-torture/compile/991213-2.c, -O2
FAIL: gcc.c-torture/compile/991213-2.c, -O3 -fomit-frame-pointer
FAIL: gcc.c-torture/compile/991213-2.c, -O3 -fomit-frame-pointer
-funroll-loops
FAIL: gcc.c-torture/compile/991213-2.c, -O3 -fomit-frame-pointer
-funroll-all-loops -finline-functions
FAIL: gcc.c-torture/compile/991213-2.c, -O3 -g
FAIL: gcc.c-torture/compile/991213-2.c, -Os
FAIL: gcc.c-torture/compile/991127-1.c, -O2
FAIL: gcc.c-torture/compile/991127-1.c, -Os
FAIL: gcc.c-torture/compile/930506-2.c, -O3 -g
FAIL: gcc.c-torture/compile/920415-1.c, -O3 -g
FAIL: gcc.c-torture/execute/920415-1.c compilation, -O3 -g
FAIL: gcc.c-torture/execute/920612-2.c compilation, -O3 -g
FAIL: gcc.c-torture/execute/920721-4.c compilation, -O3 -g
FAIL: gcc.c-torture/execute/921017-1.c compilation, -O3 -g
FAIL: gcc.c-torture/execute/921215-1.c compilation, -O3 -g
FAIL: gcc.c-torture/execute/931002-1.c compilation, -O3 -g
FAIL: gcc.c-torture/execute/991202-3.c execution, -O0
FAIL: gcc.c-torture/execute/991202-3.c execution, -O1
FAIL: gcc.c-torture/execute/991202-3.c execution, -O2
FAIL: gcc.c-torture/execute/991202-3.c execution, -O3 -fomit-frame-pointer
FAIL: gcc.c-torture/execute/991202-3.c execution, -O3 -g
FAIL: gcc.c-torture/execute/991202-3.c execution, -Os
FAIL: gcc.c-torture/execute/991221-1.c execution, -O1
FAIL: gcc.c-torture/execute/991221-1.c execution, -O2
FAIL: gcc.c-torture/execute/991221-1.c execution, -O3 -fomit-frame-pointer
FAIL: gcc.c-torture/execute/991221-1.c execution, -O3 -g
FAIL: gcc.c-torture/execute/991221-1.c execution, -Os
FAIL: gcc.c-torture/execute/nestfunc-1.c compilation, -O3 -g
XPASS: gcc.c-torture/execute/memcheck/blkarg.c execution, -O0
XPASS: gcc.c-torture/execute/memcheck/blkarg.c execution, -O1
XPASS: gcc.c-torture/execute/memcheck/blkarg.c execution, -O2
XPASS: gcc.c-torture/execute/memcheck/blkarg.c execution, -Os
FAIL: gcc.dg/20000111-1.c (test for excess errors)
FAIL: alias-1.c
FAIL: wkali-1.c
FAIL: wkali-2b.o
=== gcc Summary ===
# of expected passes 8967
# of unexpected failures 35
# of unexpected successes 4
# of expected failures 28
# of unresolved testcases 7
# of unsupported tests 32
/exd4/billingd/obj/egcs-20000117-parallel-gcc/gcc/xgcc version 2.96 20000117
(experimental)
=== g77 tests ===
Running target unix
=== g77 Summary ===
# of expected passes 664
=== g++ tests ===
Running target unix
FAIL: g++.dg/special/conpr-1.C execution test
FAIL: g++.dg/special/conpr-2.C execution test
FAIL: g++.dg/special/conpr-3.C execution test
FAIL: g++.dg/special/conpr-3.C execution test
FAIL: g++.ext/initp1.C Execution test
=== g++ Summary ===
# of expected passes 5668
# of unexpected failures 5
# of expected failures 100
# of untested testcases 18
/exd4/billingd/obj/egcs-20000117-parallel-gcc/gcc/testsuite/../xgcc version
2.96 20000117 (experimental)
=== libstdc++ tests ===
Running target unix
=== libstdc++ Summary ===
# of expected passes 30
=== libio tests ===
Running target unix
=== libio Summary ===
# of expected passes 40
Compiler version: haifa-enabled 2.96 20000117 (experimental)
Platform: mips-sgi-irix6.5
configure flags:
--with-gcc-version-trigger=/exd4/billingd/src/egcs-20000117/gcc/version.c
--host=mips-sgi-irix6.5 --enable-shared --enable-haifa --enable-pthreads
--prefix=/exd4/billingd/tmp/egcs-20000117 --norecursion