This is the mail archive of the
gcc-testresults@gcc.gnu.org
mailing list for the GCC project.
Results for 2.96 20000110 (experimental) testsuite on powerpc-ibm-aix4.1.5.0
- To: gcc-testresults at gcc dot gnu dot org
- Subject: Results for 2.96 20000110 (experimental) testsuite on powerpc-ibm-aix4.1.5.0
- From: Alexandre Oliva <oliva at lsd dot ic dot unicamp dot br>
- Date: Tue, 18 Jan 2000 00:40:44 -0200
Native configuration is powerpc-ibm-aix4.1.5.0
=== g77 tests ===
Running target unix
=== g77 Summary ===
# of expected passes 654
=== gcc tests ===
Running target unix
FAIL: gcc.c-torture/compile/991229-3.c, -O3 -fomit-frame-pointer -funroll-loops
FAIL: gcc.c-torture/compile/991229-3.c, -O3 -fomit-frame-pointer -funroll-all-loops -finline-functions
FAIL: gcc.c-torture/compile/20000105-1.c, -O1
FAIL: gcc.c-torture/execute/920501-6.c compilation, -O3 -g
FAIL: gcc.c-torture/execute/920501-8.c compilation, -O0
FAIL: gcc.c-torture/execute/920501-8.c compilation, -O1
FAIL: gcc.c-torture/execute/920501-8.c compilation, -O2
FAIL: gcc.c-torture/execute/920501-8.c compilation, -O3 -fomit-frame-pointer
FAIL: gcc.c-torture/execute/920501-8.c compilation, -O3 -g
FAIL: gcc.c-torture/execute/920501-8.c compilation, -Os
FAIL: gcc.c-torture/execute/920726-1.c compilation, -O0
FAIL: gcc.c-torture/execute/920726-1.c compilation, -O1
FAIL: gcc.c-torture/execute/920726-1.c compilation, -O2
FAIL: gcc.c-torture/execute/920726-1.c compilation, -O3 -fomit-frame-pointer
FAIL: gcc.c-torture/execute/920726-1.c compilation, -O3 -fomit-frame-pointer -funroll-loops
FAIL: gcc.c-torture/execute/920726-1.c compilation, -O3 -fomit-frame-pointer -funroll-all-loops -finline-functions
FAIL: gcc.c-torture/execute/920726-1.c compilation, -O3 -g
FAIL: gcc.c-torture/execute/920726-1.c compilation, -Os
FAIL: gcc.c-torture/execute/931004-12.c execution, -O0
FAIL: gcc.c-torture/execute/931004-12.c execution, -O1
FAIL: gcc.c-torture/execute/931004-12.c execution, -O2
FAIL: gcc.c-torture/execute/931004-12.c execution, -O3 -fomit-frame-pointer
FAIL: gcc.c-torture/execute/931004-12.c execution, -O3 -fomit-frame-pointer -funroll-loops
FAIL: gcc.c-torture/execute/931004-12.c execution, -O3 -fomit-frame-pointer -funroll-all-loops -finline-functions
FAIL: gcc.c-torture/execute/931004-12.c execution, -O3 -g
FAIL: gcc.c-torture/execute/931004-12.c execution, -Os
FAIL: gcc.c-torture/execute/931009-1.c compilation, -O3 -g
FAIL: gcc.c-torture/execute/961125-1.c compilation, -O3 -g
FAIL: gcc.c-torture/execute/991202-3.c execution, -O0
FAIL: gcc.c-torture/execute/991202-3.c execution, -O1
FAIL: gcc.c-torture/execute/991202-3.c execution, -O2
FAIL: gcc.c-torture/execute/991202-3.c execution, -O3 -fomit-frame-pointer
FAIL: gcc.c-torture/execute/991202-3.c execution, -O3 -g
FAIL: gcc.c-torture/execute/991202-3.c execution, -Os
FAIL: gcc.c-torture/execute/991221-1.c execution, -O1
FAIL: gcc.c-torture/execute/991221-1.c execution, -O2
FAIL: gcc.c-torture/execute/991221-1.c execution, -O3 -fomit-frame-pointer
FAIL: gcc.c-torture/execute/991221-1.c execution, -O3 -g
FAIL: gcc.c-torture/execute/991221-1.c execution, -Os
FAIL: gcc.c-torture/execute/cmpdi-1.c compilation, -O3 -g
FAIL: gcc.c-torture/execute/loop-2b.c compilation, -O3 -g
XPASS: gcc.c-torture/execute/memcheck/blkarg.c execution, -O0
XPASS: gcc.c-torture/execute/memcheck/blkarg.c execution, -O1
XPASS: gcc.c-torture/execute/memcheck/blkarg.c execution, -O2
XPASS: gcc.c-torture/execute/memcheck/blkarg.c execution, -O3 -fomit-frame-pointer
XPASS: gcc.c-torture/execute/memcheck/blkarg.c execution, -O3 -g
XPASS: gcc.c-torture/execute/memcheck/blkarg.c execution, -Os
FAIL: gcc.c-torture/noncompile/990416-1.c
FAIL: gcc.c-torture/noncompile/990416-1.c
FAIL: gcc.c-torture/noncompile/990416-1.c
FAIL: gcc.c-torture/noncompile/990416-1.c
FAIL: gcc.c-torture/noncompile/poison-1.c
FAIL: gcc.dg/cast-qual-1.c discarding `const' warning (test for bogus messages, line 11)
FAIL: gcc.dg/cast-qual-1.c discarding `const' warning (test for warnings, line 17)
FAIL: gcc.dg/special/alias-1.c (test for excess errors)
FAIL: gcc.dg/special/wkali-1.c (test for excess errors)
=== gcc Summary ===
# of expected passes 8906
# of unexpected failures 50
# of unexpected successes 6
# of expected failures 26
# of unresolved testcases 19
# of unsupported tests 35
/tmp/egcs/gcc/xgcc version 2.96 20000110 (experimental)
=== libio tests ===
Running target unix
FAIL: hounddog.cc execution
FAIL: hounddog.cc execution -b0
FAIL: hounddog.cc execution -b2
FAIL: putbackdog.cc compilation
FAIL: putbackdog.cc compilation -b0
FAIL: putbackdog.cc compilation -b2
FAIL: tFile.cc compilation
FAIL: tFile.cc compilation -b0
FAIL: tFile.cc compilation -b3
FAIL: tfformat.c compilation
FAIL: tiomanip.cc execution
FAIL: tiomisc.cc compilation
=== libio Summary ===
# of expected passes 9
# of unexpected failures 12
# of expected failures 19
Compiler version: 2.96 20000110 (experimental)
Platform: powerpc-ibm-aix4.1.5.0
BOOT_CFLAGS: -g -O9 -W -Wall
Counting all warnings,
there are 280 warnings in stage3 of this bootstrap.
Number of warnings per file:
86 /home/lsd/oliva/src/egcs/gcc/toplev.c
20 /home/lsd/oliva/src/egcs/gcc/config/rs6000/rs6000.md
16 /home/lsd/oliva/src/egcs/gcc/cp/search.c
14 /home/lsd/oliva/src/egcs/gcc/f/global.c
12 /home/lsd/oliva/src/egcs/gcc/java/lex.c
10 /home/lsd/oliva/src/egcs/gcc/f/storag.c
8 /home/lsd/oliva/src/egcs/gcc/f/lex.c
8 /home/lsd/oliva/src/egcs/gcc/f/equiv.c
6 /home/lsd/oliva/src/egcs/gcc/f/expr.c
6 /home/lsd/oliva/src/egcs/gcc/cp/class.c
6 /home/lsd/oliva/src/egcs/gcc/bitmap.c
6 ./parse.y
5 /home/lsd/oliva/src/egcs/gcc/final.c
5 /home/lsd/oliva/src/egcs/gcc/expr.c
5 /home/lsd/oliva/src/egcs/gcc/cp/decl.c
4 insn-emit.c
4 cexp.y
4 /home/lsd/oliva/src/egcs/gcc/varasm.c
4 /home/lsd/oliva/src/egcs/gcc/f/ste.c
4 /home/lsd/oliva/src/egcs/gcc/combine.c
3 /home/lsd/oliva/src/egcs/gcc/config/rs6000/rs6000.c
3 /home/lsd/oliva/src/egcs/gcc/collect2.c
3 /home/lsd/oliva/src/egcs/gcc/cccp.c
3 /home/lsd/oliva/src/egcs/gcc/c-typeck.c
2 str-ot.j
2 str-1t.j
2 /home/lsd/oliva/src/egcs/gcc/fold-const.c
2 /home/lsd/oliva/src/egcs/gcc/f/symbol.c
2 /home/lsd/oliva/src/egcs/gcc/f/std.c
2 /home/lsd/oliva/src/egcs/gcc/f/com.c
2 /home/lsd/oliva/src/egcs/gcc/f/bad.c
2 /home/lsd/oliva/src/egcs/gcc/builtins.c
1 str-op.j
1 str-nq.j
1 str-io.j
1 str-fo.j
1 str-2t.j
1 insn-recog.c
1 /home/lsd/oliva/src/egcs/gcc/unroll.c
1 /home/lsd/oliva/src/egcs/gcc/stor-layout.c
1 /home/lsd/oliva/src/egcs/gcc/reload1.c
1 /home/lsd/oliva/src/egcs/gcc/reload.c
1 /home/lsd/oliva/src/egcs/gcc/regmove.c
1 /home/lsd/oliva/src/egcs/gcc/optabs.c
1 /home/lsd/oliva/src/egcs/gcc/gcov-io.h
1 /home/lsd/oliva/src/egcs/gcc/gcc.c
1 /home/lsd/oliva/src/egcs/gcc/dbxout.c
1 /home/lsd/oliva/src/egcs/gcc/cppinit.c
1 /home/lsd/oliva/src/egcs/gcc/cp/tree.c
1 /home/lsd/oliva/src/egcs/gcc/cp/pt.c
1 /home/lsd/oliva/src/egcs/gcc/cp/error.c
Number of warning types:
57 Use of ANSI string concatenation
43 missing initializer
43 (near initialization for `???')
42 signed and unsigned type in conditional expression
18 comparison between signed and unsigned
15 format not a string literal, argument types not checked
14 `long' switch expression not converted to `int' in ANSI C
12 variable `???' might be clobbered by `longjmp' or `vfork'
9 source missing a mode?
5 operand 1 missing mode?
4 `???' might be used uninitialized in this function
3 right shift count >= width of type
2 implicit declaration of function `???'
2 destination operand 0 allows non-lvalue
2 assignment discards qualifiers from pointer target type
1 unused variable `???'
1 suggest parentheses around comparison in operand of &
1 passing arg ??? of `???' discards qualifiers from pointer target type
1 operand 5 missing mode?
1 operand 4 missing mode?
1 operand 3 missing mode?
1 operand 0 missing mode?
1 left shift count >= width of type
1 `???' defined but not used