This is the mail archive of the
gcc-testresults@gcc.gnu.org
mailing list for the GCC project.
Results for 2.96 20000110 (experimental) testsuite on i586-sco-sysv5uw7.1.0
- To: gcc-testresults at gcc dot gnu dot org
- Subject: Results for 2.96 20000110 (experimental) testsuite on i586-sco-sysv5uw7.1.0
- From: Rodney Brown <rdb at localhost>
- Date: Thu, 13 Jan 2000 22:52:06 +1100
Native configuration is i586-sco-sysv5uw7.1.0
=== libio tests ===
Running target unix
=== libio Summary ===
# of expected passes 40
=== libstdc++ tests ===
Running target unix
=== libstdc++ Summary ===
# of expected passes 30
=== gcc tests ===
Running target unix
FAIL: gcc.c-torture/compile/920410-1.c, -O3 -g
FAIL: gcc.c-torture/compile/920415-1.c, -O3 -g
FAIL: gcc.c-torture/compile/920501-16.c, -O3 -g
FAIL: gcc.c-torture/compile/920928-3.c, -O3 -g
FAIL: gcc.c-torture/compile/930503-2.c, -O3 -g
FAIL: gcc.c-torture/compile/930506-2.c, -O3 -g
FAIL: gcc.c-torture/compile/930530-1.c, -O3 -g
FAIL: gcc.c-torture/compile/930611-1.c, -O3 -g
FAIL: gcc.c-torture/compile/931018-1.c, -O3 -g
FAIL: gcc.c-torture/compile/941111-1.c, -O3 -g
FAIL: gcc.c-torture/compile/950921-1.c, -O3 -g
FAIL: gcc.c-torture/compile/990928-1.c, -O3 -g
FAIL: gcc.c-torture/compile/991026-1.c, -O3 -g
FAIL: gcc.c-torture/compile/labels-2.c, -O2
FAIL: gcc.c-torture/compile/labels-2.c, -O3 -fomit-frame-pointer
FAIL: gcc.c-torture/compile/labels-2.c, -O3 -g
FAIL: gcc.c-torture/compile/labels-2.c, -Os
FAIL: gcc.c-torture/compile/20000105-1.c, -O1
FAIL: gcc.c-torture/execute/920415-1.c compilation, -O3 -g
FAIL: gcc.c-torture/execute/920501-7.c compilation, -O2
FAIL: gcc.c-torture/execute/920501-7.c compilation, -O3 -fomit-frame-pointer
FAIL: gcc.c-torture/execute/920501-7.c compilation, -O3 -g
FAIL: gcc.c-torture/execute/920612-2.c compilation, -O3 -g
FAIL: gcc.c-torture/execute/920721-4.c compilation, -O2
FAIL: gcc.c-torture/execute/920721-4.c compilation, -O3 -g
FAIL: gcc.c-torture/execute/921016-1.c compilation, -O3 -g
FAIL: gcc.c-torture/execute/921017-1.c compilation, -O3 -g
FAIL: gcc.c-torture/execute/921215-1.c compilation, -O3 -g
FAIL: gcc.c-torture/execute/930621-1.c compilation, -O3 -g
FAIL: gcc.c-torture/execute/930630-1.c compilation, -O3 -g
FAIL: gcc.c-torture/execute/930930-2.c compilation, -O3 -g
FAIL: gcc.c-torture/execute/931002-1.c compilation, -O3 -g
FAIL: gcc.c-torture/execute/950607-1.c compilation, -O3 -g
FAIL: gcc.c-torture/execute/980506-2.c compilation, -O3 -g
FAIL: gcc.c-torture/execute/990413-2.c compilation, -O3 -g
FAIL: gcc.c-torture/execute/990531-1.c compilation, -O3 -g
FAIL: gcc.c-torture/execute/991202-3.c execution, -O0
FAIL: gcc.c-torture/execute/991202-3.c execution, -O1
FAIL: gcc.c-torture/execute/991202-3.c execution, -O2
FAIL: gcc.c-torture/execute/991202-3.c execution, -O3 -fomit-frame-pointer
FAIL: gcc.c-torture/execute/991202-3.c execution, -O3 -g
FAIL: gcc.c-torture/execute/991202-3.c execution, -Os
FAIL: gcc.c-torture/execute/991221-1.c execution, -O1
FAIL: gcc.c-torture/execute/991221-1.c execution, -O2
FAIL: gcc.c-torture/execute/991221-1.c execution, -O3 -fomit-frame-pointer
FAIL: gcc.c-torture/execute/991221-1.c execution, -O3 -g
FAIL: gcc.c-torture/execute/991221-1.c execution, -Os
FAIL: gcc.c-torture/execute/bf-sign-1.c compilation, -O3 -g
FAIL: gcc.c-torture/execute/nestfunc-1.c compilation, -O3 -g
FAIL: gcc.c-torture/execute/ieee/930529-1.c compilation, -O3 -g
FAIL: gcc.c-torture/execute/ieee/minuszero.c compilation, -O3 -g
FAIL: gcc.c-torture/noncompile/920616-2.c
FAIL: gcc.c-torture/noncompile/920616-2.c
FAIL: gcc.c-torture/noncompile/920616-2.c
FAIL: gcc.c-torture/noncompile/920616-2.c
FAIL: gcc.c-torture/noncompile/920616-2.c
FAIL: gcc.c-torture/noncompile/920616-2.c
FAIL: gcc.c-torture/noncompile/920616-2.c
FAIL: gcc.c-torture/noncompile/920616-2.c
FAIL: gcc.c-torture/noncompile/921116-1.c
FAIL: gcc.c-torture/noncompile/921116-1.c
FAIL: gcc.c-torture/noncompile/921116-1.c
FAIL: gcc.c-torture/noncompile/921116-1.c
FAIL: gcc.c-torture/noncompile/921116-1.c
FAIL: gcc.c-torture/noncompile/921116-1.c
FAIL: gcc.c-torture/noncompile/921116-1.c
FAIL: gcc.c-torture/noncompile/921116-1.c
FAIL: gcc.c-torture/noncompile/950825-1.c
FAIL: gcc.c-torture/special/eeprof-1.c compilation, -O0
FAIL: gcc.c-torture/special/eeprof-1.c compilation, -O1
FAIL: gcc.c-torture/special/eeprof-1.c compilation, -O2
FAIL: gcc.c-torture/special/eeprof-1.c compilation, -O3 -fomit-frame-pointer
FAIL: gcc.c-torture/special/eeprof-1.c compilation, -O3 -g
FAIL: gcc.c-torture/special/eeprof-1.c compilation, -Os
FAIL: gcc.dg/990213-2.c (test for excess errors)
FAIL: gcc.dg/991214-1.c (test for excess errors)
FAIL: gcc.dg/cast-qual-1.c discarding `const' warning (test for bogus messages, line 11)
FAIL: gcc.dg/cast-qual-1.c discarding `const' warning (test for warnings, line 17)
=== gcc Summary ===
# of expected passes 8892
# of unexpected failures 78
# of expected failures 26
# of unresolved testcases 31
# of unsupported tests 14
/devel/src/egcs-20000110.chk/gcc/xgcc version 2.96 20000110 (experimental)
=== g++ tests ===
Running target unix
FAIL: g++.dg/special/conpr-1.C execution test
FAIL: g++.dg/special/conpr-2.C execution test
FAIL: g++.dg/special/conpr-3.C execution test
FAIL: g++.dg/special/conpr-3.C execution test
FAIL: g++.brendan/code-gen5.C (test for excess errors)
FAIL: g++.brendan/crash60.C caused compiler crash
FAIL: g++.bugs/900407_02.C (test for excess errors)
FAIL: g++.eh/spec2.C Execution test
FAIL: g++.eh/spec3.C Execution test
FAIL: g++.ext/initp1.C Execution test
FAIL: g++.law/cvt21.C caused compiler crash
FAIL: g++.law/cvt5.C caused compiler crash
FAIL: g++.law/init10.C caused compiler crash
FAIL: g++.law/profile1.C (test for excess errors)
FAIL: g++.mike/dyncast1.C Execution test
FAIL: g++.mike/dyncast2.C Execution test
FAIL: g++.mike/eh33.C Execution test
FAIL: g++.mike/eh50.C Execution test
FAIL: g++.mike/eh51.C Execution test
FAIL: g++.mike/warn4.C caused compiler crash
FAIL: g++.ns/ns17.C caused compiler crash
FAIL: g++.oliva/expr1.C caused compiler crash
FAIL: g++.oliva/template7.C caused compiler crash
FAIL: g++.other/decl4.C caused compiler crash
FAIL: g++.other/incomplete.C caused compiler crash
FAIL: g++.other/mangle2.C caused compiler crash
FAIL: g++.other/sizeof2.C caused compiler crash
FAIL: g++.other/vaarg3.C caused compiler crash
FAIL: g++.pt/array6.C caused compiler crash
FAIL: g++.pt/crash1.C caused compiler crash
FAIL: g++.pt/crash43.C caused compiler crash
FAIL: g++.pt/crash9.C caused compiler crash
XPASS: g++.pt/decl2.C ICE - (test for errors, line 8)
FAIL: g++.pt/enum6.C caused compiler crash
FAIL: g++.pt/memtemp71.C caused compiler crash
FAIL: g++.pt/spec14.C caused compiler crash
FAIL: g++.pt/static10.C ANSI C++ forbids in-class initialization of non-const static member `x' (test for errors, line 15)
=== g++ Summary ===
# of expected passes 5592
# of unexpected failures 36
# of unexpected successes 1
# of expected failures 96
# of untested testcases 14
/devel/src/egcs-20000110.chk/gcc/testsuite/../xgcc version 2.96 20000110 (experimental)
=== g77 tests ===
Running target unix
=== g77 Summary ===
# of expected passes 654
=== objc tests ===
Running target unix
=== objc Summary ===
# of expected passes 38
/devel/src/egcs-20000110.chk/gcc/xgcc version 2.96 20000110 (experimental)
Compiler version: 2.96 20000110 (experimental)
Platform: i586-sco-sysv5uw7.1.0
configure flags: --with-gcc-version-trigger=/devel/src/egcs-20000110/gcc/version.c --host=i586-sco-sysv5uw7.1.0 --enable-checking --norecursion
Counting all warnings,
there are 193 warnings in stage3 of this bootstrap.
Number of warnings per file:
19 ../../egcs-20000110/gcc/dwarfout.c
16 ../../../egcs-20000110/gcc/cp/search.c
14 ../../../egcs-20000110/gcc/f/global.c
12 ../../../egcs-20000110/gcc/java/lex.c
10 ../../../egcs-20000110/gcc/f/storag.c
8 ../../egcs-20000110/gcc/varasm.c
8 ../../../egcs-20000110/gcc/f/lex.c
8 ../../../egcs-20000110/gcc/f/equiv.c
7 ../../egcs-20000110/gcc/dwarf2out.c
6 ./parse.y
6 ../../egcs-20000110/gcc/bitmap.c
6 ../../../egcs-20000110/gcc/f/expr.c
6 ../../../egcs-20000110/gcc/cp/class.c
5 ../../egcs-20000110/gcc/final.c
5 ../../../egcs-20000110/gcc/cp/decl.c
4 cexp.y
4 ../../egcs-20000110/gcc/combine.c
4 ../../../egcs-20000110/gcc/f/ste.c
3 ../../egcs-20000110/gcc/expr.c
3 ../../egcs-20000110/gcc/config/i386/i386.c
3 ../../egcs-20000110/gcc/cccp.c
3 ../../egcs-20000110/gcc/c-typeck.c
2 str-ot.j
2 str-1t.j
2 ../../egcs-20000110/gcc/fold-const.c
2 ../../../egcs-20000110/gcc/java/jcf-write.c
2 ../../../egcs-20000110/gcc/f/symbol.c
2 ../../../egcs-20000110/gcc/f/std.c
2 ../../../egcs-20000110/gcc/f/com.c
2 ../../../egcs-20000110/gcc/f/bad.c
1 str-op.j
1 str-nq.j
1 str-io.j
1 str-fo.j
1 str-2t.j
1 insn-output.c
1 ../../egcs-20000110/gcc/unroll.c
1 ../../egcs-20000110/gcc/stor-layout.c
1 ../../egcs-20000110/gcc/reload.c
1 ../../egcs-20000110/gcc/optabs.c
1 ../../egcs-20000110/gcc/gcov-io.h
1 ../../egcs-20000110/gcc/gcc.c
1 ../../egcs-20000110/gcc/cppinit.c
1 ../../egcs-20000110/gcc/collect2.c
1 ../../../egcs-20000110/gcc/cp/tree.c
1 ../../../egcs-20000110/gcc/cp/pt.c
1 ../../../egcs-20000110/gcc/cp/error.c
Number of warning types:
57 Use of ANSI string concatenation
43 signed and unsigned type in conditional expression
38 comparison between signed and unsigned
14 format not a string literal, argument types not checked
14 `long' switch expression not converted to `int' in ANSI C
12 variable `???' might be clobbered by `longjmp' or `vfork'
6 ??? format, ??? arg (arg ???)
4 `???' might be used uninitialized in this function
2 comparison of distinct pointer types lacks a cast
1 passing arg ??? of `???' discards qualifiers from pointer target type
1 assignment discards qualifiers from pointer target type
1 `???' defined but not used