This is the mail archive of the
gcc-testresults@gcc.gnu.org
mailing list for the GCC project.
Results for 2.96 19991221 (experimental) testsuite on sparc-unknown-linux-gnu
- To: gcc-testresults at gcc dot gnu dot org
- Subject: Results for 2.96 19991221 (experimental) testsuite on sparc-unknown-linux-gnu
- From: Alexandre Oliva <oliva at lsd dot ic dot unicamp dot br>
- Date: Wed, 22 Dec 1999 01:09:32 -0200
Native configuration is sparc-unknown-linux-gnu
=== g++ tests ===
Running target unix
XPASS: g++.pt/instantiate6.C (test for excess errors)
=== g++ Summary ===
# of expected passes 5650
# of unexpected successes 1
# of expected failures 97
# of untested testcases 17
/tmp/egcs/gcc/testsuite/../xgcc version 2.96 19991221 (experimental)
=== g77 tests ===
Running target unix
FAIL: g77.f-torture/compile/19990826-1.f, -O0
FAIL: g77.f-torture/compile/19990826-1.f, -O1
FAIL: g77.f-torture/compile/19990826-1.f, -O2
FAIL: g77.f-torture/compile/19990826-1.f, -O2 -fomit-frame-pointer -finline-functions
FAIL: g77.f-torture/compile/19990826-1.f, -Os
=== g77 Summary ===
# of expected passes 649
# of unexpected failures 5
=== gcc tests ===
Running target unix
FAIL: gcc.c-torture/execute/980205.c execution, -O0
FAIL: gcc.c-torture/execute/991202-3.c execution, -O0
FAIL: gcc.c-torture/execute/991202-3.c execution, -O1
FAIL: gcc.c-torture/execute/991202-3.c execution, -O2
FAIL: gcc.c-torture/execute/991202-3.c execution, -O3 -fomit-frame-pointer
FAIL: gcc.c-torture/execute/991202-3.c execution, -O3 -g
FAIL: gcc.c-torture/execute/991202-3.c execution, -Os
FAIL: gcc.c-torture/execute/991221-1.c execution, -O1
FAIL: gcc.c-torture/execute/991221-1.c execution, -O2
FAIL: gcc.c-torture/execute/991221-1.c execution, -O3 -fomit-frame-pointer
FAIL: gcc.c-torture/execute/991221-1.c execution, -O3 -g
FAIL: gcc.c-torture/execute/991221-1.c execution, -Os
FAIL: gcc.dg/cast-qual-1.c discarding `const' warning (test for bogus messages, line 11)
FAIL: gcc.dg/cast-qual-1.c discarding `const' warning (test for warnings, line 17)
FAIL: gcc.dg/compare1.c comparison between signed and unsigned (test for bogus messages, line 25)
=== gcc Summary ===
# of expected passes 8913
# of unexpected failures 15
# of expected failures 32
# of unsupported tests 30
/tmp/egcs/gcc/xgcc version 2.96 19991221 (experimental)
=== libio tests ===
Running target unix
=== libio Summary ===
# of expected passes 40
=== libstdc++ tests ===
Running target unix
=== libstdc++ Summary ===
# of expected passes 30
=== objc tests ===
Running target unix
FAIL: objc/execute/bf-1.m compilation, -O
FAIL: objc/execute/bf-10.m compilation, -O
FAIL: objc/execute/bf-11.m compilation, -O
FAIL: objc/execute/bf-12.m compilation, -O
FAIL: objc/execute/bf-13.m compilation, -O
FAIL: objc/execute/bf-14.m compilation, -O
FAIL: objc/execute/bf-15.m compilation, -O
FAIL: objc/execute/bf-16.m compilation, -O
FAIL: objc/execute/bf-17.m compilation, -O
FAIL: objc/execute/bf-18.m compilation, -O
FAIL: objc/execute/bf-19.m compilation, -O
FAIL: objc/execute/bf-2.m compilation, -O
FAIL: objc/execute/bf-3.m compilation, -O
FAIL: objc/execute/bf-4.m compilation, -O
FAIL: objc/execute/bf-5.m compilation, -O
FAIL: objc/execute/bf-6.m compilation, -O
FAIL: objc/execute/bf-7.m compilation, -O
FAIL: objc/execute/bf-8.m compilation, -O
FAIL: objc/execute/bf-9.m compilation, -O
=== objc Summary ===
# of unexpected failures 19
# of untested testcases 19
/tmp/egcs/gcc/xgcc version 2.96 19991221 (experimental)
Compiler version: 2.96 19991221 (experimental)
Platform: sparc-unknown-linux-gnu
BOOT_CFLAGS: -g -O9 -W -Wall
Counting all warnings,
there are 303 warnings in stage3 of this bootstrap.
Number of warnings per file:
103 ./parse.y
14 /home/lsd/oliva/src/egcs/gcc/f/global.c
12 /home/lsd/oliva/src/egcs/gcc/java/lex.c
10 /home/lsd/oliva/src/egcs/gcc/f/storag.c
8 /home/lsd/oliva/src/egcs/gcc/java/parse.h
8 /home/lsd/oliva/src/egcs/gcc/f/lex.c
8 /home/lsd/oliva/src/egcs/gcc/f/equiv.c
6 /home/lsd/oliva/src/egcs/gcc/dwarf2out.c
5 /home/lsd/oliva/src/egcs/gcc/final.c
5 /home/lsd/oliva/src/egcs/gcc/f/expr.c
5 /home/lsd/oliva/src/egcs/gcc/expr.c
5 /home/lsd/oliva/src/egcs/gcc/cse.c
4 cexp.y
4 /home/lsd/oliva/src/egcs/gcc/unroll.c
4 /home/lsd/oliva/src/egcs/gcc/reload.c
4 /home/lsd/oliva/src/egcs/gcc/regmove.c
4 /home/lsd/oliva/src/egcs/gcc/function.c
4 /home/lsd/oliva/src/egcs/gcc/fold-const.c
4 /home/lsd/oliva/src/egcs/gcc/f/ste.c
4 /home/lsd/oliva/src/egcs/gcc/ch/actions.c
3 insn-output.c
3 /home/lsd/oliva/src/egcs/gcc/varasm.c
3 /home/lsd/oliva/src/egcs/gcc/toplev.c
3 /home/lsd/oliva/src/egcs/gcc/loop.c
3 /home/lsd/oliva/src/egcs/gcc/genopinit.c
3 /home/lsd/oliva/src/egcs/gcc/gcc.c
3 /home/lsd/oliva/src/egcs/gcc/cccp.c
3 /home/lsd/oliva/src/egcs/gcc/c-typeck.c
3 /home/lsd/oliva/src/egcs/gcc/alias.c
2 str-ot.j
2 str-1t.j
2 insn-recog.c
2 /home/lsd/oliva/src/egcs/gcc/regclass.c
2 /home/lsd/oliva/src/egcs/gcc/optabs.c
2 /home/lsd/oliva/src/egcs/gcc/local-alloc.c
2 /home/lsd/oliva/src/egcs/gcc/flow.c
2 /home/lsd/oliva/src/egcs/gcc/f/symbol.c
2 /home/lsd/oliva/src/egcs/gcc/f/std.c
2 /home/lsd/oliva/src/egcs/gcc/f/com.c
2 /home/lsd/oliva/src/egcs/gcc/f/bad.c
2 /home/lsd/oliva/src/egcs/gcc/emit-rtl.c
2 /home/lsd/oliva/src/egcs/gcc/config/sparc/sparc.c
1 str-op.j
1 str-nq.j
1 str-io.j
1 str-fo.j
1 str-2t.j
1 insn-emit.c
1 /home/lsd/oliva/src/egcs/gcc/tree.c
1 /home/lsd/oliva/src/egcs/gcc/stupid.c
1 /home/lsd/oliva/src/egcs/gcc/stor-layout.c
1 /home/lsd/oliva/src/egcs/gcc/reload1.c
1 /home/lsd/oliva/src/egcs/gcc/jump.c
1 /home/lsd/oliva/src/egcs/gcc/java/jv-scan.c
1 /home/lsd/oliva/src/egcs/gcc/java/jcf-parse.c
1 /home/lsd/oliva/src/egcs/gcc/java/javaop.def
1 /home/lsd/oliva/src/egcs/gcc/java/expr.c
1 /home/lsd/oliva/src/egcs/gcc/hash.c
1 /home/lsd/oliva/src/egcs/gcc/genattrtab.c
1 /home/lsd/oliva/src/egcs/gcc/gcov-io.h
1 /home/lsd/oliva/src/egcs/gcc/explow.c
1 /home/lsd/oliva/src/egcs/gcc/diagnostic.c
1 /home/lsd/oliva/src/egcs/gcc/cp/tree.c
1 /home/lsd/oliva/src/egcs/gcc/cp/expr.c
1 /home/lsd/oliva/src/egcs/gcc/cp/error.c
1 /home/lsd/oliva/src/egcs/gcc/cp/decl.c
1 /home/lsd/oliva/src/egcs/gcc/cp/class.c
1 /home/lsd/oliva/src/egcs/gcc/collect2.c
1 /home/lsd/oliva/src/egcs/gcc/ch/expr.c
1 /home/lsd/oliva/src/egcs/gcc/calls.c
1 /home/lsd/oliva/src/egcs/gcc/builtins.c
Number of warning types:
156 Use of ANSI string concatenation
33 `???' might be used uninitialized in this function
27 comparison between signed and unsigned
16 format not a string literal, argument types not checked
15 `long' switch expression not converted to `int' in ANSI C
13 unused parameter `???'
12 variable `???' might be clobbered by `longjmp' or `vfork'
8 macro arg `???' would be stringified with -traditional.
6 ??? format, ??? arg (arg ???)
5 `???' declared `static' but never defined
4 unused variable `???'
3 control reaches end of non-void function
2 implicit declaration of function `???'
1 passing arg ??? of `???' discards qualifiers from pointer target type
1 assignment from incompatible pointer type
1 `???' defined but not used