This is the mail archive of the
gcc-testresults@gcc.gnu.org
mailing list for the GCC project.
Results for 2.96 19991210 (experimental) testsuite on sparc-sun-solaris2.5.1
- To: gcc-testresults at gcc dot gnu dot org
- Subject: Results for 2.96 19991210 (experimental) testsuite on sparc-sun-solaris2.5.1
- From: Brad Lucier <lucier at math dot purdue dot edu>
- Date: Fri, 10 Dec 1999 17:13:28 -0500 (EST)
Native configuration is sparc-sun-solaris2.5.1
=== libio tests ===
Running target unix
FAIL: tFile.cc execution
FAIL: tFile.cc execution -b0
FAIL: tFile.cc execution -b3
FAIL: tfformat.c execution
=== libio Summary ===
# of expected passes 33
# of unexpected failures 4
# of expected failures 4
=== libstdc++ tests ===
Running target unix
FAIL: tstring.cc -O execution
=== libstdc++ Summary ===
# of expected passes 28
# of unexpected failures 1
# of expected failures 1
=== gcc tests ===
Running target unix
FAIL: gcc.c-torture/execute/980205.c execution, -O0
FAIL: gcc.c-torture/execute/991202-3.c execution, -O0
FAIL: gcc.c-torture/execute/991202-3.c execution, -O1
FAIL: gcc.c-torture/execute/991202-3.c execution, -O2
FAIL: gcc.c-torture/execute/991202-3.c execution, -O3 -fomit-frame-pointer
FAIL: gcc.c-torture/execute/991202-3.c execution, -O3 -g
FAIL: gcc.c-torture/execute/991202-3.c execution, -Os
FAIL: gcc.dg/cast-qual-1.c discarding `const' warning (test for bogus messages, line 11)
FAIL: gcc.dg/cast-qual-1.c discarding `const' warning (test for warnings, line 17)
FAIL: gcc.dg/compare1.c comparison between signed and unsigned (test for bogus messages, line 25)
FAIL: gcc.dg/ultrasp1.c (test for excess errors)
=== gcc Summary ===
# of expected passes 8786
# of unexpected failures 11
# of expected failures 26
# of unresolved testcases 3
# of unsupported tests 29
/home/c/lucier/programs/alpha/egcs/objdir/gcc/xgcc version 2.96 19991210 (experimental)
=== g++ tests ===
Running target unix
FAIL: g++.dg/special/conpr-1.C execution test
FAIL: g++.dg/special/conpr-2.C execution test
FAIL: g++.dg/special/conpr-3.C execution test
FAIL: g++.dg/special/conpr-3.C execution test
FAIL: g++.ext/initp1.C Execution test
FAIL: g++.other/vaarg3.C promote (test for errors, line 26)
XPASS: g++.pt/instantiate6.C (test for excess errors)
=== g++ Summary ===
# of expected passes 5635
# of unexpected failures 6
# of unexpected successes 1
# of expected failures 96
# of untested testcases 16
/home/c/lucier/programs/alpha/egcs/objdir/gcc/testsuite/../xgcc version 2.96 19991210 (experimental)
=== g77 tests ===
Running target unix
FAIL: g77.f-torture/compile/19990826-1.f, -O0
FAIL: g77.f-torture/compile/19990826-1.f, -O1
FAIL: g77.f-torture/compile/19990826-1.f, -O2
FAIL: g77.f-torture/compile/19990826-1.f, -O2 -fomit-frame-pointer -finline-functions
FAIL: g77.f-torture/compile/19990826-1.f, -Os
=== g77 Summary ===
# of expected passes 649
# of unexpected failures 5
=== objc tests ===
Running target unix
FAIL: objc/execute/bf-1.m compilation, -O
FAIL: objc/execute/bf-10.m compilation, -O
FAIL: objc/execute/bf-11.m compilation, -O
FAIL: objc/execute/bf-12.m compilation, -O
FAIL: objc/execute/bf-13.m compilation, -O
FAIL: objc/execute/bf-14.m compilation, -O
FAIL: objc/execute/bf-15.m compilation, -O
FAIL: objc/execute/bf-16.m compilation, -O
FAIL: objc/execute/bf-17.m compilation, -O
FAIL: objc/execute/bf-18.m compilation, -O
FAIL: objc/execute/bf-19.m compilation, -O
FAIL: objc/execute/bf-2.m compilation, -O
FAIL: objc/execute/bf-3.m compilation, -O
FAIL: objc/execute/bf-4.m compilation, -O
FAIL: objc/execute/bf-5.m compilation, -O
FAIL: objc/execute/bf-6.m compilation, -O
FAIL: objc/execute/bf-7.m compilation, -O
FAIL: objc/execute/bf-8.m compilation, -O
FAIL: objc/execute/bf-9.m compilation, -O
=== objc Summary ===
# of unexpected failures 19
# of untested testcases 19
/home/c/lucier/programs/alpha/egcs/objdir/gcc/xgcc version 2.96 19991210 (experimental)
Compiler version: 2.96 19991210 (experimental)
Platform: sparc-sun-solaris2.5.1
configure flags: --with-gcc-version-trigger=/home/c/lucier/programs/alpha/egcs/gcc/version.c --host=sparc-sun-solaris2.5.1 --prefix=/opt/egcs-test --norecursion
Counting all warnings,
there are 271 warnings in stage3 of this bootstrap.
Number of warnings per file:
124 ../../gcc/config/sparc/sparc.c
12 ../../../gcc/java/lex.c
8 ../../../gcc/java/parse.h
5 ../../gcc/final.c
5 ../../gcc/expr.c
4 cexp.y
4 ../../gcc/unroll.c
4 ../../gcc/regmove.c
4 ../../gcc/function.c
4 ../../gcc/fold-const.c
4 ../../../gcc/f/lex.c
4 ../../../gcc/cp/class.c
4 ../../../gcc/ch/actions.c
3 insn-output.c
3 ../../gcc/varasm.c
3 ../../gcc/reload.c
3 ../../gcc/loop.c
3 ../../gcc/genopinit.c
3 ../../gcc/gcc.c
3 ../../gcc/emit-rtl.c
3 ../../gcc/cccp.c
3 ../../gcc/c-typeck.c
3 ../../gcc/alias.c
3 ../../../gcc/java/gjavah.c
2 str-ot.j
2 str-1t.j
2 insn-recog.c
2 ./parse.y
2 ../../gcc/regclass.c
2 ../../gcc/optabs.c
2 ../../gcc/local-alloc.c
2 ../../gcc/flow.c
2 ../../gcc/cpphash.c
2 ../../../gcc/cp/decl.c
1 str-op.j
1 str-nq.j
1 str-io.j
1 str-fo.j
1 str-2t.j
1 insn-emit.c
1 ../../gcc/tree.c
1 ../../gcc/toplev.c
1 ../../gcc/stupid.c
1 ../../gcc/stor-layout.c
1 ../../gcc/scan-decls.c
1 ../../gcc/jump.c
1 ../../gcc/hash.c
1 ../../gcc/global.c
1 ../../gcc/ggc-page.c
1 ../../gcc/genattrtab.c
1 ../../gcc/gcov-io.h
1 ../../gcc/explow.c
1 ../../gcc/cse.c
1 ../../gcc/combine.c
1 ../../gcc/collect2.c
1 ../../gcc/calls.c
1 ../../gcc/builtins.c
1 ../../../gcc/java/javaop.def
1 ../../../gcc/java/check-init.c
1 ../../../gcc/f/expr.c
1 ../../../gcc/cp/tree.c
1 ../../../gcc/cp/lex.c
1 ../../../gcc/cp/init.c
1 ../../../gcc/cp/expr.c
1 ../../../gcc/cp/error.c
1 ../../../gcc/ch/expr.c
Number of warning types:
121 enumeration value `???' not handled in switch
37 `???' might be used uninitialized in this function
27 comparison between signed and unsigned
20 format not a string literal, argument types not checked
15 `long' switch expression not converted to `int' in ANSI C
14 unused parameter `???'
12 variable `???' might be clobbered by `longjmp' or `vfork'
8 macro arg `???' would be stringified with -traditional.
6 unused variable `???'
3 white space at end of line in string
3 control reaches end of non-void function
1 passing arg ??? of `???' discards qualifiers from pointer target type
1 implicit declaration of function `???'
1 comparison of distinct pointer types lacks a cast
1 assignment from incompatible pointer type
1 `???' defined but not used