This is the mail archive of the
gcc-testresults@gcc.gnu.org
mailing list for the GCC project.
Results for 2.96 19991208 on i686-pc-linux-gnu
- To: <gcc-testresults at gcc dot gnu dot org>
- Subject: Results for 2.96 19991208 on i686-pc-linux-gnu
- From: Timothy Prince <tprinceusa at netscape dot net>
- Date: 8 Dec 99 14:49:07 PST
Native configuration is i686-pc-linux-gnu
=== libstdc++ tests ===
Running target unix
=== libstdc++ Summary ===
# of expected passes 30
=== libio tests ===
Running target unix
=== libio Summary ===
# of expected passes 40
=== gcc tests ===
Running target unix
FAIL: gcc.c-torture/execute/991112-1.c execution, -O3 -fomit-frame-pointer
FAIL: gcc.c-torture/execute/991112-1.c execution, -O3 -g
FAIL: gcc.c-torture/execute/991202-3.c execution, -O0
FAIL: gcc.c-torture/execute/991202-3.c execution, -O1
FAIL: gcc.c-torture/execute/991202-3.c execution, -O2
FAIL: gcc.c-torture/execute/991202-3.c execution, -O3 -fomit-frame-pointer
FAIL: gcc.c-torture/execute/991202-3.c execution, -O3 -g
FAIL: gcc.c-torture/execute/991202-3.c execution, -Os
FAIL: gcc.dg/990213-2.c (test for excess errors)
FAIL: gcc.dg/cast-qual-1.c discarding \`const' warning (test for bogus
messages, line 11)
FAIL: gcc.dg/cast-qual-1.c discarding \`const' warning (test for warnings,
line 17)
FAIL: gcc.dg/compare1.c comparison between signed and unsigned (test for bogus
messages, line 25)
FAIL: gcc.dg/special/weak-1.c execution test
=== gcc Summary ===
# of expected passes 8821
# of unexpected failures 13
# of expected failures 39
# of unsupported tests 14
/src/gnu/egcs-19991025/p6/gcc/xgcc version 2.96 19991208 (experimental)
=== g++ tests ===
Running target unix
FAIL: g++.dg/special/conpr-1.C execution test
FAIL: g++.dg/special/conpr-2.C execution test
FAIL: g++.dg/special/conpr-3.C execution test
FAIL: g++.dg/special/conpr-3.C execution test
FAIL: g++.ext/initp1.C Execution test
FAIL: g++.law/weak.C (test for excess errors)
XPASS: g++.pt/instantiate6.C (test for excess errors)
=== g++ Summary ===
# of expected passes 5647
# of unexpected failures 6
# of unexpected successes 1
# of expected failures 97
# of untested testcases 7
/src/gnu/egcs-19991025/p6/gcc/testsuite/../xgcc version 2.96 19991208
(experimental)
=== g77 tests ===
Running target unix
FAIL: g77.f-torture/compile/19990826-1.f, -O0
FAIL: g77.f-torture/compile/19990826-1.f, -O1
FAIL: g77.f-torture/compile/19990826-1.f, -O2
FAIL: g77.f-torture/compile/19990826-1.f, -O2 -fomit-frame-pointer
-finline-functions
FAIL: g77.f-torture/compile/19990826-1.f, -Os
FAIL: g77.f-torture/execute/19990325-1.f execution, -O2 -fomit-frame-pointer
-finline-functions
=== g77 Summary ===
# of expected passes 648
# of unexpected failures 6
=== objc tests ===
Running target unix
=== objc Summary ===
# of expected passes 38
/src/gnu/egcs-19991025/p6/gcc/xgcc version 2.96 19991208 (experimental)
Compiler version: 2.96 19991208 (experimental)
Platform: i686-pc-linux-gnu
configure flags:
--with-gcc-version-trigger=/src/gnu/egcs-19991025/gcc/version.c
--host=i686-pc-linux-gnu --norecursion
BOOT_CFLAGS=-Os -march=pentiumpro -pipe
Tim
tprince@computer.org
____________________________________________________________________
Get your own FREE, personal Netscape WebMail account today at http://webmail.netscape.com.