This is the mail archive of the
gcc-testresults@gcc.gnu.org
mailing list for the GCC project.
Results for haifa-enabled 2.96 19991122 (experimental) testsuite on i586-pc-linux-gnulibc1
- To: gcc-testresults at gcc dot gnu dot org
- Subject: Results for haifa-enabled 2.96 19991122 (experimental) testsuite on i586-pc-linux-gnulibc1
- From: "David W. Schuler" <schuld at apache dot btv dot ibm dot com>
- Date: Wed, 1 Dec 1999 10:37:33 -0500
Native configuration is i586-pc-linux-gnulibc1
=== libio tests ===
Running target unix
=== libio Summary ===
# of expected passes 40
=== libstdc++ tests ===
Running target unix
=== libstdc++ Summary ===
# of expected passes 30
=== gcc tests ===
Running target unix
FAIL: gcc.dg/cast-qual-1.c discarding `const' warning (test for bogus messages, line 11)
FAIL: gcc.dg/cast-qual-1.c discarding `const' warning (test for warnings, line 17)
FAIL: gcc.dg/compare1.c comparison between signed and unsigned (test for bogus messages, line 25)
FAIL: gcc.dg/special/weak-1.c execution test
FAIL: gcc.misc-tests/mg.c
=== gcc Summary ===
# of expected passes 8757
# of unexpected failures 5
# of expected failures 39
# of unsupported tests 14
/usr/local/src.local/egcs-linux/gcc/xgcc version 2.96 19991122 (experimental)
=== g++ tests ===
Running target unix
FAIL: g++.dg/special/conpr-1.C execution test
FAIL: g++.dg/special/conpr-2.C execution test
FAIL: g++.dg/special/conpr-3.C execution test
FAIL: g++.dg/special/conpr-3.C execution test
FAIL: g++.ext/initp1.C Execution test
=== g77 tests ===
Running target unix
FAIL: g77.f-torture/compile/19990826-1.f, -O0
FAIL: g77.f-torture/compile/19990826-1.f, -O1
FAIL: g77.f-torture/compile/19990826-1.f, -O2
FAIL: g77.f-torture/compile/19990826-1.f, -O2 -fomit-frame-pointer -finline-functions
FAIL: g77.f-torture/compile/19990826-1.f, -Os
FAIL: g77.f-torture/execute/19990325-1.f execution, -O2 -fomit-frame-pointer -finline-functions
FAIL: g77.f-torture/execute/u77-test.f execution, -O2 -fomit-frame-pointer -finline-functions
=== g77 Summary ===
# of expected passes 647
# of unexpected failures 7
=== objc tests ===
Running target unix
=== objc Summary ===
# of expected passes 38
/usr/local/src.local/egcs-linux/gcc/xgcc version 2.96 19991122 (experimental)
Compiler version: haifa-enabled 2.96 19991122 (experimental)
Platform: i586-pc-linux-gnulibc1
configure flags: --with-gcc-version-trigger=/usr/local/src.misc/egcs/gcc/version.c --host=i586-pc-linux-gnulibc1 --prefix=/usr/local/egcs --enable-haifa --enable-multilib --norecursion