This is the mail archive of the gcc-testresults@gcc.gnu.org mailing list for the GCC project.
Index Nav: | [Date Index] [Subject Index] [Author Index] [Thread Index] | |
---|---|---|
Message Nav: | [Date Prev] [Date Next] | [Thread Prev] [Thread Next] |
Native configuration is hppa2.0-hp-hpux10.20
=== libio tests ===
Running target unix
FAIL: tFile.cc execution
FAIL: tFile.cc execution -b0
FAIL: tFile.cc execution -b3
=== libio Summary ===
# of expected passes 34
# of unexpected failures 3
# of expected failures 3
=== libstdc++ tests ===
Running target unix
=== libstdc++ Summary ===
# of expected passes 30
=== gcc tests ===
Running target unix
FAIL: gcc.c-torture/execute/980716-1.c execution, -O0
FAIL: gcc.c-torture/execute/strct-stdarg-1.c execution, -O0
FAIL: gcc.c-torture/execute/strct-stdarg-1.c execution, -O1
FAIL: gcc.c-torture/execute/strct-stdarg-1.c execution, -O2
FAIL: gcc.c-torture/execute/strct-stdarg-1.c execution, -O3 -fomit-frame-pointer
FAIL: gcc.c-torture/execute/strct-stdarg-1.c execution, -O3 -fomit-frame-pointer -funroll-loops
FAIL: gcc.c-torture/execute/strct-stdarg-1.c execution, -O3 -fomit-frame-pointer -funroll-all-loops -finline-functions
FAIL: gcc.c-torture/execute/strct-stdarg-1.c execution, -O3 -g
FAIL: gcc.c-torture/execute/strct-stdarg-1.c execution, -Os
FAIL: gcc.c-torture/execute/strct-varg-1.c execution, -O0
FAIL: gcc.c-torture/execute/strct-varg-1.c execution, -O1
FAIL: gcc.c-torture/execute/strct-varg-1.c execution, -O2
FAIL: gcc.c-torture/execute/strct-varg-1.c execution, -O3 -fomit-frame-pointer
FAIL: gcc.c-torture/execute/strct-varg-1.c execution, -O3 -g
FAIL: gcc.c-torture/execute/strct-varg-1.c execution, -Os
FAIL: gcc.c-torture/execute/va-arg-6.c execution, -O0
FAIL: gcc.c-torture/execute/va-arg-6.c execution, -O1
FAIL: gcc.c-torture/execute/va-arg-6.c execution, -O2
FAIL: gcc.c-torture/execute/va-arg-6.c execution, -O3 -fomit-frame-pointer
FAIL: gcc.c-torture/execute/va-arg-6.c execution, -O3 -g
FAIL: gcc.c-torture/execute/va-arg-6.c execution, -Os
FAIL: gcc.c-torture/execute/va-arg-7.c execution, -O0
FAIL: gcc.c-torture/execute/va-arg-7.c execution, -O1
FAIL: gcc.c-torture/execute/va-arg-7.c execution, -O2
FAIL: gcc.c-torture/execute/va-arg-7.c execution, -O3 -fomit-frame-pointer
FAIL: gcc.c-torture/execute/va-arg-7.c execution, -O3 -g
FAIL: gcc.c-torture/execute/va-arg-7.c execution, -Os
FAIL: gcc.c-torture/execute/ieee/fp-cmp-1.c execution, -O0
FAIL: gcc.c-torture/execute/ieee/fp-cmp-2.c execution, -O0
FAIL: gcc.c-torture/execute/ieee/fp-cmp-3.c execution, -O0
FAIL: gcc.c-torture/execute/ieee/mzero2.c execution, -O1
FAIL: gcc.c-torture/execute/ieee/mzero2.c execution, -O2
FAIL: gcc.c-torture/execute/ieee/mzero2.c execution, -O3 -fomit-frame-pointer
FAIL: gcc.c-torture/execute/ieee/mzero2.c execution, -O3 -g
FAIL: gcc.c-torture/execute/ieee/mzero2.c execution, -Os
FAIL: gcc.dg/cast-qual-1.c discarding \`const' warning (test for bogus messages, line 11)
FAIL: gcc.dg/cast-qual-1.c discarding \`const' warning (test for warnings, line 17)
FAIL: gcc.dg/compare1.c comparison between signed and unsigned (test for bogus messages, line 25)
FAIL: gcc.dg/special/alias-1.c (test for excess errors)
FAIL: gcc.dg/special/wkali-1.c (test for excess errors)
=== gcc Summary ===
# of expected passes 8669
# of unexpected failures 40
# of expected failures 32
# of unresolved testcases 3
# of unsupported tests 27
/devel/span/rdb/src/egcs-19991102.obj/gcc/xgcc version 2.96 19991102 (experimental)
=== g++ tests ===
Running target unix
FAIL: g++.eh/fntry1.C Execution test
FAIL: g++.eh/vbase1.C Execution test
FAIL: g++.ext/attrib5.C (test for excess errors)
FAIL: g++.mike/asm2.C Execution test
FAIL: g++.mike/eh16.C Execution test
FAIL: g++.mike/eh17.C Execution test
XPASS: g++.mike/eh33.C (test for excess errors)
XPASS: g++.mike/eh33.C Execution test
XPASS: g++.mike/eh50.C (test for excess errors)
XPASS: g++.mike/eh50.C Execution test
FAIL: g++.mike/init1.C (test for excess errors)
FAIL: g++.mike/p2736.C (test for excess errors)
FAIL: g++.oliva/template7.C (test for excess errors)
FAIL: g++.oliva/thunk1.C (test for excess errors)
FAIL: g++.other/cleanup3.C (test for excess errors)
FAIL: g++.other/debug3.C (test for excess errors)
FAIL: g++.other/init5.C (test for excess errors)
FAIL: g++.other/overload9.C (test for excess errors)
FAIL: g++.other/static3.C (test for excess errors)
FAIL: g++.other/syntax1.C caused compiler crash
FAIL: g++.other/syntax2.C caused compiler crash
XPASS: g++.pt/instantiate6.C (test for excess errors)
FAIL: g++.pt/static6.C (test for excess errors)
=== g++ Summary ===
# of expected passes 5570
# of unexpected failures 18
# of unexpected successes 5
# of expected failures 100
# of untested testcases 14
/devel/span/rdb/src/egcs-19991102.obj/gcc/testsuite/../xgcc version 2.96 19991102 (experimental)
=== g77 tests ===
Running target unix
FAIL: g77.f-torture/compile/19990826-1.f, -O0
FAIL: g77.f-torture/compile/19990826-1.f, -O1
FAIL: g77.f-torture/compile/19990826-1.f, -O2
FAIL: g77.f-torture/compile/19990826-1.f, -O2 -fomit-frame-pointer -finline-functions
FAIL: g77.f-torture/compile/19990826-1.f, -Os
=== g77 Summary ===
# of expected passes 649
# of unexpected failures 5
=== objc tests ===
Running target unix
=== objc Summary ===
# of expected passes 38
/devel/span/rdb/src/egcs-19991102.obj/gcc/xgcc version 2.96 19991102 (experimental)
Compiler version: 2.96 19991102 (experimental)
Platform: hppa2.0-hp-hpux10.20
configure flags: --with-gcc-version-trigger=/devel/span/rdb/src/egcs-19991102/gcc/version.c --host=hppa2.0-hp-hpux10.20 --with-gnu-as --norecursion
Counting all warnings,
there are 427 warnings in stage3 of this bootstrap.
Number of warnings per file:
30 ../../egcs-19991102/gcc/combine.c
29 ../../egcs-19991102/gcc/expmed.c
25 ../../egcs-19991102/gcc/optabs.c
23 ../../egcs-19991102/gcc/expr.c
21 ../../egcs-19991102/gcc/cse.c
20 ../../egcs-19991102/gcc/config/pa/pa.c
16 ../../egcs-19991102/gcc/c-common.c
14 ../../../egcs-19991102/gcc/f/com.c
13 ../../egcs-19991102/gcc/reload1.c
13 ../../egcs-19991102/gcc/recog.c
13 ../../egcs-19991102/gcc/calls.c
12 ../../egcs-19991102/gcc/c-typeck.c
12 ../../../egcs-19991102/gcc/java/lex.c
9 ../../egcs-19991102/gcc/function.c
8 ../../egcs-19991102/gcc/unroll.c
8 ../../../egcs-19991102/gcc/f/sts.c
7 ../../egcs-19991102/gcc/emit-rtl.c
7 ../../egcs-19991102/gcc/cccp.c
6 ../../egcs-19991102/gcc/toplev.c
6 ../../egcs-19991102/gcc/simplify-rtx.c
6 ../../egcs-19991102/gcc/reload.c
6 ../../egcs-19991102/gcc/lcm.c
6 ../../egcs-19991102/gcc/final.c
6 ../../../egcs-19991102/gcc/java/typeck.c
6 ../../../egcs-19991102/gcc/ch/tasking.c
5 ../../egcs-19991102/gcc/varasm.c
5 ../../egcs-19991102/gcc/c-decl.c
4 insn-recog.c
4 cexp.y
4 ../../egcs-19991102/gcc/rtl.c
4 ../../egcs-19991102/gcc/regmove.c
4 ../../egcs-19991102/gcc/gcc.c
4 ../../egcs-19991102/gcc/collect2.c
3 ../../egcs-19991102/gcc/stmt.c
3 ../../egcs-19991102/gcc/loop.c
3 ../../egcs-19991102/gcc/integrate.c
3 ../../egcs-19991102/gcc/genrecog.c
3 ../../egcs-19991102/gcc/genopinit.c
3 ../../egcs-19991102/gcc/explow.c
3 ../../egcs-19991102/gcc/alias.c
3 ../../../egcs-19991102/gcc/java/gjavah.c
3 ../../../egcs-19991102/gcc/cp/lex.c
3 ../../../egcs-19991102/gcc/cp/decl.c
3 ../../../egcs-19991102/gcc/cp/class.c
2 ./parse.y
2 ../../egcs-19991102/gcc/scan-decls.c
2 ../../egcs-19991102/gcc/regclass.c
2 ../../egcs-19991102/gcc/print-rtl.c
2 ../../egcs-19991102/gcc/local-alloc.c
2 ../../egcs-19991102/gcc/genoutput.c
2 ../../egcs-19991102/gcc/genemit.c
2 ../../egcs-19991102/gcc/fold-const.c
2 ../../egcs-19991102/gcc/builtins.c
2 ../../../egcs-19991102/gcc/ch/parse.c
2 ../../../egcs-19991102/gcc/ch/expr.c
1 ../../egcs-19991102/gcc/tree.c
1 ../../egcs-19991102/gcc/stupid.c
1 ../../egcs-19991102/gcc/resource.c
1 ../../egcs-19991102/gcc/reorg.c
1 ../../egcs-19991102/gcc/hash.c
1 ../../egcs-19991102/gcc/gcov-io.h
1 ../../egcs-19991102/gcc/f/g77spec.c
1 ../../egcs-19991102/gcc/dbxout.c
1 ../../../egcs-19991102/gcc/cp/typeck2.c
1 ../../../egcs-19991102/gcc/cp/typeck.c
1 ../../../egcs-19991102/gcc/cp/tree.c
1 ../../../egcs-19991102/gcc/cp/init.c
1 ../../../egcs-19991102/gcc/cp/error.c
1 ../../../egcs-19991102/gcc/ch/typeck.c
1 ../../../egcs-19991102/gcc/ch/inout.c
1 ../../../egcs-19991102/gcc/ch/grant.c
Number of warning types:
251 comparison between signed and unsigned
80 format not a string literal, argument types not checked
24 \`???' might be used uninitialized in this function
15 implicit declaration of function \`???'
14 unused parameter \`???'
12 variable \`???' might be clobbered by \`longjmp' or \`vfork'
8 unused variable \`???'
5 value computed is not used
3 white space at end of line in string
3 left-hand operand of comma expression has no effect
2 passing arg ??? of \`???' discards qualifiers from pointer target type
2 initialization from incompatible pointer type
1 type mismatch with previous implicit declaration
1 previous implicit declaration of \`???'
1 missing initializer
1 case value out of range
1 assignment from incompatible pointer type
1 \`???' was previously implicitly declared to return \`int'
1 \`???' defined but not used
1 (near initialization for \`???')
Index Nav: | [Date Index] [Subject Index] [Author Index] [Thread Index] | |
---|---|---|
Message Nav: | [Date Prev] [Date Next] | [Thread Prev] [Thread Next] |