This is the mail archive of the
gcc-testresults@gcc.gnu.org
mailing list for the GCC project.
Results for 2.96 19991025 (experimental) testsuite on mips-sgi-irix5.2
- To: gcc-testresults at gcc dot gnu dot org
- Subject: Results for 2.96 19991025 (experimental) testsuite on mips-sgi-irix5.2
- From: Alexandre Oliva <oliva at lsd dot ic dot unicamp dot br>
- Date: Sun, 31 Oct 1999 20:19:47 -0200
Native configuration is mips-sgi-irix5.2
=== g++ tests ===
Running target unix
FAIL: g++.brendan/crash30.C (test for excess errors)
FAIL: g++.ext/attrib5.C (test for excess errors)
FAIL: g++.mike/dyncast7.C (test for excess errors)
FAIL: g++.oliva/template7.C (test for excess errors)
FAIL: g++.other/new3.C Execution test
FAIL: g++.other/vaarg1.C (test for excess errors)
XPASS: g++.pt/instantiate6.C (test for excess errors)
FAIL: g++.pt/static3.C (test for excess errors)
FAIL: g++.pt/static6.C (test for excess errors)
FAIL: g++.pt/ttp19.C (test for excess errors)
FAIL: g++.robertl/eb109.C candidates (test for errors, line 20)
FAIL: g++.robertl/eb109.C no size function (test for errors, line 42)
FAIL: g++.robertl/eb109.C no index operator (test for errors, line 44)
FAIL: g++.robertl/eb109.C no index operator (test for errors, line 48)
FAIL: g++.robertl/eb109.C no index operator (test for errors, line 49)
FAIL: g++.robertl/eb109.C no index operator (test for errors, line 54)
FAIL: g++.robertl/eb109.C no bool constructor (test for errors, line 65)
FAIL: g++.robertl/eb109.C (test for excess errors)
FAIL: g++.robertl/eb124.C (test for excess errors)
FAIL: g++.robertl/eb127.C (test for excess errors)
FAIL: g++.robertl/eb129.C (test for errors, line 19)
FAIL: g++.robertl/eb129.C (test for excess errors)
FAIL: g++.robertl/eb130.C (test for excess errors)
FAIL: g++.robertl/eb132.C (test for excess errors)
FAIL: g++.robertl/eb21.C (test for excess errors)
FAIL: g++.robertl/eb28.C (test for excess errors)
FAIL: g++.robertl/eb29.C (test for excess errors)
FAIL: g++.robertl/eb41.C (test for excess errors)
FAIL: g++.robertl/eb43.C constructor is explicit (test for errors, line 27)
FAIL: g++.robertl/eb43.C (test for excess errors)
FAIL: g++.robertl/eb59.C (test for excess errors)
FAIL: g++.robertl/eb60.C (test for excess errors)
FAIL: g++.robertl/eb7.C (test for excess errors)
FAIL: g++.robertl/eb73.C (test for excess errors)
=== g++ Summary ===
# of expected passes 5552
# of unexpected failures 33
# of unexpected successes 1
# of expected failures 107
# of untested testcases 14
/tmp/egcs/gcc/testsuite/../xgcc version 2.96 19991025 (experimental)
=== g77 tests ===
Running target unix
FAIL: g77.f-torture/execute/dnrm2.f compilation, -O0
=== g77 Summary ===
# of expected passes 652
# of unexpected failures 1
# of untested testcases 1
=== gcc tests ===
Running target unix
FAIL: gcc.c-torture/compile/920501-12.c, -O1
FAIL: gcc.c-torture/compile/920501-12.c, -O2
FAIL: gcc.c-torture/compile/920501-12.c, -O3 -fomit-frame-pointer
FAIL: gcc.c-torture/compile/920501-12.c, -O3 -g
FAIL: gcc.c-torture/compile/920501-12.c, -Os
FAIL: gcc.c-torture/compile/950612-1.c, -O0
FAIL: gcc.c-torture/compile/990801-1.c, -O2
FAIL: gcc.c-torture/compile/990801-1.c, -O3 -fomit-frame-pointer
FAIL: gcc.c-torture/compile/990801-1.c, -O3 -fomit-frame-pointer -funroll-loops
FAIL: gcc.c-torture/compile/990801-1.c, -O3 -fomit-frame-pointer -funroll-all-loops -finline-functions
FAIL: gcc.c-torture/compile/990801-1.c, -O3 -g
FAIL: gcc.c-torture/compile/990801-1.c, -Os
FAIL: gcc.c-torture/execute/921124-1.c compilation, -O2
FAIL: gcc.c-torture/execute/921124-1.c compilation, -Os
FAIL: gcc.c-torture/execute/921208-2.c compilation, -O3 -fomit-frame-pointer
FAIL: gcc.c-torture/execute/921208-2.c compilation, -O3 -fomit-frame-pointer -funroll-loops
FAIL: gcc.c-torture/execute/921208-2.c compilation, -O3 -fomit-frame-pointer -funroll-all-loops -finline-functions
FAIL: gcc.c-torture/execute/921208-2.c compilation, -O3 -g
FAIL: gcc.c-torture/execute/930106-1.c compilation, -O3 -fomit-frame-pointer
FAIL: gcc.c-torture/execute/930106-1.c compilation, -O3 -g
FAIL: gcc.c-torture/execute/930713-1.c compilation, -O1
FAIL: gcc.c-torture/execute/930713-1.c compilation, -O2
FAIL: gcc.c-torture/execute/930713-1.c compilation, -O3 -fomit-frame-pointer
FAIL: gcc.c-torture/execute/930713-1.c compilation, -O3 -g
FAIL: gcc.c-torture/execute/930713-1.c compilation, -Os
FAIL: gcc.c-torture/execute/931004-10.c execution, -O0
FAIL: gcc.c-torture/execute/931004-10.c execution, -O1
FAIL: gcc.c-torture/execute/931004-10.c execution, -O2
FAIL: gcc.c-torture/execute/931004-10.c execution, -O3 -fomit-frame-pointer
FAIL: gcc.c-torture/execute/931004-10.c execution, -O3 -fomit-frame-pointer -funroll-loops
FAIL: gcc.c-torture/execute/931004-10.c execution, -O3 -fomit-frame-pointer -funroll-all-loops -finline-functions
FAIL: gcc.c-torture/execute/931004-10.c execution, -O3 -g
FAIL: gcc.c-torture/execute/931004-10.c execution, -Os
FAIL: gcc.c-torture/execute/931004-12.c execution, -O0
FAIL: gcc.c-torture/execute/931004-12.c execution, -O1
FAIL: gcc.c-torture/execute/931004-12.c execution, -O2
FAIL: gcc.c-torture/execute/931004-12.c execution, -O3 -fomit-frame-pointer
FAIL: gcc.c-torture/execute/931004-12.c execution, -O3 -fomit-frame-pointer -funroll-loops
FAIL: gcc.c-torture/execute/931004-12.c execution, -O3 -fomit-frame-pointer -funroll-all-loops -finline-functions
FAIL: gcc.c-torture/execute/931004-12.c execution, -O3 -g
FAIL: gcc.c-torture/execute/931004-12.c execution, -Os
FAIL: gcc.c-torture/execute/931004-4.c execution, -O0
FAIL: gcc.c-torture/execute/931004-4.c compilation, -O1
FAIL: gcc.c-torture/execute/931004-4.c execution, -O2
FAIL: gcc.c-torture/execute/931004-4.c execution, -O3 -fomit-frame-pointer
FAIL: gcc.c-torture/execute/931004-4.c execution, -O3 -fomit-frame-pointer -funroll-loops
FAIL: gcc.c-torture/execute/931004-4.c execution, -O3 -fomit-frame-pointer -funroll-all-loops -finline-functions
FAIL: gcc.c-torture/execute/931004-4.c execution, -O3 -g
FAIL: gcc.c-torture/execute/931004-4.c execution, -Os
FAIL: gcc.c-torture/execute/931004-8.c execution, -O0
FAIL: gcc.c-torture/execute/931004-8.c execution, -O1
FAIL: gcc.c-torture/execute/931004-8.c execution, -O2
FAIL: gcc.c-torture/execute/931004-8.c execution, -O3 -fomit-frame-pointer
FAIL: gcc.c-torture/execute/931004-8.c execution, -O3 -fomit-frame-pointer -funroll-loops
FAIL: gcc.c-torture/execute/931004-8.c execution, -O3 -fomit-frame-pointer -funroll-all-loops -finline-functions
FAIL: gcc.c-torture/execute/931004-8.c execution, -O3 -g
FAIL: gcc.c-torture/execute/931004-8.c execution, -Os
FAIL: gcc.c-torture/execute/950607-2.c compilation, -O0
FAIL: gcc.c-torture/execute/950612-1.c compilation, -O3 -fomit-frame-pointer
FAIL: gcc.c-torture/execute/950704-1.c compilation, -O0
FAIL: gcc.c-torture/execute/990128-1.c compilation, -O2
FAIL: gcc.c-torture/execute/loop-2c.c compilation, -Os
FAIL: gcc.c-torture/execute/memcpy-bi.c compilation, -O3 -fomit-frame-pointer
FAIL: gcc.c-torture/execute/memcpy-bi.c compilation, -O3 -fomit-frame-pointer -funroll-loops
FAIL: gcc.c-torture/execute/memcpy-bi.c compilation, -O3 -fomit-frame-pointer -funroll-all-loops -finline-functions
FAIL: gcc.c-torture/execute/memcpy-bi.c compilation, -O3 -g
FAIL: gcc.c-torture/execute/strct-stdarg-1.c compilation, -O3 -fomit-frame-pointer -funroll-all-loops -finline-functions
FAIL: gcc.c-torture/execute/tstdi-1.c compilation, -O0
XPASS: gcc.c-torture/execute/memcheck/blkarg.c execution, -O0
XPASS: gcc.c-torture/execute/memcheck/blkarg.c execution, -O1
XPASS: gcc.c-torture/execute/memcheck/blkarg.c execution, -O2
XPASS: gcc.c-torture/execute/memcheck/blkarg.c execution, -Os
FAIL: gcc.c-torture/unsorted/cc.c, -O0
FAIL: gcc.dg/cast-qual-1.c discarding `const' warning (test for bogus messages, line 11)
FAIL: gcc.dg/cast-qual-1.c discarding `const' warning (test for warnings, line 17)
FAIL: gcc.dg/compare1.c comparison between signed and unsigned (test for bogus messages, line 25)
FAIL: gcc.dg/special/weak-1.c (test for excess errors)
FAIL: gcc.dg/special/weak-1.c execution test
FAIL: gcc.dg/special/weak-2.c (test for excess errors)
FAIL: gcc.dg/special/weak-2.c execution test
FAIL: gcc.dg/special/alias-1.c (test for excess errors)
FAIL: gcc.dg/special/wkali-1.c (test for excess errors)
FAIL: wkali-2a.o
=== gcc Summary ===
# of expected passes 8580
# of unexpected failures 79
# of unexpected successes 4
# of expected failures 28
# of unresolved testcases 25
# of unsupported tests 28
/tmp/egcs/gcc/xgcc version 2.96 19991025 (experimental)
=== libg++ tests ===
Running target unix
FAIL: tBag.cc compilation
FAIL: tBitSet.cc compilation
FAIL: tBitString.cc compilation
FAIL: tRational.cc compilation
FAIL: tDeque.cc compilation
FAIL: tFile.cc compilation
FAIL: tFix.cc compilation
FAIL: tFix16.cc compilation
FAIL: tFix24.cc compilation
FAIL: tInteger.cc compilation
FAIL: tMap.cc compilation
FAIL: tPQ.cc compilation
FAIL: tPlex.cc compilation
FAIL: tQueue.cc compilation
FAIL: tSet.cc compilation
FAIL: tStack.cc compilation
FAIL: tString.cc compilation
FAIL: tiLList.cc compilation
=== libg++ Summary ===
# of expected passes 18
# of unexpected failures 18
# of expected failures 36
=== libio tests ===
Running target unix
FAIL: tFile.cc compilation
FAIL: tFile.cc compilation -b0
FAIL: tFile.cc compilation -b3
FAIL: tfformat.c compilation
FAIL: tiformat.c compilation
FAIL: tiomisc.cc compilation
=== libio Summary ===
# of expected passes 24
# of unexpected failures 6
# of expected failures 10
=== libstdc++ tests ===
Running target unix
FAIL: tcomplex.cc compilation
FAIL: tcomplex.cc -O compilation
FAIL: tlist.cc compilation
FAIL: tlist.cc -O compilation
FAIL: tmap.cc compilation
FAIL: tmap.cc -O compilation
FAIL: tstring.cc compilation
FAIL: tstring.cc -O compilation
FAIL: tvector.cc compilation
FAIL: tvector.cc -O compilation
=== libstdc++ Summary ===
# of unexpected failures 10
# of expected failures 20
=== objc tests ===
Running target unix
FAIL: objc/execute/bf-17.m compilation, -O
=== objc Summary ===
# of expected passes 36
# of unexpected failures 1
# of untested testcases 1
/tmp/egcs/gcc/xgcc version 2.96 19991025 (experimental)
Compiler version: 2.96 19991025 (experimental)
Platform: mips-sgi-irix5.2
BOOT_CFLAGS: -g -O9 -W -Wall
Counting all warnings,
there are 224 warnings in stage3 of this bootstrap.
Number of warnings per file:
12 /home/phd/oliva/src/egcs/gcc/java/lex.c
12 /home/phd/oliva/src/egcs/gcc/c-typeck.c
11 /home/phd/oliva/src/egcs/gcc/config/mips/mips.c
9 /home/phd/oliva/src/egcs/gcc/config/mips/mips.md
8 /home/phd/oliva/src/egcs/gcc/f/sts.c
8 /home/phd/oliva/src/egcs/gcc/cccp.c
7 /home/phd/oliva/src/egcs/gcc/sdbout.c
7 /home/phd/oliva/src/egcs/gcc/gcc.c
7 /home/phd/oliva/src/egcs/gcc/collect2.c
6 /home/phd/oliva/src/egcs/gcc/toplev.c
6 /home/phd/oliva/src/egcs/gcc/lcm.c
6 /home/phd/oliva/src/egcs/gcc/ch/tasking.c
5 /home/phd/oliva/src/egcs/gcc/varasm.c
5 /home/phd/oliva/src/egcs/gcc/reload.c
5 /home/phd/oliva/src/egcs/gcc/final.c
5 /home/phd/oliva/src/egcs/gcc/c-decl.c
4 cexp.y
4 /home/phd/oliva/src/egcs/gcc/unroll.c
4 /home/phd/oliva/src/egcs/gcc/genrecog.c
4 /home/phd/oliva/src/egcs/gcc/f/com.c
4 /home/phd/oliva/src/egcs/gcc/cp/lex.c
3 /home/phd/oliva/src/egcs/gcc/regmove.c
3 /home/phd/oliva/src/egcs/gcc/java/gjavah.c
3 /home/phd/oliva/src/egcs/gcc/genopinit.c
3 /home/phd/oliva/src/egcs/gcc/errors.c
3 /home/phd/oliva/src/egcs/gcc/dbxout.c
3 /home/phd/oliva/src/egcs/gcc/cp/decl.c
3 /home/phd/oliva/src/egcs/gcc/cp/class.c
3 /home/phd/oliva/src/egcs/gcc/ch/expr.c
3 /home/phd/oliva/src/egcs/gcc/alias.c
3 ./parse.y
2 insn-emit.c
2 /home/phd/oliva/src/egcs/gcc/regclass.c
2 /home/phd/oliva/src/egcs/gcc/print-rtl.c
2 /home/phd/oliva/src/egcs/gcc/optabs.c
2 /home/phd/oliva/src/egcs/gcc/loop.c
2 /home/phd/oliva/src/egcs/gcc/local-alloc.c
2 /home/phd/oliva/src/egcs/gcc/java/jv-scan.c
2 /home/phd/oliva/src/egcs/gcc/genoutput.c
2 /home/phd/oliva/src/egcs/gcc/genemit.c
2 /home/phd/oliva/src/egcs/gcc/fold-const.c
2 /home/phd/oliva/src/egcs/gcc/expr.c
2 /home/phd/oliva/src/egcs/gcc/emit-rtl.c
2 /home/phd/oliva/src/egcs/gcc/cpplib.c
2 /home/phd/oliva/src/egcs/gcc/ch/parse.c
1 insn-recog.c
1 /home/phd/oliva/src/egcs/gcc/stupid.c
1 /home/phd/oliva/src/egcs/gcc/scan-decls.c
1 /home/phd/oliva/src/egcs/gcc/rtl.c
1 /home/phd/oliva/src/egcs/gcc/reload1.c
1 /home/phd/oliva/src/egcs/gcc/java/jvgenmain.c
1 /home/phd/oliva/src/egcs/gcc/hash.c
1 /home/phd/oliva/src/egcs/gcc/genattrtab.c
1 /home/phd/oliva/src/egcs/gcc/gcov.c
1 /home/phd/oliva/src/egcs/gcc/flow.c
1 /home/phd/oliva/src/egcs/gcc/fix-header.c
1 /home/phd/oliva/src/egcs/gcc/f/g77spec.c
1 /home/phd/oliva/src/egcs/gcc/explow.c
1 /home/phd/oliva/src/egcs/gcc/cse.c
1 /home/phd/oliva/src/egcs/gcc/cppexp.c
1 /home/phd/oliva/src/egcs/gcc/cpperror.c
1 /home/phd/oliva/src/egcs/gcc/cp/typeck2.c
1 /home/phd/oliva/src/egcs/gcc/cp/typeck.c
1 /home/phd/oliva/src/egcs/gcc/cp/tree.c
1 /home/phd/oliva/src/egcs/gcc/cp/init.c
1 /home/phd/oliva/src/egcs/gcc/cp/expr.c
1 /home/phd/oliva/src/egcs/gcc/cp/error.c
1 /home/phd/oliva/src/egcs/gcc/ch/typeck.c
1 /home/phd/oliva/src/egcs/gcc/ch/grant.c
1 /home/phd/oliva/src/egcs/gcc/calls.c
1 /home/phd/oliva/src/egcs/gcc/c-common.c
1 /home/phd/oliva/src/egcs/gcc/builtins.c
Number of warning types:
111 format not a string literal, argument types not checked
35 comparison between signed and unsigned
25 `???' might be used uninitialized in this function
15 unused parameter `???'
13 variable `???' might be clobbered by `longjmp' or `vfork'
6 unused variable `???'
5 operand 1 missing mode?
4 operand 0 missing mode?
3 white space at end of line in string
3 implicit declaration of function `???'
1 passing arg ??? of `???' discards qualifiers from pointer target type
1 missing initializer
1 assignment from incompatible pointer type
1 (near initialization for `???')