This is the mail archive of the
gcc-testresults@gcc.gnu.org
mailing list for the GCC project.
Results for 2.96 19991025 (experimental) testsuite on alpha-redhat-linux-gnu
- To: gcc-testresults at gcc dot gnu dot org
- Subject: Results for 2.96 19991025 (experimental) testsuite on alpha-redhat-linux-gnu
- From: Christian Iseli <chris at ludwig-alpha dot unil dot ch>
- Date: Wed, 27 Oct 1999 15:25:16 +0200
Native configuration is alpha-redhat-linux-gnu
=== libio tests ===
Running target unix
=== libio Summary ===
# of expected passes 40
=== libstdc++ tests ===
Running target unix
=== libstdc++ Summary ===
# of expected passes 30
=== gcc tests ===
Running target unix
FAIL: gcc.c-torture/compile/990801-1.c, -O2
FAIL: gcc.c-torture/compile/990801-1.c, -O3 -fomit-frame-pointer
FAIL: gcc.c-torture/compile/990801-1.c, -O3 -fomit-frame-pointer -funroll-loops
FAIL: gcc.c-torture/compile/990801-1.c, -O3 -fomit-frame-pointer -funroll-all-loops -finline-functions
FAIL: gcc.c-torture/compile/990801-1.c, -O3 -g
FAIL: gcc.c-torture/compile/990801-1.c, -Os
FAIL: gcc.c-torture/execute/990811-1.c compilation, -O3 -fomit-frame-pointer
FAIL: gcc.c-torture/execute/990811-1.c compilation, -O3 -fomit-frame-pointer -funroll-loops
FAIL: gcc.c-torture/execute/990811-1.c compilation, -O3 -fomit-frame-pointer -funroll-all-loops -finline-functions
FAIL: gcc.c-torture/execute/990811-1.c compilation, -O3 -g
FAIL: gcc.c-torture/execute/ieee/fp-cmp-2.c execution, -O0
FAIL: gcc.c-torture/execute/ieee/fp-cmp-2.c execution, -O1
FAIL: gcc.c-torture/execute/ieee/fp-cmp-2.c execution, -O2
FAIL: gcc.c-torture/execute/ieee/fp-cmp-2.c execution, -O3 -fomit-frame-pointer
FAIL: gcc.c-torture/execute/ieee/fp-cmp-2.c execution, -O3 -fomit-frame-pointer -funroll-loops
FAIL: gcc.c-torture/execute/ieee/fp-cmp-2.c execution, -O3 -fomit-frame-pointer -funroll-all-loops -finline-functions
FAIL: gcc.c-torture/execute/ieee/fp-cmp-2.c execution, -O3 -g
FAIL: gcc.c-torture/execute/ieee/fp-cmp-2.c execution, -Os
FAIL: gcc.c-torture/execute/ieee/mzero2.c execution, -O0
FAIL: gcc.c-torture/execute/ieee/mzero2.c execution, -O1
FAIL: gcc.c-torture/execute/ieee/mzero2.c execution, -O2
FAIL: gcc.c-torture/execute/ieee/mzero2.c execution, -O3 -fomit-frame-pointer
FAIL: gcc.c-torture/execute/ieee/mzero2.c execution, -O3 -g
FAIL: gcc.c-torture/execute/ieee/mzero2.c execution, -Os
XPASS: gcc.c-torture/execute/memcheck/blkarg.c execution, -O0
XPASS: gcc.c-torture/execute/memcheck/blkarg.c execution, -O1
XPASS: gcc.c-torture/execute/memcheck/blkarg.c execution, -O2
XPASS: gcc.c-torture/execute/memcheck/blkarg.c execution, -Os
FAIL: gcc.dg/cast-qual-1.c discarding `const' warning (test for bogus messages, line 11)
FAIL: gcc.dg/cast-qual-1.c discarding `const' warning (test for warnings, line 17)
FAIL: gcc.dg/compare1.c comparison between signed and unsigned (test for bogus messages, line 25)
=== gcc Summary ===
# of expected passes 8658
# of unexpected failures 27
# of unexpected successes 4
# of expected failures 28
# of unresolved testcases 4
# of unsupported tests 27
/usr/src/redhat/BUILD/obj-alpha-linux/gcc/xgcc version 2.96 19991025 (experimental)
=== g++ tests ===
Running target unix
XPASS: g++.pt/instantiate6.C (test for excess errors)
FAIL: g++.pt/vaarg.C caused compiler crash
=== g++ Summary ===
# of expected passes 5594
# of unexpected failures 1
# of unexpected successes 1
# of expected failures 96
# of untested testcases 14
/usr/src/redhat/BUILD/obj-alpha-linux/gcc/testsuite/../xgcc version 2.96 19991025 (experimental)
=== g77 tests ===
Running target unix
FAIL: g77.f-torture/compile/19990826-1.f, -O0
FAIL: g77.f-torture/compile/19990826-1.f, -O1
FAIL: g77.f-torture/compile/19990826-1.f, -O2
FAIL: g77.f-torture/compile/19990826-1.f, -O2 -fomit-frame-pointer -finline-functions
FAIL: g77.f-torture/compile/19990826-1.f, -Os
=== g77 Summary ===
# of expected passes 649
# of unexpected failures 5
=== objc tests ===
Running target unix
FAIL: objc/execute/bf-1.m compilation, -O
FAIL: objc/execute/bf-10.m compilation, -O
FAIL: objc/execute/bf-11.m compilation, -O
FAIL: objc/execute/bf-12.m compilation, -O
FAIL: objc/execute/bf-13.m compilation, -O
FAIL: objc/execute/bf-14.m compilation, -O
FAIL: objc/execute/bf-15.m compilation, -O
FAIL: objc/execute/bf-16.m compilation, -O
FAIL: objc/execute/bf-17.m compilation, -O
FAIL: objc/execute/bf-18.m compilation, -O
FAIL: objc/execute/bf-19.m compilation, -O
FAIL: objc/execute/bf-2.m compilation, -O
FAIL: objc/execute/bf-3.m compilation, -O
FAIL: objc/execute/bf-4.m compilation, -O
FAIL: objc/execute/bf-5.m compilation, -O
FAIL: objc/execute/bf-6.m compilation, -O
FAIL: objc/execute/bf-7.m compilation, -O
FAIL: objc/execute/bf-8.m compilation, -O
FAIL: objc/execute/bf-9.m compilation, -O
=== objc Summary ===
# of unexpected failures 19
# of untested testcases 19
/usr/src/redhat/BUILD/obj-alpha-linux/gcc/xgcc version 2.96 19991025 (experimental)
Compiler version: 2.96 19991025 (experimental)
Platform: alpha-redhat-linux-gnu
configure flags: --with-gcc-version-trigger=/usr/src/redhat/BUILD/gcc/gcc/version.c --host=alpha-redhat-linux --prefix=/usr --enable-shared --enable-threads --norecursion
Counting all warnings,
there are 401 warnings in stage3 of this bootstrap.
Number of warnings per file:
215 /usr/include/bits/stdio.h
12 ../../gcc/gcc/c-typeck.c
12 ../../../gcc/gcc/java/lex.c
8 ../../gcc/gcc/final.c
8 ../../gcc/gcc/cccp.c
8 ../../../gcc/gcc/f/sts.c
7 ../../gcc/gcc/gcc.c
6 ../../gcc/gcc/toplev.c
6 ../../gcc/gcc/lcm.c
6 ../../gcc/gcc/collect2.c
6 ../../../gcc/gcc/ch/tasking.c
5 ../../gcc/gcc/reload.c
5 ../../gcc/gcc/c-decl.c
4 cexp.y
4 ../../gcc/gcc/unroll.c
4 ../../gcc/gcc/sdbout.c
4 ../../gcc/gcc/regmove.c
4 ../../gcc/gcc/genrecog.c
4 ../../../gcc/gcc/f/com.c
4 ../../../gcc/gcc/cp/lex.c
3 ./parse.y
3 ../../gcc/gcc/reload1.c
3 ../../gcc/gcc/genopinit.c
3 ../../gcc/gcc/errors.c
3 ../../gcc/gcc/dbxout.c
3 ../../../gcc/gcc/java/gjavah.c
3 ../../../gcc/gcc/cp/decl.c
3 ../../../gcc/gcc/cp/class.c
2 ../../gcc/gcc/varasm.c
2 ../../gcc/gcc/print-rtl.c
2 ../../gcc/gcc/optabs.c
2 ../../gcc/gcc/loop.c
2 ../../gcc/gcc/local-alloc.c
2 ../../gcc/gcc/genoutput.c
2 ../../gcc/gcc/genemit.c
2 ../../gcc/gcc/fold-const.c
2 ../../gcc/gcc/config/alpha/alpha.c
2 ../../../gcc/gcc/java/jv-scan.c
2 ../../../gcc/gcc/ch/parse.c
2 ../../../gcc/gcc/ch/expr.c
1 ../../gcc/gcc/stupid.c
1 ../../gcc/gcc/rtl.c
1 ../../gcc/gcc/regclass.c
1 ../../gcc/gcc/hash.c
1 ../../gcc/gcc/genattrtab.c
1 ../../gcc/gcc/gcov.c
1 ../../gcc/gcc/gcov-io.h
1 ../../gcc/gcc/flow.c
1 ../../gcc/gcc/f/g77spec.c
1 ../../gcc/gcc/expr.c
1 ../../gcc/gcc/emit-rtl.c
1 ../../gcc/gcc/calls.c
1 ../../gcc/gcc/c-common.c
1 ../../../gcc/gcc/java/jvgenmain.c
1 ../../../gcc/gcc/cp/typeck2.c
1 ../../../gcc/gcc/cp/typeck.c
1 ../../../gcc/gcc/cp/tree.c
1 ../../../gcc/gcc/cp/init.c
1 ../../../gcc/gcc/cp/error.c
1 ../../../gcc/gcc/ch/typeck.c
1 ../../../gcc/gcc/ch/grant.c
Number of warning types:
318 format not a string literal, argument types not checked
26 `???' might be used uninitialized in this function
16 unused parameter `???'
16 comparison between signed and unsigned
12 variable `???' might be clobbered by `longjmp' or `vfork'
4 unused variable `???'
3 white space at end of line in string
1 passing arg ??? of `???' discards qualifiers from pointer target type
1 missing initializer
1 implicit declaration of function `???'
1 assignment from incompatible pointer type
1 `???' defined but not used
1 (near initialization for `???')