This is the mail archive of the
gcc-testresults@gcc.gnu.org
mailing list for the GCC project.
Results for haifa-enabled 2.96 19991025 (experimental) testsuite on rs6000-ibm-aix4.1.5.0
- To: gcc-testresults at gcc dot gnu dot org
- Subject: Results for haifa-enabled 2.96 19991025 (experimental) testsuite on rs6000-ibm-aix4.1.5.0
- From: "David W. Schuler" <schuld at btv dot ibm dot com>
- Date: Wed, 27 Oct 1999 08:14:48 -0400
Native configuration is rs6000-ibm-aix4.1.5.0
=== libio tests ===
Running target unix
=== libio Summary ===
# of expected passes 40
=== libstdc++ tests ===
Running target unix
=== libstdc++ Summary ===
# of expected passes 30
=== gcc tests ===
Running target unix
FAIL: gcc.c-torture/compile/990801-1.c, -O2
FAIL: gcc.c-torture/compile/990801-1.c, -O3 -fomit-frame-pointer
FAIL: gcc.c-torture/compile/990801-1.c, -O3 -fomit-frame-pointer -funroll-loops
FAIL: gcc.c-torture/compile/990801-1.c, -O3 -fomit-frame-pointer -funroll-all-loops -finline-functions
FAIL: gcc.c-torture/compile/990801-1.c, -O3 -g
FAIL: gcc.c-torture/compile/990801-1.c, -Os
FAIL: gcc.c-torture/execute/920501-8.c compilation, -O0
FAIL: gcc.c-torture/execute/920501-8.c compilation, -O1
FAIL: gcc.c-torture/execute/920501-8.c compilation, -O2
FAIL: gcc.c-torture/execute/920501-8.c compilation, -O3 -fomit-frame-pointer
FAIL: gcc.c-torture/execute/920501-8.c compilation, -O3 -g
FAIL: gcc.c-torture/execute/920501-8.c compilation, -Os
FAIL: gcc.c-torture/execute/920726-1.c compilation, -O0
FAIL: gcc.c-torture/execute/920726-1.c compilation, -O1
FAIL: gcc.c-torture/execute/920726-1.c compilation, -O2
FAIL: gcc.c-torture/execute/920726-1.c compilation, -O3 -fomit-frame-pointer
FAIL: gcc.c-torture/execute/920726-1.c compilation, -O3 -fomit-frame-pointer -funroll-loops
FAIL: gcc.c-torture/execute/920726-1.c compilation, -O3 -fomit-frame-pointer -funroll-all-loops -finline-functions
FAIL: gcc.c-torture/execute/920726-1.c compilation, -O3 -g
FAIL: gcc.c-torture/execute/920726-1.c compilation, -Os
FAIL: gcc.c-torture/execute/931004-12.c execution, -O0
FAIL: gcc.c-torture/execute/931004-12.c execution, -O1
FAIL: gcc.c-torture/execute/931004-12.c execution, -O2
FAIL: gcc.c-torture/execute/931004-12.c execution, -O3 -fomit-frame-pointer
FAIL: gcc.c-torture/execute/931004-12.c execution, -O3 -fomit-frame-pointer -funroll-loops
FAIL: gcc.c-torture/execute/931004-12.c execution, -O3 -fomit-frame-pointer -funroll-all-loops -finline-functions
FAIL: gcc.c-torture/execute/931004-12.c execution, -O3 -g
FAIL: gcc.c-torture/execute/931004-12.c execution, -Os
FAIL: gcc.c-torture/execute/complex-5.c execution, -O3 -fomit-frame-pointer
FAIL: gcc.c-torture/execute/complex-5.c execution, -O3 -g
XPASS: gcc.c-torture/execute/memcheck/blkarg.c execution, -O0
XPASS: gcc.c-torture/execute/memcheck/blkarg.c execution, -O1
XPASS: gcc.c-torture/execute/memcheck/blkarg.c execution, -O2
XPASS: gcc.c-torture/execute/memcheck/blkarg.c execution, -O3 -fomit-frame-pointer
XPASS: gcc.c-torture/execute/memcheck/blkarg.c execution, -O3 -g
XPASS: gcc.c-torture/execute/memcheck/blkarg.c execution, -Os
FAIL: gcc.dg/cast-qual-1.c discarding `const' warning (test for bogus messages, line 11)
FAIL: gcc.dg/cast-qual-1.c discarding `const' warning (test for warnings, line 17)
FAIL: gcc.dg/compare1.c comparison between signed and unsigned (test for bogus messages, line 25)
FAIL: gcc.dg/special/alias-1.c (test for excess errors)
FAIL: gcc.dg/special/wkali-1.c (test for excess errors)
=== gcc Summary ===
# of expected passes 8630
# of unexpected failures 35
# of unexpected successes 6
# of expected failures 26
# of unresolved testcases 14
# of unsupported tests 31
/usr/local/src/EGCS/egcs-aix41/gcc/xgcc version 2.96 19991025 (experimental)
=== g++ tests ===
Running target unix
FAIL: g++.eh/fntry1.C Execution test
FAIL: g++.eh/vbase1.C Execution test
FAIL: g++.ext/attrib5.C (test for excess errors)
FAIL: g++.jason/thunk2.C (test for excess errors)
FAIL: g++.law/profile1.C (test for excess errors)
FAIL: g++.mike/eh16.C Execution test
FAIL: g++.mike/eh17.C Execution test
FAIL: g++.mike/eh30.C (test for excess errors)
FAIL: g++.mike/p4750.C (test for excess errors)
FAIL: g++.oliva/template7.C (test for excess errors)
FAIL: g++.pt/crash44.C (test for excess errors)
XPASS: g++.pt/decl2.C ICE - (test for errors, line 8)
FAIL: g++.pt/instantiate4.C (test for excess errors)
FAIL: g++.pt/repo1.C (test for excess errors)
FAIL: g++.pt/repo2.C (test for excess errors)
FAIL: g++.pt/static10.C ANSI C++ forbids in-class initialization of non-const static member `x' (test for errors, line 15)
FAIL: g++.pt/static3.C (test for excess errors)
FAIL: g++.pt/static6.C (test for excess errors)
FAIL: g++.robertl/eb106.C (test for excess errors)
=== g++ Summary ===
# of expected passes 5580
# of unexpected failures 18
# of unexpected successes 1
# of expected failures 96
# of untested testcases 14
/usr/local/src/EGCS/egcs-aix41/gcc/testsuite/../xgcc version 2.96 19991025 (experimental)
=== g77 tests ===
Running target unix
=== g77 Summary ===
# of expected passes 654
=== objc tests ===
Running target unix
FAIL: objc/execute/bf-1.m compilation, -O
FAIL: objc/execute/bf-10.m compilation, -O
FAIL: objc/execute/bf-11.m compilation, -O
FAIL: objc/execute/bf-12.m compilation, -O
FAIL: objc/execute/bf-13.m compilation, -O
FAIL: objc/execute/bf-14.m compilation, -O
FAIL: objc/execute/bf-15.m compilation, -O
FAIL: objc/execute/bf-16.m compilation, -O
FAIL: objc/execute/bf-17.m compilation, -O
FAIL: objc/execute/bf-18.m compilation, -O
FAIL: objc/execute/bf-19.m compilation, -O
FAIL: objc/execute/bf-2.m compilation, -O
FAIL: objc/execute/bf-3.m compilation, -O
FAIL: objc/execute/bf-4.m compilation, -O
FAIL: objc/execute/bf-5.m compilation, -O
FAIL: objc/execute/bf-6.m compilation, -O
FAIL: objc/execute/bf-7.m compilation, -O
FAIL: objc/execute/bf-8.m compilation, -O
FAIL: objc/execute/bf-9.m compilation, -O
=== objc Summary ===
# of unexpected failures 19
# of untested testcases 19
/usr/local/src/EGCS/egcs-aix41/gcc/xgcc version 2.96 19991025 (experimental)
Compiler version: haifa-enabled 2.96 19991025 (experimental)
Platform: rs6000-ibm-aix4.1.5.0
configure flags: --with-gcc-version-trigger=/usr/local/src/EGCS/egcs/gcc/version.c --host=rs6000-ibm-aix4.1.5.0 --prefix=/afs/btv.ibm.com/data/n37v/software/gnu-aix41/egcs --with-cpu=common --enable-haifa --enable-multilib --norecursion
Counting all warnings,
there are 320 warnings in stage3 of this bootstrap.
Number of warnings per file:
92 ../../egcs/gcc/toplev.c
20 ../../egcs/gcc/config/rs6000/rs6000.md
12 ../../egcs/gcc/c-typeck.c
12 ../../../egcs/gcc/java/lex.c
10 ../../egcs/gcc/collect2.c
8 ../../egcs/gcc/cccp.c
8 ../../../egcs/gcc/f/sts.c
7 ../../egcs/gcc/gcc.c
6 ../../egcs/gcc/loop.c
6 ../../egcs/gcc/lcm.c
6 ../../../egcs/gcc/ch/tasking.c
5 ../../egcs/gcc/reload.c
5 ../../egcs/gcc/regmove.c
5 ../../egcs/gcc/final.c
5 ../../egcs/gcc/c-decl.c
4 insn-emit.c
4 cexp.y
4 ../../egcs/gcc/unroll.c
4 ../../egcs/gcc/genrecog.c
4 ../../../egcs/gcc/f/com.c
4 ../../../egcs/gcc/cp/lex.c
3 ./parse.y
3 ../../egcs/gcc/varasm.c
3 ../../egcs/gcc/reload1.c
3 ../../egcs/gcc/genopinit.c
3 ../../egcs/gcc/errors.c
3 ../../egcs/gcc/dbxout.c
3 ../../egcs/gcc/config/rs6000/rs6000.c
3 ../../egcs/gcc/alias.c
3 ../../../egcs/gcc/java/gjavah.c
3 ../../../egcs/gcc/cp/decl.c
3 ../../../egcs/gcc/cp/class.c
3 ../../../egcs/gcc/ch/expr.c
2 ../../egcs/gcc/tree.c
2 ../../egcs/gcc/print-rtl.c
2 ../../egcs/gcc/optabs.c
2 ../../egcs/gcc/local-alloc.c
2 ../../egcs/gcc/genoutput.c
2 ../../egcs/gcc/genemit.c
2 ../../egcs/gcc/fold-const.c
2 ../../egcs/gcc/expr.c
2 ../../egcs/gcc/emit-rtl.c
2 ../../egcs/gcc/cpplib.c
2 ../../../egcs/gcc/java/jv-scan.c
2 ../../../egcs/gcc/ch/parse.c
1 insn-recog.c
1 ../../egcs/gcc/stupid.c
1 ../../egcs/gcc/scan-decls.c
1 ../../egcs/gcc/rtl.c
1 ../../egcs/gcc/regclass.c
1 ../../egcs/gcc/jump.c
1 ../../egcs/gcc/hash.c
1 ../../egcs/gcc/genattrtab.c
1 ../../egcs/gcc/gcov.c
1 ../../egcs/gcc/gcov-io.h
1 ../../egcs/gcc/flow.c
1 ../../egcs/gcc/fix-header.c
1 ../../egcs/gcc/f/g77spec.c
1 ../../egcs/gcc/explow.c
1 ../../egcs/gcc/cse.c
1 ../../egcs/gcc/cppexp.c
1 ../../egcs/gcc/cpperror.c
1 ../../egcs/gcc/calls.c
1 ../../egcs/gcc/c-common.c
1 ../../egcs/gcc/builtins.c
1 ../../../egcs/gcc/java/jvgenmain.c
1 ../../../egcs/gcc/cp/typeck2.c
1 ../../../egcs/gcc/cp/typeck.c
1 ../../../egcs/gcc/cp/tree.c
1 ../../../egcs/gcc/cp/init.c
1 ../../../egcs/gcc/cp/expr.c
1 ../../../egcs/gcc/cp/error.c
1 ../../../egcs/gcc/ch/typeck.c
1 ../../../egcs/gcc/ch/grant.c
Number of warning types:
109 format not a string literal, argument types not checked
44 missing initializer
44 (near initialization for ???)
27 comparison between signed and unsigned
27 ??? might be used uninitialized in this function
12 variable ??? might be clobbered by longjmp or vfork
11 unused parameter ???
9 unused variable ???
9 source missing a mode?
5 operand 1 missing mode?
4 implicit declaration of function ???
3 white space at end of line in string
3 right shift count >= width of type
2 destination operand 0 allows non-lvalue
1 suggest parentheses around comparison in operand of &
1 passing arg ??? of ??? discards qualifiers from pointer target type
1 operand 5 missing mode?
1 operand 4 missing mode?
1 operand 3 missing mode?
1 operand 0 missing mode?
1 left shift count >= width of type
1 comparison of distinct pointer types lacks a cast
1 assignment makes pointer from integer without a cast
1 assignment from incompatible pointer type
1 ??? defined but not used