This is the mail archive of the
gcc-testresults@gcc.gnu.org
mailing list for the GCC project.
Results for 2.96 19991021 (experimental) testsuite on sparc-sun-solaris2.7
- To: gcc-testresults at gcc dot gnu dot org
- Subject: Results for 2.96 19991021 (experimental) testsuite on sparc-sun-solaris2.7
- From: "Kaveh R. Ghazi" <ghazi at caip dot rutgers dot edu>
- Date: Fri, 22 Oct 1999 10:47:33 -0400 (EDT)
Native configuration is sparc-sun-solaris2.7
=== libio tests ===
Running target unix/-fPIC
FAIL: tFile.cc execution
FAIL: tFile.cc execution -b0
FAIL: tFile.cc execution -b3
FAIL: tfformat.c execution
=== libio Summary for unix/-fPIC ===
# of expected passes 33
# of unexpected failures 4
# of expected failures 4
Running target unix/-fpic
FAIL: tFile.cc execution
FAIL: tFile.cc execution -b0
FAIL: tFile.cc execution -b3
FAIL: tfformat.c execution
=== libio Summary for unix/-fpic ===
# of expected passes 33
# of unexpected failures 4
# of expected failures 4
Running target unix
FAIL: tFile.cc execution
FAIL: tFile.cc execution -b0
FAIL: tFile.cc execution -b3
FAIL: tfformat.c execution
=== libio Summary for unix ===
# of expected passes 33
# of unexpected failures 4
# of expected failures 4
=== libio Summary ===
# of expected passes 99
# of unexpected failures 12
# of expected failures 12
=== libstdc++ tests ===
Running target unix/-fPIC
FAIL: tlist.cc compilation
FAIL: tlist.cc -O compilation
FAIL: tvector.cc compilation
FAIL: tvector.cc -O compilation
=== libstdc++ Summary for unix/-fPIC ===
# of expected passes 18
# of unexpected failures 4
# of expected failures 8
Running target unix/-fpic
FAIL: tlist.cc compilation
FAIL: tlist.cc -O compilation
FAIL: tvector.cc compilation
FAIL: tvector.cc -O compilation
=== libstdc++ Summary for unix/-fpic ===
# of expected passes 18
# of unexpected failures 4
# of expected failures 8
Running target unix
FAIL: tlist.cc compilation
FAIL: tlist.cc -O compilation
FAIL: tvector.cc compilation
FAIL: tvector.cc -O compilation
=== libstdc++ Summary for unix ===
# of expected passes 18
# of unexpected failures 4
# of expected failures 8
=== libstdc++ Summary ===
# of expected passes 54
# of unexpected failures 12
# of expected failures 24
=== gcc tests ===
Running target unix/-fPIC
FAIL: gcc.c-torture/compile/990801-1.c, -O2
FAIL: gcc.c-torture/compile/990801-1.c, -O3 -fomit-frame-pointer
FAIL: gcc.c-torture/compile/990801-1.c, -O3 -fomit-frame-pointer -funroll-loops
FAIL: gcc.c-torture/compile/990801-1.c, -O3 -fomit-frame-pointer -funroll-all-loops -finline-functions
FAIL: gcc.c-torture/compile/990801-1.c, -O3 -g
FAIL: gcc.c-torture/compile/990801-1.c, -Os
FAIL: gcc.c-torture/compile/930506-2.c, -O0
FAIL: gcc.c-torture/compile/930506-2.c, -O1
FAIL: gcc.c-torture/compile/930506-2.c, -O2
FAIL: gcc.c-torture/compile/930506-2.c, -O3 -fomit-frame-pointer
FAIL: gcc.c-torture/compile/930506-2.c, -O3 -g
FAIL: gcc.c-torture/compile/930506-2.c, -Os
FAIL: gcc.c-torture/execute/921215-1.c compilation, -O0
FAIL: gcc.c-torture/execute/921215-1.c compilation, -O1
FAIL: gcc.c-torture/execute/921215-1.c compilation, -O2
FAIL: gcc.c-torture/execute/921215-1.c compilation, -O3 -fomit-frame-pointer
FAIL: gcc.c-torture/execute/921215-1.c compilation, -O3 -g
FAIL: gcc.c-torture/execute/921215-1.c compilation, -Os
FAIL: gcc.c-torture/execute/931002-1.c compilation, -O0
FAIL: gcc.c-torture/execute/931002-1.c compilation, -O1
FAIL: gcc.c-torture/execute/931002-1.c compilation, -O2
FAIL: gcc.c-torture/execute/931002-1.c compilation, -O3 -fomit-frame-pointer
FAIL: gcc.c-torture/execute/931002-1.c compilation, -O3 -g
FAIL: gcc.c-torture/execute/931002-1.c compilation, -Os
FAIL: gcc.c-torture/execute/980205.c execution, -O0
FAIL: gcc.c-torture/execute/nestfunc-1.c compilation, -O0
FAIL: gcc.c-torture/execute/nestfunc-1.c compilation, -O1
FAIL: gcc.c-torture/execute/nestfunc-1.c compilation, -O2
FAIL: gcc.c-torture/execute/nestfunc-1.c compilation, -O3 -fomit-frame-pointer
FAIL: gcc.c-torture/execute/nestfunc-1.c compilation, -O3 -g
FAIL: gcc.c-torture/execute/nestfunc-1.c compilation, -Os
FAIL: gcc.c-torture/unsorted/DFcmp.c, -O1
FAIL: gcc.dg/cast-qual-1.c discarding `const' warning (test for bogus messages, line 11)
FAIL: gcc.dg/cast-qual-1.c discarding `const' warning (test for warnings, line 17)
FAIL: gcc.dg/compare1.c comparison between signed and unsigned (test for bogus messages, line 25)
FAIL: gcc.misc-tests/gcov-1.c execution test
FAIL: gcov-1.c:1:is 4:should be 11
FAIL: gcov-1.c:1:is 5:should be 10
FAIL: gcov-1.c:1:is 7:should be 1
FAIL: gcc.misc-tests/gcov-2.c execution test (PRMS 8294)
=== gcc Summary for unix/-fPIC ===
# of expected passes 8609
# of unexpected failures 40
# of expected failures 32
# of unresolved testcases 21
# of unsupported tests 27
Running target unix/-fpic
FAIL: gcc.c-torture/compile/990801-1.c, -O2
FAIL: gcc.c-torture/compile/990801-1.c, -O3 -fomit-frame-pointer
FAIL: gcc.c-torture/compile/990801-1.c, -O3 -fomit-frame-pointer -funroll-loops
FAIL: gcc.c-torture/compile/990801-1.c, -O3 -fomit-frame-pointer -funroll-all-loops -finline-functions
FAIL: gcc.c-torture/compile/990801-1.c, -O3 -g
FAIL: gcc.c-torture/compile/990801-1.c, -Os
FAIL: gcc.c-torture/compile/930506-2.c, -O0
FAIL: gcc.c-torture/compile/930506-2.c, -O1
FAIL: gcc.c-torture/compile/930506-2.c, -O2
FAIL: gcc.c-torture/compile/930506-2.c, -O3 -fomit-frame-pointer
FAIL: gcc.c-torture/compile/930506-2.c, -O3 -g
FAIL: gcc.c-torture/compile/930506-2.c, -Os
FAIL: gcc.c-torture/execute/921215-1.c compilation, -O0
FAIL: gcc.c-torture/execute/921215-1.c compilation, -O1
FAIL: gcc.c-torture/execute/921215-1.c compilation, -O2
FAIL: gcc.c-torture/execute/921215-1.c compilation, -O3 -fomit-frame-pointer
FAIL: gcc.c-torture/execute/921215-1.c compilation, -O3 -g
FAIL: gcc.c-torture/execute/921215-1.c compilation, -Os
FAIL: gcc.c-torture/execute/931002-1.c compilation, -O0
FAIL: gcc.c-torture/execute/931002-1.c compilation, -O1
FAIL: gcc.c-torture/execute/931002-1.c compilation, -O2
FAIL: gcc.c-torture/execute/931002-1.c compilation, -O3 -fomit-frame-pointer
FAIL: gcc.c-torture/execute/931002-1.c compilation, -O3 -g
FAIL: gcc.c-torture/execute/931002-1.c compilation, -Os
FAIL: gcc.c-torture/execute/980205.c execution, -O0
FAIL: gcc.c-torture/execute/nestfunc-1.c compilation, -O0
FAIL: gcc.c-torture/execute/nestfunc-1.c compilation, -O1
FAIL: gcc.c-torture/execute/nestfunc-1.c compilation, -O2
FAIL: gcc.c-torture/execute/nestfunc-1.c compilation, -O3 -fomit-frame-pointer
FAIL: gcc.c-torture/execute/nestfunc-1.c compilation, -O3 -g
FAIL: gcc.c-torture/execute/nestfunc-1.c compilation, -Os
FAIL: gcc.c-torture/unsorted/DFcmp.c, -O2
FAIL: gcc.c-torture/unsorted/DFcmp.c, -Os
FAIL: gcc.dg/cast-qual-1.c discarding `const' warning (test for bogus messages, line 11)
FAIL: gcc.dg/cast-qual-1.c discarding `const' warning (test for warnings, line 17)
FAIL: gcc.dg/compare1.c comparison between signed and unsigned (test for bogus messages, line 25)
FAIL: gcc.misc-tests/gcov-1.c execution test
FAIL: gcov-1.c:1:is 4:should be 11
FAIL: gcov-1.c:1:is 5:should be 10
FAIL: gcov-1.c:1:is 7:should be 1
FAIL: gcc.misc-tests/gcov-2.c execution test (PRMS 8294)
=== gcc Summary for unix/-fpic ===
# of expected passes 8608
# of unexpected failures 41
# of expected failures 32
# of unresolved testcases 21
# of unsupported tests 27
Running target unix
FAIL: gcc.c-torture/compile/990801-1.c, -O2
FAIL: gcc.c-torture/compile/990801-1.c, -O3 -fomit-frame-pointer
FAIL: gcc.c-torture/compile/990801-1.c, -O3 -fomit-frame-pointer -funroll-loops
FAIL: gcc.c-torture/compile/990801-1.c, -O3 -fomit-frame-pointer -funroll-all-loops -finline-functions
FAIL: gcc.c-torture/compile/990801-1.c, -O3 -g
FAIL: gcc.c-torture/compile/990801-1.c, -Os
FAIL: gcc.c-torture/compile/930506-2.c, -O0
FAIL: gcc.c-torture/compile/930506-2.c, -O1
FAIL: gcc.c-torture/compile/930506-2.c, -O2
FAIL: gcc.c-torture/compile/930506-2.c, -O3 -fomit-frame-pointer
FAIL: gcc.c-torture/compile/930506-2.c, -O3 -g
FAIL: gcc.c-torture/compile/930506-2.c, -Os
FAIL: gcc.c-torture/execute/921215-1.c compilation, -O0
FAIL: gcc.c-torture/execute/921215-1.c compilation, -O1
FAIL: gcc.c-torture/execute/921215-1.c compilation, -O2
FAIL: gcc.c-torture/execute/921215-1.c compilation, -O3 -fomit-frame-pointer
FAIL: gcc.c-torture/execute/921215-1.c compilation, -O3 -g
FAIL: gcc.c-torture/execute/921215-1.c compilation, -Os
FAIL: gcc.c-torture/execute/931002-1.c compilation, -O0
FAIL: gcc.c-torture/execute/931002-1.c compilation, -O1
FAIL: gcc.c-torture/execute/931002-1.c compilation, -O2
FAIL: gcc.c-torture/execute/931002-1.c compilation, -O3 -fomit-frame-pointer
FAIL: gcc.c-torture/execute/931002-1.c compilation, -O3 -g
FAIL: gcc.c-torture/execute/931002-1.c compilation, -Os
FAIL: gcc.c-torture/execute/980205.c execution, -O0
FAIL: gcc.c-torture/execute/nestfunc-1.c compilation, -O0
FAIL: gcc.c-torture/execute/nestfunc-1.c compilation, -O1
FAIL: gcc.c-torture/execute/nestfunc-1.c compilation, -O2
FAIL: gcc.c-torture/execute/nestfunc-1.c compilation, -O3 -fomit-frame-pointer
FAIL: gcc.c-torture/execute/nestfunc-1.c compilation, -O3 -g
FAIL: gcc.c-torture/execute/nestfunc-1.c compilation, -Os
FAIL: gcc.c-torture/unsorted/DFcmp.c, -O0
FAIL: gcc.dg/cast-qual-1.c discarding `const' warning (test for bogus messages, line 11)
FAIL: gcc.dg/cast-qual-1.c discarding `const' warning (test for warnings, line 17)
FAIL: gcc.dg/compare1.c comparison between signed and unsigned (test for bogus messages, line 25)
=== gcc Summary for unix ===
# of expected passes 8612
# of unexpected failures 35
# of expected failures 32
# of unresolved testcases 21
# of unsupported tests 27
=== gcc Summary ===
# of expected passes 25829
# of unexpected failures 116
# of expected failures 96
# of unresolved testcases 63
# of unsupported tests 81
/local2/ghazi/gcc-testing/build/gcc/xgcc version 2.96 19991021 (experimental)
=== g++ tests ===
Running target unix/-fPIC
FAIL: g++.dg/special/conpr-1.C execution test
FAIL: g++.dg/special/conpr-2.C execution test
FAIL: g++.dg/special/conpr-3.C execution test
FAIL: g++.dg/special/conpr-3.C execution test
FAIL: g++.brendan/crash63.C caused compiler crash
FAIL: g++.brendan/crash64.C caused compiler crash
FAIL: g++.brendan/groff1.C caused compiler crash
FAIL: g++.brendan/overload6.C caused compiler crash
FAIL: g++.eh/new1.C caused compiler crash
FAIL: g++.eh/new2.C caused compiler crash
FAIL: g++.ext/initp1.C Execution test
FAIL: g++.jason/lookup2.C caused compiler crash
FAIL: g++.jason/report.C non-void (test for errors, line 53)
FAIL: g++.jason/report.C not a member (test for errors, line 59)
FAIL: g++.jason/report.C implicit declaration (test for errors, line 67)
FAIL: g++.jason/report.C non-void (test for errors, line 68)
FAIL: g++.jason/report.C (test for excess errors)
FAIL: g++.jason/template31.C caused compiler crash
FAIL: g++.jason/template42.C caused compiler crash
FAIL: g++.law/ctors18.C caused compiler crash
FAIL: g++.law/cvt3.C caused compiler crash
FAIL: g++.law/operators11.C caused compiler crash
FAIL: g++.law/profile1.C Execution test
FAIL: g++.law/unsorted2.C caused compiler crash
FAIL: g++.law/virtual3.C caused compiler crash
FAIL: g++.mike/explicit1.C (test for excess errors)
FAIL: g++.mike/explicit2.C (test for excess errors)
FAIL: g++.mike/init2.C caused compiler crash
FAIL: g++.mike/net16.C caused compiler crash
FAIL: g++.mike/p4677.C (test for excess errors)
FAIL: g++.niklas/t122.C caused compiler crash
FAIL: g++.ns/koenig4.C caused compiler crash
FAIL: g++.ns/koenig6.C caused compiler crash
FAIL: g++.ns/template11.C caused compiler crash
FAIL: g++.oliva/template7.C (test for excess errors)
FAIL: g++.other/init9.C jump from here (test for errors, line 36)
FAIL: g++.other/init9.C jump to here (test for errors, line 38)
FAIL: g++.other/init9.C (test for excess errors)
FAIL: g++.other/typeinfo1.C caused compiler crash
FAIL: g++.other/vaarg3.C caused compiler crash
FAIL: g++.pt/explicit11.C caused compiler crash
FAIL: g++.pt/explicit25.C caused compiler crash
FAIL: g++.pt/explicit37.C caused compiler crash
FAIL: g++.pt/explicit77.C (test for excess errors)
FAIL: g++.pt/explicit78.C caused compiler crash
FAIL: g++.pt/expr3.C caused compiler crash
FAIL: g++.pt/expr7.C caused compiler crash
XPASS: g++.pt/instantiate6.C (test for excess errors)
FAIL: g++.pt/memclass17.C caused compiler crash
FAIL: g++.pt/memtemp11.C caused compiler crash
FAIL: g++.pt/memtemp14.C caused compiler crash
FAIL: g++.pt/memtemp16.C caused compiler crash
FAIL: g++.pt/memtemp17.C caused compiler crash
FAIL: g++.pt/memtemp20.C caused compiler crash
FAIL: g++.pt/memtemp3.C caused compiler crash
FAIL: g++.pt/memtemp36.C caused compiler crash
FAIL: g++.pt/memtemp5.C caused compiler crash
FAIL: g++.pt/memtemp53.C caused compiler crash
FAIL: g++.pt/memtemp58.C caused compiler crash
FAIL: g++.pt/memtemp7.C caused compiler crash
FAIL: g++.pt/nttp2.C caused compiler crash
FAIL: g++.pt/overload1.C caused compiler crash
FAIL: g++.pt/overload7.C caused compiler crash
FAIL: g++.pt/spec17.C caused compiler crash
FAIL: g++.pt/t40.C caused compiler crash
FAIL: g++.pt/t41.C caused compiler crash
FAIL: g++.pt/ttp19.C caused compiler crash
FAIL: g++.pt/ttp33.C caused compiler crash
FAIL: g++.pt/ttp40.C caused compiler crash
FAIL: g++.pt/ttp57.C caused compiler crash
FAIL: g++.pt/ttp58.C caused compiler crash
FAIL: g++.pt/typename1.C caused compiler crash
FAIL: g++.pt/unify2.C caused compiler crash
FAIL: g++.pt/vaarg.C caused compiler crash
FAIL: g++.robertl/eb109.C no size function (test for errors, line 42)
FAIL: g++.robertl/eb109.C no index operator (test for errors, line 44)
FAIL: g++.robertl/eb109.C no index operator (test for errors, line 48)
FAIL: g++.robertl/eb109.C no index operator (test for errors, line 49)
FAIL: g++.robertl/eb109.C no index operator (test for errors, line 54)
FAIL: g++.robertl/eb109.C (test for excess errors)
FAIL: g++.robertl/eb127.C caused compiler crash
FAIL: g++.robertl/eb13.C caused compiler crash
FAIL: g++.robertl/eb130.C caused compiler crash
FAIL: g++.robertl/eb14.C caused compiler crash
FAIL: g++.robertl/eb21.C caused compiler crash
FAIL: g++.robertl/eb28.C caused compiler crash
FAIL: g++.robertl/eb29.C caused compiler crash
FAIL: g++.robertl/eb36.C (test for excess errors)
FAIL: g++.robertl/eb37.C caused compiler crash
FAIL: g++.robertl/eb43.C caused compiler crash
FAIL: g++.robertl/eb59.C caused compiler crash
FAIL: g++.robertl/eb62.C caused compiler crash
FAIL: g++.robertl/eb7.C caused compiler crash
FAIL: g++.robertl/eb83.C Execution test
=== g++ Summary for unix/-fPIC ===
# of expected passes 5472
# of unexpected failures 93
# of unexpected successes 1
# of expected failures 92
# of untested testcases 13
Running target unix/-fpic
FAIL: g++.dg/special/conpr-1.C execution test
FAIL: g++.dg/special/conpr-2.C execution test
FAIL: g++.dg/special/conpr-3.C execution test
FAIL: g++.dg/special/conpr-3.C execution test
FAIL: g++.brendan/crash63.C caused compiler crash
FAIL: g++.brendan/crash64.C caused compiler crash
FAIL: g++.brendan/groff1.C caused compiler crash
FAIL: g++.brendan/overload6.C caused compiler crash
FAIL: g++.eh/new1.C caused compiler crash
FAIL: g++.eh/new2.C caused compiler crash
FAIL: g++.ext/initp1.C Execution test
FAIL: g++.jason/lookup2.C caused compiler crash
FAIL: g++.jason/report.C non-void (test for errors, line 53)
FAIL: g++.jason/report.C not a member (test for errors, line 59)
FAIL: g++.jason/report.C implicit declaration (test for errors, line 67)
FAIL: g++.jason/report.C non-void (test for errors, line 68)
FAIL: g++.jason/report.C (test for excess errors)
FAIL: g++.jason/template31.C caused compiler crash
FAIL: g++.jason/template42.C caused compiler crash
FAIL: g++.law/ctors18.C caused compiler crash
FAIL: g++.law/cvt3.C caused compiler crash
FAIL: g++.law/operators11.C caused compiler crash
FAIL: g++.law/profile1.C Execution test
FAIL: g++.law/unsorted2.C caused compiler crash
FAIL: g++.law/virtual3.C caused compiler crash
FAIL: g++.mike/explicit1.C (test for excess errors)
FAIL: g++.mike/explicit2.C (test for excess errors)
FAIL: g++.mike/init2.C caused compiler crash
FAIL: g++.mike/net16.C caused compiler crash
FAIL: g++.mike/p4677.C (test for excess errors)
FAIL: g++.niklas/t122.C caused compiler crash
FAIL: g++.ns/koenig4.C caused compiler crash
FAIL: g++.ns/koenig6.C caused compiler crash
FAIL: g++.ns/template11.C caused compiler crash
FAIL: g++.oliva/template7.C (test for excess errors)
FAIL: g++.other/init9.C jump from here (test for errors, line 36)
FAIL: g++.other/init9.C jump to here (test for errors, line 38)
FAIL: g++.other/init9.C (test for excess errors)
FAIL: g++.other/typeinfo1.C caused compiler crash
FAIL: g++.other/vaarg3.C caused compiler crash
FAIL: g++.pt/explicit11.C caused compiler crash
FAIL: g++.pt/explicit25.C caused compiler crash
FAIL: g++.pt/explicit37.C caused compiler crash
FAIL: g++.pt/explicit77.C (test for excess errors)
FAIL: g++.pt/explicit78.C caused compiler crash
FAIL: g++.pt/expr3.C caused compiler crash
FAIL: g++.pt/expr7.C caused compiler crash
XPASS: g++.pt/instantiate6.C (test for excess errors)
FAIL: g++.pt/memclass17.C caused compiler crash
FAIL: g++.pt/memtemp11.C caused compiler crash
FAIL: g++.pt/memtemp14.C caused compiler crash
FAIL: g++.pt/memtemp16.C caused compiler crash
FAIL: g++.pt/memtemp17.C caused compiler crash
FAIL: g++.pt/memtemp20.C caused compiler crash
FAIL: g++.pt/memtemp3.C caused compiler crash
FAIL: g++.pt/memtemp36.C caused compiler crash
FAIL: g++.pt/memtemp5.C caused compiler crash
FAIL: g++.pt/memtemp53.C caused compiler crash
FAIL: g++.pt/memtemp58.C caused compiler crash
FAIL: g++.pt/memtemp7.C caused compiler crash
FAIL: g++.pt/nttp2.C caused compiler crash
FAIL: g++.pt/overload1.C caused compiler crash
FAIL: g++.pt/overload7.C caused compiler crash
FAIL: g++.pt/spec17.C caused compiler crash
FAIL: g++.pt/t40.C caused compiler crash
FAIL: g++.pt/t41.C caused compiler crash
FAIL: g++.pt/ttp19.C caused compiler crash
FAIL: g++.pt/ttp33.C caused compiler crash
FAIL: g++.pt/ttp40.C caused compiler crash
FAIL: g++.pt/ttp57.C caused compiler crash
FAIL: g++.pt/ttp58.C caused compiler crash
FAIL: g++.pt/typename1.C caused compiler crash
FAIL: g++.pt/unify2.C caused compiler crash
FAIL: g++.pt/vaarg.C caused compiler crash
FAIL: g++.robertl/eb109.C no size function (test for errors, line 42)
FAIL: g++.robertl/eb109.C no index operator (test for errors, line 44)
FAIL: g++.robertl/eb109.C no index operator (test for errors, line 48)
FAIL: g++.robertl/eb109.C no index operator (test for errors, line 49)
FAIL: g++.robertl/eb109.C no index operator (test for errors, line 54)
FAIL: g++.robertl/eb109.C (test for excess errors)
FAIL: g++.robertl/eb127.C caused compiler crash
FAIL: g++.robertl/eb13.C caused compiler crash
FAIL: g++.robertl/eb130.C caused compiler crash
FAIL: g++.robertl/eb14.C caused compiler crash
FAIL: g++.robertl/eb21.C caused compiler crash
FAIL: g++.robertl/eb28.C caused compiler crash
FAIL: g++.robertl/eb29.C caused compiler crash
FAIL: g++.robertl/eb36.C (test for excess errors)
FAIL: g++.robertl/eb37.C caused compiler crash
FAIL: g++.robertl/eb43.C caused compiler crash
FAIL: g++.robertl/eb59.C caused compiler crash
FAIL: g++.robertl/eb62.C caused compiler crash
FAIL: g++.robertl/eb7.C caused compiler crash
FAIL: g++.robertl/eb83.C Execution test
=== g++ Summary for unix/-fpic ===
# of expected passes 5472
# of unexpected failures 93
# of unexpected successes 1
# of expected failures 92
# of untested testcases 13
Running target unix
FAIL: g++.dg/special/conpr-1.C execution test
FAIL: g++.dg/special/conpr-2.C execution test
FAIL: g++.dg/special/conpr-3.C execution test
FAIL: g++.dg/special/conpr-3.C execution test
FAIL: g++.brendan/crash63.C caused compiler crash
FAIL: g++.brendan/crash64.C caused compiler crash
FAIL: g++.brendan/groff1.C caused compiler crash
FAIL: g++.brendan/overload6.C caused compiler crash
FAIL: g++.eh/new1.C caused compiler crash
FAIL: g++.eh/new2.C caused compiler crash
FAIL: g++.ext/initp1.C Execution test
FAIL: g++.jason/lookup2.C caused compiler crash
FAIL: g++.jason/report.C non-void (test for errors, line 53)
FAIL: g++.jason/report.C not a member (test for errors, line 59)
FAIL: g++.jason/report.C implicit declaration (test for errors, line 67)
FAIL: g++.jason/report.C non-void (test for errors, line 68)
FAIL: g++.jason/report.C (test for excess errors)
FAIL: g++.jason/template31.C caused compiler crash
FAIL: g++.jason/template42.C caused compiler crash
FAIL: g++.law/ctors18.C caused compiler crash
FAIL: g++.law/cvt3.C caused compiler crash
FAIL: g++.law/operators11.C caused compiler crash
FAIL: g++.law/unsorted2.C caused compiler crash
FAIL: g++.law/virtual3.C caused compiler crash
FAIL: g++.mike/explicit1.C (test for excess errors)
FAIL: g++.mike/explicit2.C (test for excess errors)
FAIL: g++.mike/init2.C caused compiler crash
FAIL: g++.mike/net16.C caused compiler crash
FAIL: g++.mike/p4677.C (test for excess errors)
FAIL: g++.niklas/t122.C caused compiler crash
FAIL: g++.ns/koenig4.C caused compiler crash
FAIL: g++.ns/koenig6.C caused compiler crash
FAIL: g++.ns/template11.C caused compiler crash
FAIL: g++.oliva/template7.C (test for excess errors)
FAIL: g++.other/init9.C jump from here (test for errors, line 36)
FAIL: g++.other/init9.C jump to here (test for errors, line 38)
FAIL: g++.other/init9.C (test for excess errors)
FAIL: g++.other/typeinfo1.C caused compiler crash
FAIL: g++.other/vaarg3.C caused compiler crash
FAIL: g++.pt/explicit11.C caused compiler crash
FAIL: g++.pt/explicit25.C caused compiler crash
FAIL: g++.pt/explicit37.C caused compiler crash
FAIL: g++.pt/explicit77.C (test for excess errors)
FAIL: g++.pt/explicit78.C caused compiler crash
FAIL: g++.pt/expr3.C caused compiler crash
FAIL: g++.pt/expr7.C caused compiler crash
XPASS: g++.pt/instantiate6.C (test for excess errors)
FAIL: g++.pt/memclass17.C caused compiler crash
FAIL: g++.pt/memtemp11.C caused compiler crash
FAIL: g++.pt/memtemp14.C caused compiler crash
FAIL: g++.pt/memtemp16.C caused compiler crash
FAIL: g++.pt/memtemp17.C caused compiler crash
FAIL: g++.pt/memtemp20.C caused compiler crash
FAIL: g++.pt/memtemp3.C caused compiler crash
FAIL: g++.pt/memtemp36.C caused compiler crash
FAIL: g++.pt/memtemp5.C caused compiler crash
FAIL: g++.pt/memtemp53.C caused compiler crash
FAIL: g++.pt/memtemp58.C caused compiler crash
FAIL: g++.pt/memtemp7.C caused compiler crash
FAIL: g++.pt/nttp2.C caused compiler crash
FAIL: g++.pt/overload1.C caused compiler crash
FAIL: g++.pt/overload7.C caused compiler crash
FAIL: g++.pt/spec17.C caused compiler crash
FAIL: g++.pt/t40.C caused compiler crash
FAIL: g++.pt/t41.C caused compiler crash
FAIL: g++.pt/ttp19.C caused compiler crash
FAIL: g++.pt/ttp33.C caused compiler crash
FAIL: g++.pt/ttp40.C caused compiler crash
FAIL: g++.pt/ttp57.C caused compiler crash
FAIL: g++.pt/ttp58.C caused compiler crash
FAIL: g++.pt/typename1.C caused compiler crash
FAIL: g++.pt/unify2.C caused compiler crash
FAIL: g++.pt/vaarg.C caused compiler crash
FAIL: g++.robertl/eb109.C no size function (test for errors, line 42)
FAIL: g++.robertl/eb109.C no index operator (test for errors, line 44)
FAIL: g++.robertl/eb109.C no index operator (test for errors, line 48)
FAIL: g++.robertl/eb109.C no index operator (test for errors, line 49)
FAIL: g++.robertl/eb109.C no index operator (test for errors, line 54)
FAIL: g++.robertl/eb109.C (test for excess errors)
FAIL: g++.robertl/eb127.C caused compiler crash
FAIL: g++.robertl/eb13.C caused compiler crash
FAIL: g++.robertl/eb130.C caused compiler crash
FAIL: g++.robertl/eb14.C caused compiler crash
FAIL: g++.robertl/eb21.C caused compiler crash
FAIL: g++.robertl/eb28.C caused compiler crash
FAIL: g++.robertl/eb29.C caused compiler crash
FAIL: g++.robertl/eb36.C (test for excess errors)
FAIL: g++.robertl/eb37.C caused compiler crash
FAIL: g++.robertl/eb43.C caused compiler crash
FAIL: g++.robertl/eb59.C caused compiler crash
FAIL: g++.robertl/eb62.C caused compiler crash
FAIL: g++.robertl/eb7.C caused compiler crash
=== g++ Summary for unix ===
# of expected passes 5474
# of unexpected failures 91
# of unexpected successes 1
# of expected failures 92
# of untested testcases 13
=== g++ Summary ===
# of expected passes 16418
# of unexpected failures 277
# of unexpected successes 3
# of expected failures 276
# of untested testcases 39
/local2/ghazi/gcc-testing/build/gcc/testsuite/../xgcc version 2.96 19991021 (experimental)
=== g77 tests ===
Running target unix/-fPIC
FAIL: g77.f-torture/compile/19990826-1.f, -O0
FAIL: g77.f-torture/compile/19990826-1.f, -O1
FAIL: g77.f-torture/compile/19990826-1.f, -O2
FAIL: g77.f-torture/compile/19990826-1.f, -O2 -fomit-frame-pointer -finline-functions
FAIL: g77.f-torture/compile/19990826-1.f, -Os
=== g77 Summary for unix/-fPIC ===
# of expected passes 649
# of unexpected failures 5
Running target unix/-fpic
FAIL: g77.f-torture/compile/19990826-1.f, -O0
FAIL: g77.f-torture/compile/19990826-1.f, -O1
FAIL: g77.f-torture/compile/19990826-1.f, -O2
FAIL: g77.f-torture/compile/19990826-1.f, -O2 -fomit-frame-pointer -finline-functions
FAIL: g77.f-torture/compile/19990826-1.f, -Os
=== g77 Summary for unix/-fpic ===
# of expected passes 649
# of unexpected failures 5
Running target unix
FAIL: g77.f-torture/compile/19990826-1.f, -O0
FAIL: g77.f-torture/compile/19990826-1.f, -O1
FAIL: g77.f-torture/compile/19990826-1.f, -O2
FAIL: g77.f-torture/compile/19990826-1.f, -O2 -fomit-frame-pointer -finline-functions
FAIL: g77.f-torture/compile/19990826-1.f, -Os
=== g77 Summary for unix ===
# of expected passes 649
# of unexpected failures 5
=== g77 Summary ===
# of expected passes 1947
# of unexpected failures 15
=== objc tests ===
Running target unix/-fPIC
FAIL: objc/execute/bf-1.m compilation, -O
FAIL: objc/execute/bf-10.m compilation, -O
FAIL: objc/execute/bf-11.m compilation, -O
FAIL: objc/execute/bf-12.m compilation, -O
FAIL: objc/execute/bf-13.m compilation, -O
FAIL: objc/execute/bf-14.m compilation, -O
FAIL: objc/execute/bf-15.m compilation, -O
FAIL: objc/execute/bf-16.m compilation, -O
FAIL: objc/execute/bf-17.m compilation, -O
FAIL: objc/execute/bf-18.m compilation, -O
FAIL: objc/execute/bf-19.m compilation, -O
FAIL: objc/execute/bf-2.m compilation, -O
FAIL: objc/execute/bf-3.m compilation, -O
FAIL: objc/execute/bf-4.m compilation, -O
FAIL: objc/execute/bf-5.m compilation, -O
FAIL: objc/execute/bf-6.m compilation, -O
FAIL: objc/execute/bf-7.m compilation, -O
FAIL: objc/execute/bf-8.m compilation, -O
FAIL: objc/execute/bf-9.m compilation, -O
=== objc Summary for unix/-fPIC ===
# of unexpected failures 19
# of untested testcases 19
Running target unix/-fpic
FAIL: objc/execute/bf-1.m compilation, -O
FAIL: objc/execute/bf-10.m compilation, -O
FAIL: objc/execute/bf-11.m compilation, -O
FAIL: objc/execute/bf-12.m compilation, -O
FAIL: objc/execute/bf-13.m compilation, -O
FAIL: objc/execute/bf-14.m compilation, -O
FAIL: objc/execute/bf-15.m compilation, -O
FAIL: objc/execute/bf-16.m compilation, -O
FAIL: objc/execute/bf-17.m compilation, -O
FAIL: objc/execute/bf-18.m compilation, -O
FAIL: objc/execute/bf-19.m compilation, -O
FAIL: objc/execute/bf-2.m compilation, -O
FAIL: objc/execute/bf-3.m compilation, -O
FAIL: objc/execute/bf-4.m compilation, -O
FAIL: objc/execute/bf-5.m compilation, -O
FAIL: objc/execute/bf-6.m compilation, -O
FAIL: objc/execute/bf-7.m compilation, -O
FAIL: objc/execute/bf-8.m compilation, -O
FAIL: objc/execute/bf-9.m compilation, -O
=== objc Summary for unix/-fpic ===
# of unexpected failures 19
# of untested testcases 19
Running target unix
FAIL: objc/execute/bf-1.m compilation, -O
FAIL: objc/execute/bf-10.m compilation, -O
FAIL: objc/execute/bf-11.m compilation, -O
FAIL: objc/execute/bf-12.m compilation, -O
FAIL: objc/execute/bf-13.m compilation, -O
FAIL: objc/execute/bf-14.m compilation, -O
FAIL: objc/execute/bf-15.m compilation, -O
FAIL: objc/execute/bf-16.m compilation, -O
FAIL: objc/execute/bf-17.m compilation, -O
FAIL: objc/execute/bf-18.m compilation, -O
FAIL: objc/execute/bf-19.m compilation, -O
FAIL: objc/execute/bf-2.m compilation, -O
FAIL: objc/execute/bf-3.m compilation, -O
FAIL: objc/execute/bf-4.m compilation, -O
FAIL: objc/execute/bf-5.m compilation, -O
FAIL: objc/execute/bf-6.m compilation, -O
FAIL: objc/execute/bf-7.m compilation, -O
FAIL: objc/execute/bf-8.m compilation, -O
FAIL: objc/execute/bf-9.m compilation, -O
=== objc Summary for unix ===
# of unexpected failures 19
# of untested testcases 19
=== objc Summary ===
# of unexpected failures 57
# of untested testcases 57
/local2/ghazi/gcc-testing/build/gcc/xgcc version 2.96 19991021 (experimental)
Compiler version: 2.96 19991021 (experimental)
Platform: sparc-sun-solaris2.7
configure flags: --with-gcc-version-trigger=/local2/ghazi/gcc-testing/egcs-CVS19991021/gcc/version.c --host=sparc-sun-solaris2.7 --verbose --norecursion