This is the mail archive of the
gcc-testresults@gcc.gnu.org
mailing list for the GCC project.
Results for 2.96 19991020 (experimental) testsuite on sparc-sun-solaris2.5
- To: gcc-testresults at gcc dot gnu dot org
- Subject: Results for 2.96 19991020 (experimental) testsuite on sparc-sun-solaris2.5
- From: Alexandre Oliva <oliva at lsd dot ic dot unicamp dot br>
- Date: Thu, 21 Oct 1999 12:14:02 -0200
Native configuration is sparc-sun-solaris2.5
=== g++ tests ===
Running target unix
FAIL: g++.dg/special/conpr-1.C execution test
FAIL: g++.dg/special/conpr-2.C execution test
FAIL: g++.dg/special/conpr-3.C execution test
FAIL: g++.dg/special/conpr-3.C execution test
FAIL: g++.ext/initp1.C Execution test
FAIL: g++.oliva/template7.C (test for excess errors)
FAIL: g++.other/vaarg3.C caused compiler crash
XPASS: g++.pt/instantiate6.C (test for excess errors)
=== g++ Summary ===
# of expected passes 5581
# of unexpected failures 7
# of unexpected successes 1
# of expected failures 94
# of untested testcases 13
/tmp/gcc-main/gcc/testsuite/../xgcc version 2.96 19991020 (experimental)
=== g77 tests ===
Running target unix
FAIL: g77.f-torture/compile/19990826-1.f, -O0
FAIL: g77.f-torture/compile/19990826-1.f, -O1
FAIL: g77.f-torture/compile/19990826-1.f, -O2
FAIL: g77.f-torture/compile/19990826-1.f, -O2 -fomit-frame-pointer -finline-functions
FAIL: g77.f-torture/compile/19990826-1.f, -Os
FAIL: g77.f-torture/compile/19990826-3.f, -O1
=== g77 Summary ===
# of expected passes 648
# of unexpected failures 6
=== gcc tests ===
Running target unix
FAIL: gcc.c-torture/compile/930506-2.c, -O0
FAIL: gcc.c-torture/compile/930506-2.c, -O1
FAIL: gcc.c-torture/compile/930506-2.c, -O2
FAIL: gcc.c-torture/compile/930506-2.c, -O3 -fomit-frame-pointer
FAIL: gcc.c-torture/compile/930506-2.c, -O3 -g
FAIL: gcc.c-torture/compile/930506-2.c, -Os
FAIL: gcc.c-torture/compile/990801-1.c, -O2
FAIL: gcc.c-torture/compile/990801-1.c, -O3 -fomit-frame-pointer
FAIL: gcc.c-torture/compile/990801-1.c, -O3 -fomit-frame-pointer -funroll-loops
FAIL: gcc.c-torture/compile/990801-1.c, -O3 -fomit-frame-pointer -funroll-all-loops -finline-functions
FAIL: gcc.c-torture/compile/990801-1.c, -O3 -g
FAIL: gcc.c-torture/compile/990801-1.c, -Os
FAIL: gcc.c-torture/execute/921215-1.c compilation, -O0
FAIL: gcc.c-torture/execute/921215-1.c compilation, -O1
FAIL: gcc.c-torture/execute/921215-1.c compilation, -O2
FAIL: gcc.c-torture/execute/921215-1.c compilation, -O3 -fomit-frame-pointer
FAIL: gcc.c-torture/execute/921215-1.c compilation, -O3 -g
FAIL: gcc.c-torture/execute/921215-1.c compilation, -Os
FAIL: gcc.c-torture/execute/931002-1.c compilation, -O0
FAIL: gcc.c-torture/execute/931002-1.c compilation, -O1
FAIL: gcc.c-torture/execute/931002-1.c compilation, -O2
FAIL: gcc.c-torture/execute/931002-1.c compilation, -O3 -fomit-frame-pointer
FAIL: gcc.c-torture/execute/931002-1.c compilation, -O3 -g
FAIL: gcc.c-torture/execute/931002-1.c compilation, -Os
FAIL: gcc.c-torture/execute/980205.c execution, -O0
FAIL: gcc.c-torture/execute/nestfunc-1.c compilation, -O0
FAIL: gcc.c-torture/execute/nestfunc-1.c compilation, -O1
FAIL: gcc.c-torture/execute/nestfunc-1.c compilation, -O2
FAIL: gcc.c-torture/execute/nestfunc-1.c compilation, -O3 -fomit-frame-pointer
FAIL: gcc.c-torture/execute/nestfunc-1.c compilation, -O3 -g
FAIL: gcc.c-torture/execute/nestfunc-1.c compilation, -Os
FAIL: gcc.c-torture/noncompile/940510-1.c
FAIL: gcc.c-torture/noncompile/940510-1.c
FAIL: gcc.c-torture/noncompile/940510-1.c
FAIL: gcc.c-torture/noncompile/940510-1.c
FAIL: gcc.c-torture/noncompile/940510-1.c
FAIL: gcc.c-torture/noncompile/940510-1.c
FAIL: gcc.c-torture/noncompile/940510-1.c
FAIL: gcc.c-torture/noncompile/940510-1.c
FAIL: gcc.c-torture/unsorted/DFcmp.c, -O2
FAIL: gcc.c-torture/unsorted/DFcmp.c, -Os
FAIL: gcc.dg/cast-qual-1.c discarding `const' warning (test for bogus messages, line 11)
FAIL: gcc.dg/cast-qual-1.c discarding `const' warning (test for warnings, line 17)
FAIL: gcc.dg/compare1.c comparison between signed and unsigned (test for bogus messages, line 25)
=== gcc Summary ===
# of expected passes 8609
# of unexpected failures 44
# of expected failures 32
# of unresolved testcases 18
# of unsupported tests 28
/tmp/gcc-main/gcc/xgcc version 2.96 19991020 (experimental)
=== libg++ tests ===
Running target unix
=== libg++ Summary ===
# of expected passes 72
=== libio tests ===
Running target unix
FAIL: tFile.cc execution
FAIL: tFile.cc execution -b0
FAIL: tFile.cc execution -b3
FAIL: tfformat.c execution
=== libio Summary ===
# of expected passes 33
# of unexpected failures 4
# of expected failures 4
=== libstdc++ tests ===
Running target unix
=== libstdc++ Summary ===
# of expected passes 30
=== objc tests ===
Running target unix
FAIL: objc/execute/bf-1.m compilation, -O
FAIL: objc/execute/bf-10.m compilation, -O
FAIL: objc/execute/bf-11.m compilation, -O
FAIL: objc/execute/bf-12.m compilation, -O
FAIL: objc/execute/bf-13.m compilation, -O
FAIL: objc/execute/bf-14.m compilation, -O
FAIL: objc/execute/bf-15.m compilation, -O
FAIL: objc/execute/bf-16.m compilation, -O
FAIL: objc/execute/bf-17.m compilation, -O
FAIL: objc/execute/bf-18.m compilation, -O
FAIL: objc/execute/bf-19.m compilation, -O
FAIL: objc/execute/bf-2.m compilation, -O
FAIL: objc/execute/bf-3.m compilation, -O
FAIL: objc/execute/bf-4.m compilation, -O
FAIL: objc/execute/bf-5.m compilation, -O
FAIL: objc/execute/bf-6.m compilation, -O
FAIL: objc/execute/bf-7.m compilation, -O
FAIL: objc/execute/bf-8.m compilation, -O
FAIL: objc/execute/bf-9.m compilation, -O
=== objc Summary ===
# of unexpected failures 19
# of untested testcases 19
/tmp/gcc-main/gcc/xgcc version 2.96 19991020 (experimental)
Compiler version: 2.96 19991020 (experimental)
Platform: sparc-sun-solaris2.5
BOOT_CFLAGS: -g -O9 -W -Wall
Counting all warnings,
there are 204 warnings in stage3 of this bootstrap.
Number of warnings per file:
12 /home/phd/oliva/src/gcc-main/gcc/java/lex.c
12 /home/phd/oliva/src/gcc-main/gcc/c-typeck.c
8 /home/phd/oliva/src/gcc-main/gcc/f/sts.c
8 /home/phd/oliva/src/gcc-main/gcc/cccp.c
7 /home/phd/oliva/src/gcc-main/gcc/gcc.c
6 /home/phd/oliva/src/gcc-main/gcc/toplev.c
6 /home/phd/oliva/src/gcc-main/gcc/lcm.c
6 /home/phd/oliva/src/gcc-main/gcc/collect2.c
6 /home/phd/oliva/src/gcc-main/gcc/ch/tasking.c
5 /home/phd/oliva/src/gcc-main/gcc/final.c
5 /home/phd/oliva/src/gcc-main/gcc/c-decl.c
4 cexp.y
4 /home/phd/oliva/src/gcc-main/gcc/unroll.c
4 /home/phd/oliva/src/gcc-main/gcc/regmove.c
4 /home/phd/oliva/src/gcc-main/gcc/genrecog.c
4 /home/phd/oliva/src/gcc-main/gcc/f/com.c
4 /home/phd/oliva/src/gcc-main/gcc/cp/lex.c
4 /home/phd/oliva/src/gcc-main/gcc/cp/class.c
4 /home/phd/oliva/src/gcc-main/gcc/ch/actions.c
3 /home/phd/oliva/src/gcc-main/gcc/reload.c
3 /home/phd/oliva/src/gcc-main/gcc/java/gjavah.c
3 /home/phd/oliva/src/gcc-main/gcc/genopinit.c
3 /home/phd/oliva/src/gcc-main/gcc/expr.c
3 /home/phd/oliva/src/gcc-main/gcc/errors.c
3 /home/phd/oliva/src/gcc-main/gcc/dbxout.c
3 /home/phd/oliva/src/gcc-main/gcc/cp/decl.c
3 /home/phd/oliva/src/gcc-main/gcc/ch/expr.c
3 /home/phd/oliva/src/gcc-main/gcc/alias.c
3 ./parse.y
2 insn-recog.c
2 /home/phd/oliva/src/gcc-main/gcc/varasm.c
2 /home/phd/oliva/src/gcc-main/gcc/regclass.c
2 /home/phd/oliva/src/gcc-main/gcc/print-rtl.c
2 /home/phd/oliva/src/gcc-main/gcc/optabs.c
2 /home/phd/oliva/src/gcc-main/gcc/loop.c
2 /home/phd/oliva/src/gcc-main/gcc/local-alloc.c
2 /home/phd/oliva/src/gcc-main/gcc/java/jv-scan.c
2 /home/phd/oliva/src/gcc-main/gcc/genemit.c
2 /home/phd/oliva/src/gcc-main/gcc/genattrtab.c
2 /home/phd/oliva/src/gcc-main/gcc/fold-const.c
2 /home/phd/oliva/src/gcc-main/gcc/emit-rtl.c
2 /home/phd/oliva/src/gcc-main/gcc/cpplib.c
2 /home/phd/oliva/src/gcc-main/gcc/cpphash.c
2 /home/phd/oliva/src/gcc-main/gcc/ch/parse.c
2 /home/phd/oliva/src/gcc-main/gcc/calls.c
1 insn-emit.c
1 /home/phd/oliva/src/gcc-main/gcc/stupid.c
1 /home/phd/oliva/src/gcc-main/gcc/scan-decls.c
1 /home/phd/oliva/src/gcc-main/gcc/rtl.c
1 /home/phd/oliva/src/gcc-main/gcc/jump.c
1 /home/phd/oliva/src/gcc-main/gcc/java/jvgenmain.c
1 /home/phd/oliva/src/gcc-main/gcc/hash.c
1 /home/phd/oliva/src/gcc-main/gcc/ggc-page.c
1 /home/phd/oliva/src/gcc-main/gcc/gcse.c
1 /home/phd/oliva/src/gcc-main/gcc/gcov.c
1 /home/phd/oliva/src/gcc-main/gcc/function.c
1 /home/phd/oliva/src/gcc-main/gcc/flow.c
1 /home/phd/oliva/src/gcc-main/gcc/fix-header.c
1 /home/phd/oliva/src/gcc-main/gcc/f/g77spec.c
1 /home/phd/oliva/src/gcc-main/gcc/explow.c
1 /home/phd/oliva/src/gcc-main/gcc/cse.c
1 /home/phd/oliva/src/gcc-main/gcc/cppexp.c
1 /home/phd/oliva/src/gcc-main/gcc/cpperror.c
1 /home/phd/oliva/src/gcc-main/gcc/cp/typeck2.c
1 /home/phd/oliva/src/gcc-main/gcc/cp/typeck.c
1 /home/phd/oliva/src/gcc-main/gcc/cp/tree.c
1 /home/phd/oliva/src/gcc-main/gcc/cp/init.c
1 /home/phd/oliva/src/gcc-main/gcc/cp/expr.c
1 /home/phd/oliva/src/gcc-main/gcc/cp/error.c
1 /home/phd/oliva/src/gcc-main/gcc/config/sparc/sparc.c
1 /home/phd/oliva/src/gcc-main/gcc/ch/typeck.c
1 /home/phd/oliva/src/gcc-main/gcc/ch/grant.c
1 /home/phd/oliva/src/gcc-main/gcc/c-common.c
1 /home/phd/oliva/src/gcc-main/gcc/builtins.c
Number of warning types:
108 format not a string literal, argument types not checked
33 `???' might be used uninitialized in this function
23 comparison between signed and unsigned
13 unused parameter `???'
12 variable `???' might be clobbered by `longjmp' or `vfork'
6 unused variable `???'
4 implicit declaration of function `???'
3 white space at end of line in string
1 passing arg ??? of `???' discards qualifiers from pointer target type
1 assignment from incompatible pointer type