This is the mail archive of the
gcc-testresults@gcc.gnu.org
mailing list for the GCC project.
Results for 2.96 19990913 testsuite on i586-pc-cygwin32
- To: gcc-testresults AT gcc.gnu dot org (IPM Return requested) (Receipt notification requested)
- Subject: Results for 2.96 19990913 testsuite on i586-pc-cygwin32
- From: Tim C Prince <Prince_Tim_C AT solarturbines dot com>
- Date: 15 Sep 1999 07:59:00 Z
- Alternate-Recipient: Allowed
- Conversion: Allowed
- Disclose-Recipients: Prohibited
- Expiry-Date: 15 Oct 1999 00:00:00 Z
- FTBP-Modification-Date: 15 Sep 1999 00:59:00 Z
- FTBP-Object-Size: 2613
- Original-Encoded-Information-Types: (2)(6)(1)(12)(0), (2)(16)(840)(1)(113694)(2)(2)(1)(1)
- X400-Content-Type: P2-1988 ( 22 )
- X400-MTS-Identifier: [/c=US/admd= /prmd=Cat/; 37DFB47C.6E8C.C1C6.000]
- X400-Originator: Prince_Tim_C@solarturbines.com
- X400-Recipients: non-disclosure;
Native configuration is i586-pc-cygwin32
=== g++ tests ===
Running target unix
=== gcc tests ===
Running target unix
FAIL: gcc.c-torture/compile/980506-1.c, -O1
FAIL: gcc.c-torture/compile/980506-1.c, -O2
FAIL: gcc.c-torture/compile/980506-1.c, -Os
FAIL: gcc.c-torture/compile/980701-1.c, -O1
FAIL: gcc.c-torture/compile/980701-1.c, -O2
FAIL: gcc.c-torture/compile/980701-1.c, -O3 -fomit-frame-pointer
FAIL: gcc.c-torture/compile/980701-1.c, -O3 -g
FAIL: gcc.c-torture/compile/980701-1.c, -Os
FAIL: gcc.c-torture/compile/990801-2.c, -O1
FAIL: gcc.c-torture/compile/990801-2.c, -O2
FAIL: gcc.c-torture/compile/990801-2.c, -O3 -fomit-frame-pointer
FAIL: gcc.c-torture/compile/990801-2.c, -O3 -fomit-frame-pointer -funroll-loops
FAIL: gcc.c-torture/compile/990801-2.c, -O3 -fomit-frame-pointer -funroll-all-loops -finline-functions
FAIL: gcc.c-torture/compile/990801-2.c, -Os
XPASS: gcc.c-torture/execute/ieee/980619-1.c execution, -O1
XPASS: gcc.c-torture/execute/ieee/980619-1.c execution, -O2
XPASS: gcc.c-torture/execute/ieee/980619-1.c execution, -O3 -fomit-frame-pointer
XPASS: gcc.c-torture/execute/ieee/980619-1.c execution, -O3 -fomit-frame-pointer -funroll-loops
XPASS: gcc.c-torture/execute/ieee/980619-1.c execution, -O3 -fomit-frame-pointer -funroll-all-loops -finline-functions
XPASS: gcc.c-torture/execute/ieee/980619-1.c execution, -O3 -g
XPASS: gcc.c-torture/execute/ieee/980619-1.c execution, -Os
XPASS: gcc.c-torture/execute/memcheck/blkarg.c execution, -O0
XPASS: gcc.c-torture/execute/memcheck/blkarg.c execution, -O1
XPASS: gcc.c-torture/execute/memcheck/blkarg.c execution, -O2
XPASS: gcc.c-torture/execute/memcheck/blkarg.c execution, -O3 -fomit-frame-pointer
XPASS: gcc.c-torture/execute/memcheck/blkarg.c execution, -O3 -g
XPASS: gcc.c-torture/execute/memcheck/blkarg.c execution, -Os
=== gcc Summary ===
# of expected passes 6333
# of unexpected failures 14
# of unexpected successes 13
# of expected failures 7
d:/gnu/egcs-19990913/cw/gcc/xgcc version 2.96 19990913 (experimental)
=== libstdc++ tests ===
Running target unix
=== libstdc++ Summary ===
# of expected passes 7
Compiler version: 2.96 19990913 (experimental)
Platform: i586-pc-cygwin32
configure flags: --with-gcc-version-trigger=/gnu/egcs-19990913/gcc/version.c --prefix=//d/cygnus/cygwin-b20/H-i586-cygwin32 --host=i586-pc-cygwin32 --target=i586-pc-cygwin32 --norecursion
BOOT_CFLAGS=-Os -march=pentiumpro -pipe
EOF
Mail -s "Results for 2.96 19990913 (experimental) testsuite on i586-pc-cygwin32" gcc-testresults@gcc.gnu.org &&