This is the mail archive of the gcc-testresults@gcc.gnu.org mailing list for the GCC project.
Index Nav: | [Date Index] [Subject Index] [Author Index] [Thread Index] | |
---|---|---|
Message Nav: | [Date Prev] [Date Next] | [Thread Prev] [Thread Next] |
Native configuration is i686-pc-linux-gnu === libio tests === Running target unix === libio Summary === # of expected passes 40 === libstdc++ tests === Running target unix === libstdc++ Summary === # of expected passes 30 === binutils tests === Running target unix === binutils Summary === # of expected passes 26 === ld tests === Running target unix FAIL: selective4 FAIL: selective6 FAIL: S-records with constructors === ld Summary === # of expected passes 46 # of unexpected failures 3 === gas tests === Running target unix === gas Summary === # of expected passes 74 === gcc tests === Running target unix FAIL: gcc.c-torture/compile/990801-2.c, -O1 FAIL: gcc.c-torture/compile/990801-2.c, -O2 FAIL: gcc.c-torture/compile/990801-2.c, -O3 -fomit-frame-pointer FAIL: gcc.c-torture/compile/990801-2.c, -O3 -fomit-frame-pointer -funroll-loops FAIL: gcc.c-torture/compile/990801-2.c, -O3 -fomit-frame-pointer -funroll-all-loops -finline-functions FAIL: gcc.c-torture/compile/990801-2.c, -Os FAIL: gcc.c-torture/execute/990829-1.c execution, -O2 FAIL: gcc.c-torture/execute/990829-1.c execution, -Os FAIL: gcc.c-torture/execute/widechar-1.c execution, -O0 FAIL: gcc.c-torture/execute/widechar-1.c execution, -O1 FAIL: gcc.c-torture/execute/widechar-1.c execution, -O2 FAIL: gcc.c-torture/execute/widechar-1.c execution, -O3 -fomit-frame-pointer FAIL: gcc.c-torture/execute/widechar-1.c execution, -O3 -g FAIL: gcc.c-torture/execute/widechar-1.c execution, -Os FAIL: gcc.c-torture/noncompile/920923-1.c FAIL: gcc.c-torture/noncompile/920923-1.c FAIL: gcc.c-torture/noncompile/920923-1.c FAIL: gcc.c-torture/noncompile/920923-1.c FAIL: gcc.c-torture/noncompile/920923-1.c FAIL: gcc.c-torture/noncompile/920923-1.c FAIL: gcc.c-torture/noncompile/920923-1.c FAIL: gcc.c-torture/noncompile/920923-1.c FAIL: gcc.dg/cast-qual-1.c discarding `const' warning (test for bogus messages, line 11) FAIL: gcc.dg/cast-qual-1.c discarding `const' warning (test for warnings, line 17) FAIL: gcc.dg/compare1.c comparison between signed and unsigned (test for bogus messages, line 25) FAIL: gcc.dg/va-arg-1.c char (test for errors, line 10) FAIL: gcc.dg/va-arg-1.c short (test for errors, line 11) FAIL: gcc.dg/va-arg-1.c float (test for errors, line 12) === gcc Summary === # of expected passes 8558 # of unexpected failures 28 # of expected failures 39 # of unsupported tests 13 /usr/local/build/linux-2.2/egcs-19990912/gcc/xgcc version 2.96 19990912 (experimental) === g++ tests === Running target unix FAIL: g++.oliva/template7.C (test for excess errors) === g++ Summary === # of expected passes 5471 # of unexpected failures 1 # of expected failures 103 # of untested testcases 7 /usr/local/build/linux-2.2/egcs-19990912/gcc/testsuite/../xgcc version 2.96 19990912 (experimental) === g77 tests === Running target unix FAIL: g77.f-torture/compile/19990826-1.f, -O0 FAIL: g77.f-torture/compile/19990826-1.f, -O1 FAIL: g77.f-torture/compile/19990826-1.f, -O2 FAIL: g77.f-torture/compile/19990826-1.f, -O2 -fomit-frame-pointer -finline-functions FAIL: g77.f-torture/compile/19990826-1.f, -Os FAIL: g77.f-torture/compile/19990905-1.f, -O0 FAIL: g77.f-torture/compile/19990905-1.f, -O1 FAIL: g77.f-torture/compile/19990905-1.f, -O2 FAIL: g77.f-torture/compile/19990905-1.f, -O2 -fomit-frame-pointer -finline-functions FAIL: g77.f-torture/compile/19990905-1.f, -Os === g77 Summary === # of expected passes 649 # of unexpected failures 10 === objc tests === Running target unix === objc Summary === # of expected passes 38 /usr/local/build/linux-2.2/egcs-19990912/gcc/xgcc version 2.96 19990912 (experimental) Compiler version: 2.96 19990912 (experimental) Platform: i686-pc-linux-gnu configure flags: --with-gcc-version-trigger=/usr/local/src/egcs-19990912/gcc/version.c --host=i686-pc-linux-gnu --prefix=/usr/local/egcs-19990912 --without-local-prefix --disable-nls --norecursion
Index Nav: | [Date Index] [Subject Index] [Author Index] [Thread Index] | |
---|---|---|
Message Nav: | [Date Prev] [Date Next] | [Thread Prev] [Thread Next] |