This is the mail archive of the
gcc-testresults@gcc.gnu.org
mailing list for the GCC project.
Results for haifa-enabled 2.96 19990824 (experimental) testsuite on rs6000-ibm-aix4.3.2.0
- To: gcc-testresults@gcc.gnu.org
- Subject: Results for haifa-enabled 2.96 19990824 (experimental) testsuite on rs6000-ibm-aix4.3.2.0
- From: "David W. Schuler" <schuld@btv.ibm.com>
- Date: Fri, 27 Aug 1999 08:39:15 -0400
Native configuration is rs6000-ibm-aix4.3.2.0
=== libstdc++ tests ===
Running target unix
=== libstdc++ Summary ===
# of expected passes 30
=== gcc tests ===
Running target unix
FAIL: gcc.c-torture/execute/931004-12.c execution, -O0
FAIL: gcc.c-torture/execute/931004-12.c execution, -O1
FAIL: gcc.c-torture/execute/931004-12.c execution, -O2
FAIL: gcc.c-torture/execute/931004-12.c execution, -O3 -fomit-frame-pointer
FAIL: gcc.c-torture/execute/931004-12.c execution, -O3 -fomit-frame-pointer -funroll-loops
FAIL: gcc.c-torture/execute/931004-12.c execution, -O3 -fomit-frame-pointer -funroll-all-loops -finline-functions
FAIL: gcc.c-torture/execute/931004-12.c execution, -O3 -g
FAIL: gcc.c-torture/execute/931004-12.c execution, -Os
FAIL: gcc.c-torture/execute/complex-5.c execution, -O3 -fomit-frame-pointer
FAIL: gcc.c-torture/execute/complex-5.c execution, -O3 -g
XPASS: gcc.c-torture/execute/memcheck/blkarg.c execution, -O0
XPASS: gcc.c-torture/execute/memcheck/blkarg.c execution, -O1
XPASS: gcc.c-torture/execute/memcheck/blkarg.c execution, -O2
XPASS: gcc.c-torture/execute/memcheck/blkarg.c execution, -O3 -fomit-frame-pointer
XPASS: gcc.c-torture/execute/memcheck/blkarg.c execution, -O3 -g
XPASS: gcc.c-torture/execute/memcheck/blkarg.c execution, -Os
FAIL: gcc.dg/cast-qual-1.c discarding `const' warning (test for bogus messages, line 11)
FAIL: gcc.dg/cast-qual-1.c discarding `const' warning (test for warnings, line 17)
FAIL: gcc.dg/compare1.c (test for excess errors)
=== gcc Summary ===
# of expected passes 8214
# of unexpected failures 13
# of unexpected successes 6
# of expected failures 26
# of unsupported tests 26
/usr/local/x86srvr1/WORKSPACE4/EGCS/egcs-19990824-aix43/gcc/xgcc version 2.96 19990824 (experimental)
=== g++ tests ===
Running target unix
FAIL: g++.ext/attrib5.C (test for excess errors)
FAIL: g++.ext/comint1.C (test for excess errors)
FAIL: g++.jason/thunk2.C (test for excess errors)
FAIL: g++.mike/eh30.C (test for excess errors)
FAIL: g++.mike/p4750.C (test for excess errors)
FAIL: g++.oliva/template3.C (test for excess errors)
FAIL: g++.oliva/template7.C (test for excess errors)
FAIL: g++.other/delete6.C (test for excess errors)
FAIL: g++.pt/crash44.C (test for excess errors)
XPASS: g++.pt/decl2.C ICE - (test for errors, line 8)
FAIL: g++.pt/instantiate4.C (test for excess errors)
FAIL: g++.pt/repo1.C (test for excess errors)
FAIL: g++.pt/static3.C (test for excess errors)
FAIL: g++.pt/static6.C (test for excess errors)
FAIL: g++.pt/typename8.C (test for excess errors)
FAIL: g++.robertl/eb106.C (test for excess errors)
=== g++ Summary ===
# of expected passes 5331
# of unexpected failures 15
# of unexpected successes 1
# of expected failures 89
# of untested testcases 13
/usr/local/x86srvr1/WORKSPACE4/EGCS/egcs-19990824-aix43/gcc/testsuite/../xgcc version 2.96 19990824 (experimental)
=== g77 tests ===
Running target unix
=== g77 Summary ===
# of expected passes 607
=== objc tests ===
Running target unix
FAIL: objc/execute/bf-1.m compilation, -O
FAIL: objc/execute/bf-10.m compilation, -O
FAIL: objc/execute/bf-11.m compilation, -O
FAIL: objc/execute/bf-12.m compilation, -O
FAIL: objc/execute/bf-13.m compilation, -O
FAIL: objc/execute/bf-14.m compilation, -O
FAIL: objc/execute/bf-15.m compilation, -O
FAIL: objc/execute/bf-16.m compilation, -O
FAIL: objc/execute/bf-17.m compilation, -O
FAIL: objc/execute/bf-18.m compilation, -O
FAIL: objc/execute/bf-19.m compilation, -O
FAIL: objc/execute/bf-2.m compilation, -O
FAIL: objc/execute/bf-3.m compilation, -O
FAIL: objc/execute/bf-4.m compilation, -O
FAIL: objc/execute/bf-5.m compilation, -O
FAIL: objc/execute/bf-6.m compilation, -O
FAIL: objc/execute/bf-7.m compilation, -O
FAIL: objc/execute/bf-8.m compilation, -O
FAIL: objc/execute/bf-9.m compilation, -O
=== objc Summary ===
# of unexpected failures 19
# of untested testcases 19
/usr/local/x86srvr1/WORKSPACE4/EGCS/egcs-19990824-aix43/gcc/xgcc version 2.96 19990824 (experimental)
Compiler version: haifa-enabled 2.96 19990824 (experimental)
Platform: rs6000-ibm-aix4.3.2.0
configure flags: --with-gcc-version-trigger=/usr/local/x86srvr1/WORKSPACE4/EGCS/egcs-19990824/gcc/version.c --host=rs6000-ibm-aix4.3.2.0 --prefix=/afs/btv.ibm.com/data/n37v/software/gnu-aix43/egcs --with-cpu=common --enable-haifa --enable-multilib --norecursion
Counting all warnings,
there are 276 warnings in stage3 of this bootstrap.
Number of warnings per file:
90 ../../egcs/gcc/toplev.c
12 ../../egcs/gcc/loop.c
12 ../../../egcs/gcc/java/lex.c
11 ../../egcs/gcc/reload1.c
10 ../../egcs/gcc/integrate.c
10 ../../egcs/gcc/cse.c
9 ../../egcs/gcc/combine.c
8 ../../egcs/gcc/varasm.c
8 ../../egcs/gcc/reload.c
7 ../../egcs/gcc/unroll.c
7 ../../egcs/gcc/calls.c
6 cxxmain.c
6 ../../egcs/gcc/objc/objc-act.c
5 ../../egcs/gcc/regmove.c
4 insn-emit.c
4 cexp.y
4 ../../egcs/gcc/tlink.c
4 ../../egcs/gcc/flow.c
4 ../../egcs/gcc/final.c
4 ../../egcs/gcc/alias.c
3 ../../egcs/gcc/genopinit.c
3 ../../egcs/gcc/expr.c
3 ../../egcs/gcc/cccp.c
2 ../../egcs/gcc/optabs.c
2 ../../egcs/gcc/local-alloc.c
2 ../../egcs/gcc/fold-const.c
2 ../../egcs/gcc/fix-header.c
2 ../../egcs/gcc/except.c
2 ../../egcs/gcc/emit-rtl.c
2 ../../egcs/gcc/dbxout.c
2 ../../egcs/gcc/config/rs6000/rs6000.c
2 ../../egcs/gcc/collect2.c
2 ../../egcs/gcc/c-common.c
2 ../../../egcs/gcc/java/verify.c
2 ../../../egcs/gcc/java/expr.c
1 insn-recog.c
1 ../../egcs/gcc/stupid.c
1 ../../egcs/gcc/stmt.c
1 ../../egcs/gcc/scan-decls.c
1 ../../egcs/gcc/regclass.c
1 ../../egcs/gcc/jump.c
1 ../../egcs/gcc/hash.c
1 ../../egcs/gcc/gcov-io.h
1 ../../egcs/gcc/f/g77spec.c
1 ../../egcs/gcc/explow.c
1 ../../egcs/gcc/cppspec.c
1 ../../egcs/gcc/c-lex.c
1 ../../egcs/gcc/builtins.c
1 ../../../egcs/gcc/java/class.c
1 ../../../egcs/gcc/f/com.c
1 ../../../egcs/gcc/cp/tree.c
1 ../../../egcs/gcc/cp/expr.c
1 ../../../egcs/gcc/ch/expr.c
Number of warning types:
62 ??? might be used uninitialized in this function
45 missing initializer
45 comparison between signed and unsigned
45 (near initialization for ???)
38 unused parameter ???
14 unused variable ???
12 variable ??? might be clobbered by longjmp or vfork
3 right shift count >= width of type
2 control reaches end of non-void function
2 assignment discards qualifiers from pointer target type
2 ??? defined but not used
1 suggest parentheses around comparison in operand of &
1 left shift count >= width of type
1 initialization discards qualifiers from pointer target type
1 implicit declaration of function ???
1 assignment makes pointer from integer without a cast
1 assignment from incompatible pointer type