This is the mail archive of the
gcc-testresults@gcc.gnu.org
mailing list for the GCC project.
Results for 2.96 19990824 on i586-pc-cygwin32
- To: gcc-testresults@gcc.gnu.org (IPM Return requested) (Receipt notification requested)
- Subject: Results for 2.96 19990824 on i586-pc-cygwin32
- From: Tim C Prince <Prince_Tim_C@solarturbines.com>
- Date: 26 Aug 1999 11:18:00 Z
- Alternate-Recipient: Allowed
- Conversion: Allowed
- Disclose-Recipients: Prohibited
- Expiry-Date: 25 Sep 1999 00:00:00 Z
- FTBP-Modification-Date: 26 Aug 1999 03:48:00 Z
- FTBP-Object-Size: 1886
- Original-Encoded-Information-Types: (2)(6)(1)(12)(0), (2)(16)(840)(1)(113694)(2)(2)(1)(1)
- X400-Content-Type: P2-1988 ( 22 )
- X400-MTS-Identifier: [/c=US/admd= /prmd=Cat/; 37C58527.6E8C.2918.000]
- X400-Originator: Prince_Tim_C@solarturbines.com
- X400-Recipients: non-disclosure;
Native configuration is i586-pc-cygwin32
=== g++ tests ===
Running target unix
FAIL: g++.ext/comint1.C (test for excess errors)
FAIL: g++.ext/initp1.C Execution test
=== g++ Summary === (terminated on SEGV)
# of expected passes 1771
# of unexpected failures 2
# of expected failures 18
# of untested testcases 1
d:/gnu/egcs-19990824/cw/gcc/testsuite/../xgcc version 2.96 19990824 (experimental)
=== g77 tests ===
Running target unix
=== g77 Summary ===
# of expected passes 861 (607 tests, some repeated)
=== gcc tests ===
Running target unix
FAIL: gcc.c-torture/compile/990801-2.c, -O1
FAIL: gcc.c-torture/compile/990801-2.c, -O2
FAIL: gcc.c-torture/compile/990801-2.c, -O3 -fomit-frame-pointer
FAIL: gcc.c-torture/compile/990801-2.c, -O3 -fomit-frame-pointer -funroll-loops
FAIL: gcc.c-torture/compile/990801-2.c, -O3 -fomit-frame-pointer -funroll-all-loops -finline-functions
FAIL: gcc.c-torture/compile/990801-2.c, -Os
=== gcc Summary === (terminated on SEGV)
# of expected passes 2563
# of unexpected failures 6
# of expected failures 7
d:/gnu/egcs-19990824/cw/gcc/xgcc version 2.96 19990824 (experimental)
=== objc tests ===
Running target unix
=== objc Summary ===
# of expected passes 38
d:/gnu/egcs-19990824/cw/gcc/xgcc version 2.96 19990824 (experimental)
=== libstdc++ tests ===
Running target unix
=== libstdc++ Summary ===
# of expected passes 30
Compiler version: 2.96 19990824 (experimental)
Platform: i586-pc-cygwin32
configure flags: --with-gcc-version-trigger=/gnu/egcs-19990824/gcc/version.c --prefix=//d/cygnus/cygwin-b20/H-i586-cygwin32 --host=i586-pc-cygwin32 --target=i586-pc-cygwin32 --norecursion
EOF
Mail -s "Results for 2.96 19990824 (experimental) testsuite on i586-pc-cygwin32" gcc-testresults@gcc.gnu.org &&