This is the mail archive of the
gcc-testresults@gcc.gnu.org
mailing list for the GCC project.
Results for 2.96 19990810 (experimental) testsuite on i586-redhat-linux-gnu
- To: gcc-testresults@gcc.gnu.org
- Subject: Results for 2.96 19990810 (experimental) testsuite on i586-redhat-linux-gnu
- From: Manfred Hollstein <mhollstein@cygnus.com>
- Date: Tue, 10 Aug 1999 18:42:59 +0200 (MEST)
- Reply-To: Manfred Hollstein <mhollstein@cygnus.com>
Compiler version: 2.96 19990810 (experimental)
Platform: i586-redhat-linux-gnu
Sources: - egcs mainline from CVS last updated at
1999/08/10 11:12:25 +0200
- libg++-2.8.1.3
Patches: None.
Environment: - autoconf-19990808 via anonymous CVS from sourceware.cygnus.com
- automake-19990808 via anonymous CVS from sourceware.cygnus.com
- binutils-19990808 via anonymous CVS from sourceware.cygnus.com
- dejagnu-19981026
+ look_for_dir_with_trigger patch
- gperf-2.7
+ gperf-2.7-19981006.pat
- RedHat Linux 5.2
+ recommended updates as of today
- Kernel 2.2.10 (compiled by
"gcc version egcs-2.91.66 19990314 (egcs-1.1.2 release)")
- glibc-2.0.7-29
- glibc-devel-2.0.7-29
Remarks: This time with the "normal" cpp, i.e. no --enable-c-cpplib, the
Objective-C build ran smoothly. Before it choked on "@class whatever;"
I'm investigating.
configure flags: --with-gcc-version-trigger=/home/gnu/work/GNU/egcs-19990810/gcc/version.c --host=i586-redhat-linux-gnu --srcdir=../egcs-19990810 --prefix=/tools/gnu --with-gnu-as --with-gnu-ld --enable-shared --enable-version-specific-runtime-libs --enable-java-gc=boehm --enable-fast-character --enable-threads=posix --with-local-prefix=/tools/gnu --enable-nls --verbose --norecursion
BOOT_CC: gcc version 2.95 19990728 (release)
BOOT_CFLAGS: -O2 -g
CFLAGS: -O2 -g
CXXFLAGS: -O2 -g
Native configuration is i586-redhat-linux-gnu
=== libio tests ===
Running target unix
=== libio Summary ===
# of expected passes 40
=== libstdc++ tests ===
Running target unix
=== libstdc++ Summary ===
# of expected passes 30
=== libg++ tests ===
Running target unix
=== libg++ Summary ===
# of expected passes 72
=== gcc tests ===
Running target unix
FAIL: gcc.c-torture/compile/990801-2.c, -O1
FAIL: gcc.c-torture/compile/990801-2.c, -O2
FAIL: gcc.c-torture/compile/990801-2.c, -O3 -fomit-frame-pointer
FAIL: gcc.c-torture/compile/990801-2.c, -O3 -fomit-frame-pointer -funroll-loops
FAIL: gcc.c-torture/compile/990801-2.c, -O3 -fomit-frame-pointer -funroll-all-loops -finline-functions
FAIL: gcc.c-torture/compile/990801-2.c, -Os
FAIL: gcc.c-torture/execute/980709-1.c compilation, -O1
FAIL: gcc.c-torture/execute/980709-1.c compilation, -O2
FAIL: gcc.c-torture/execute/980709-1.c compilation, -O3 -fomit-frame-pointer
FAIL: gcc.c-torture/execute/980709-1.c compilation, -O3 -g
FAIL: gcc.c-torture/execute/980709-1.c compilation, -Os
FAIL: gcc.dg/990119-1.c execution test
FAIL: gcc.dg/cast-qual-1.c discarding \`const' warning (test for bogus messages, line 11)
FAIL: gcc.dg/cast-qual-1.c discarding \`const' warning (test for warnings, line 17)
FAIL: gcc.dg/compare1.c (test for excess errors)
=== gcc Summary ===
# of expected passes 8275
# of unexpected failures 15
# of expected failures 38
# of unresolved testcases 5
# of unsupported tests 13
/opt/home/gnu/work/GNU/egcs-19990810-i586-redhat-linux-gnu/gcc/xgcc version 2.96 19990810 (experimental)
=== g++ tests ===
Running target unix
FAIL: g++.robertl/eh990323-2.C Execution test
FAIL: g++.robertl/eh990323-3.C Execution test
FAIL: g++.robertl/eh990323-4.C Execution test
=== g++ Summary ===
# of expected passes 5390
# of unexpected failures 3
# of expected failures 86
# of untested testcases 7
/opt/home/gnu/work/GNU/egcs-19990810-i586-redhat-linux-gnu/gcc/testsuite/../xgcc version 2.96 19990810 (experimental)
=== g77 tests ===
Running target unix
=== g77 Summary ===
# of expected passes 607
=== objc tests ===
Running target unix
FAIL: objc/execute/bf-1.m compilation, -O
FAIL: objc/execute/bf-10.m compilation, -O
FAIL: objc/execute/bf-11.m compilation, -O
FAIL: objc/execute/bf-12.m compilation, -O
FAIL: objc/execute/bf-13.m compilation, -O
FAIL: objc/execute/bf-14.m compilation, -O
FAIL: objc/execute/bf-15.m compilation, -O
FAIL: objc/execute/bf-16.m compilation, -O
FAIL: objc/execute/bf-17.m compilation, -O
FAIL: objc/execute/bf-18.m compilation, -O
FAIL: objc/execute/bf-19.m compilation, -O
FAIL: objc/execute/bf-2.m compilation, -O
FAIL: objc/execute/bf-3.m compilation, -O
FAIL: objc/execute/bf-4.m compilation, -O
FAIL: objc/execute/bf-5.m compilation, -O
FAIL: objc/execute/bf-6.m compilation, -O
FAIL: objc/execute/bf-7.m compilation, -O
FAIL: objc/execute/bf-8.m compilation, -O
FAIL: objc/execute/bf-9.m compilation, -O
=== objc Summary ===
# of unexpected failures 19
# of untested testcases 19
/opt/home/gnu/work/GNU/egcs-19990810-i586-redhat-linux-gnu/gcc/xgcc version 2.96 19990810 (experimental)
Counting all warnings,
there are 180 warnings in stage3 of this bootstrap.
Number of warnings per file:
12 ../../../egcs-19990810/gcc/java/lex.c
10 ../../egcs-19990810/gcc/toplev.c
10 ../../egcs-19990810/gcc/integrate.c
9 ../../egcs-19990810/gcc/cse.c
9 ../../egcs-19990810/gcc/combine.c
8 ../../egcs-19990810/gcc/reload1.c
8 ../../egcs-19990810/gcc/final.c
7 ../../egcs-19990810/gcc/reload.c
7 ../../egcs-19990810/gcc/loop.c
6 cxxmain.c
6 ../../egcs-19990810/gcc/varasm.c
6 ../../egcs-19990810/gcc/unroll.c
6 ../../egcs-19990810/gcc/reg-stack.c
6 ../../egcs-19990810/gcc/objc/objc-act.c
5 ../../egcs-19990810/gcc/regclass.c
4 cexp.y
4 cc1plus
4 ../../egcs-19990810/gcc/tlink.c
4 ../../../../egcs-19990810/libg++/src/AllocRing.cc
3 insn-emit.c
3 ../../egcs-19990810/gcc/sched.c
3 ../../egcs-19990810/gcc/regmove.c
3 ../../egcs-19990810/gcc/genopinit.c
3 ../../egcs-19990810/gcc/cccp.c
2 insn-recog.c
2 insn-output.c
2 ../../egcs-19990810/gcc/local-alloc.c
2 ../../egcs-19990810/gcc/fold-const.c
2 ../../egcs-19990810/gcc/dbxout.c
2 ../../egcs-19990810/gcc/collect2.c
2 ../../egcs-19990810/gcc/c-lex.c
2 ../../../egcs-19990810/libiberty/testsuite/../cplus-dem.c
2 ../../../egcs-19990810/gcc/java/verify.c
2 ../../../egcs-19990810/gcc/java/expr.c
1 ../../egcs-19990810/gcc/stupid.c
1 ../../egcs-19990810/gcc/stmt.c
1 ../../egcs-19990810/gcc/recog.c
1 ../../egcs-19990810/gcc/print-rtl.c
1 ../../egcs-19990810/gcc/hash.c
1 ../../egcs-19990810/gcc/gcov-io.h
1 ../../egcs-19990810/gcc/f/g77spec.c
1 ../../egcs-19990810/gcc/expr.c
1 ../../egcs-19990810/gcc/emit-rtl.c
1 ../../egcs-19990810/gcc/crtstuff.c
1 ../../egcs-19990810/gcc/cppspec.c
1 ../../egcs-19990810/gcc/config/i386/i386.c
1 ../../../egcs-19990810/gcc/java/class.c
1 ../../../egcs-19990810/gcc/f/com.c
Number of warning types:
55 `???' might be used uninitialized in this function
38 unused parameter `???'
31 comparison between signed and unsigned
14 implicit declaration of function `???'
12 variable `???' might be clobbered by `longjmp' or `vfork'
9 initialization from incompatible pointer type
4 assignment discards qualifiers from pointer target type
4 `???' is not a pointer-to-object type
3 unused variable `???'
2 zero-length format string
2 control reaches end of non-void function
2 `???' defined but not used
2 Please see the documentation for details.
2 -fthis-is-variable is deprecated.