This is the mail archive of the
gcc-testresults@gcc.gnu.org
mailing list for the GCC project.
Results for 2.95.1 19990809 on i686-pc-linux-gnu
- To: gcc-testresults@gcc.gnu.org
- Subject: Results for 2.95.1 19990809 on i686-pc-linux-gnu
- From: N8TM@aol.com
- Date: Tue, 10 Aug 1999 01:57:51 EDT
Native configuration is i686-pc-linux-gnu
=== libio tests ===
Running target unix
=== libio Summary ===
# of expected passes 40
=== libstdc++ tests ===
Running target unix
=== libstdc++ Summary ===
# of expected passes 30
=== gcc tests ===
Running target unix
FAIL: gcc.c-torture/execute/loop-2b.c execution, -O2
FAIL: gcc.c-torture/execute/loop-2b.c execution, -O3 -fomit-frame-pointer
FAIL: gcc.c-torture/execute/loop-2b.c execution, -O3 -fomit-frame-pointer -funroll-loops
FAIL: gcc.c-torture/execute/loop-2b.c execution, -O3 -fomit-frame-pointer -funroll-all-loops -finline-functions
FAIL: gcc.c-torture/execute/loop-2b.c execution, -O3 -g
FAIL: gcc.dg/990119-1.c execution test
FAIL: gcc.dg/cast-qual-1.c discarding \`const' warning (test for bogus messages, line 11)
FAIL: gcc.dg/cast-qual-1.c discarding \`const' warning (test for warnings, line 17)
FAIL: gcc.dg/compare1.c (test for excess errors)
FAIL: gcc.dg/special/weak-1.c execution test
=== gcc Summary ===
# of expected passes 8134
# of unexpected failures 10
# of expected failures 38
# of unsupported tests 13
/src/gnu/egcs-19990623/p6/gcc/xgcc version 2.95.1 19990809 (prerelease)
=== g++ tests ===
Running target unix
FAIL: g++.dg/special/conpr-1.C execution test
FAIL: g++.dg/special/conpr-2.C execution test
FAIL: g++.dg/special/conpr-3.C execution test
FAIL: g++.dg/special/conpr-3.C execution test
FAIL: g++.ext/default.C (test for excess errors)
FAIL: g++.law/weak.C (test for excess errors)
FAIL: g++.robertl/eb131.C candidate (test for errors, line 13)
=== g++ Summary ===
# of expected passes 5172
# of unexpected failures 7
# of expected failures 82
# of untested testcases 7
/src/gnu/egcs-19990623/p6/gcc/testsuite/../xgcc version 2.95.1 19990809 (prerelease)
=== g77 tests ===
Running target unix
=== g77 Summary ===
# of expected passes 602
=== objc tests ===
Running target unix
=== objc Summary ===
# of expected passes 38
/src/gnu/egcs-19990623/p6/gcc/xgcc version 2.95.1 19990809 (prerelease)
Compiler version: 2.95.1 19990809 (prerelease)
Platform: i686-pc-linux-gnu
configure flags: --with-gcc-version-trigger=/src/gnu/egcs-19990623/gcc/version.c --host=i686-pc-linux-gnu --prefix=/usr --norecursion
BOOT_CFLAGS=-Os -march=pentiumpro -pipe
EOF
Mail -s "Results for 2.95.1 19990809 (prerelease) testsuite on i686-pc-linux-gnu" gcc-testresults@gcc.gnu.org &&