This is the mail archive of the
gcc-testresults@gcc.gnu.org
mailing list for the GCC project.
Results for 2.96 19990809 (experimental) testsuite on i686-UnixWare7.1.0-sysv5
- To: gcc-testresults@gcc.gnu.org
- Subject: Results for 2.96 19990809 (experimental) testsuite on i686-UnixWare7.1.0-sysv5
- From: robertl@rjlhome.dgii.com (Robert Lipe)
- Date: Mon, 9 Aug 1999 9:52:36 CDT
Native configuration is i686-UnixWare7.1.0-sysv5
=== libio tests ===
Running target unix/-fPIC
=== libio Summary for unix/-fPIC ===
# of expected passes 40
Running target unix
=== libio Summary for unix ===
# of expected passes 40
=== libio Summary ===
# of expected passes 80
=== libstdc++ tests ===
Running target unix/-fPIC
=== libstdc++ Summary for unix/-fPIC ===
# of expected passes 30
Running target unix
=== libstdc++ Summary for unix ===
# of expected passes 30
=== libstdc++ Summary ===
# of expected passes 60
=== gcc tests ===
Running target unix/-fPIC
FAIL: gcc.c-torture/compile/990801-2.c, -O1
FAIL: gcc.c-torture/compile/990801-2.c, -O2
FAIL: gcc.c-torture/compile/990801-2.c, -O3 -fomit-frame-pointer
FAIL: gcc.c-torture/compile/990801-2.c, -O3 -fomit-frame-pointer -funroll-loops
FAIL: gcc.c-torture/compile/990801-2.c, -O3 -fomit-frame-pointer -funroll-all-loops -finline-functions
FAIL: gcc.c-torture/compile/990801-2.c, -Os
FAIL: gcc.c-torture/execute/921123-2.c execution, -O0
FAIL: gcc.c-torture/execute/921202-2.c execution, -O3 -fomit-frame-pointer
FAIL: gcc.c-torture/execute/930930-2.c execution, -O1
FAIL: gcc.c-torture/execute/930930-2.c execution, -O2
FAIL: gcc.c-torture/execute/930930-2.c execution, -Os
FAIL: gcc.c-torture/execute/950915-1.c execution, -O3 -g
FAIL: gcc.c-torture/execute/980505-2.c execution, -O3 -g
FAIL: gcc.c-torture/execute/990127-2.c execution, -O3 -fomit-frame-pointer
FAIL: gcc.c-torture/execute/990127-2.c execution, -O3 -g
FAIL: gcc.c-torture/execute/990326-1.c execution, -O1
FAIL: gcc.c-torture/execute/complex-1.c execution, -O0
FAIL: gcc.c-torture/execute/complex-1.c execution, -O1
FAIL: gcc.c-torture/execute/complex-1.c execution, -O2
FAIL: gcc.c-torture/execute/complex-1.c execution, -Os
FAIL: gcc.c-torture/execute/complex-2.c execution, -O0
FAIL: gcc.c-torture/execute/complex-2.c execution, -O1
FAIL: gcc.c-torture/execute/complex-2.c execution, -O2
FAIL: gcc.c-torture/execute/complex-2.c execution, -Os
FAIL: gcc.c-torture/execute/conversion.c execution, -O3 -fomit-frame-pointer
FAIL: gcc.c-torture/execute/conversion.c execution, -O3 -g
FAIL: gcc.c-torture/execute/nestfunc-1.c execution, -O1
FAIL: gcc.c-torture/execute/nestfunc-1.c execution, -O2
FAIL: gcc.c-torture/execute/nestfunc-1.c execution, -Os
FAIL: gcc.c-torture/special/eeprof-1.c compilation, -O0
FAIL: gcc.c-torture/special/eeprof-1.c compilation, -O1
FAIL: gcc.c-torture/special/eeprof-1.c compilation, -O2
FAIL: gcc.c-torture/special/eeprof-1.c compilation, -O3 -fomit-frame-pointer
FAIL: gcc.c-torture/special/eeprof-1.c compilation, -O3 -g
FAIL: gcc.c-torture/special/eeprof-1.c compilation, -Os
FAIL: gcc.dg/980312-1.c (test for excess errors)
FAIL: gcc.dg/980313-1.c (test for excess errors)
FAIL: gcc.dg/990119-1.c execution test
FAIL: gcc.dg/cast-qual-1.c discarding `const' warning (test for bogus messages, line 11)
FAIL: gcc.dg/cast-qual-1.c discarding `const' warning (test for warnings, line 17)
FAIL: gcc.dg/compare1.c (test for excess errors)
FAIL: gcc.misc-tests/gcov-2.c execution test (PRMS 8294)
=== gcc Summary for unix/-fPIC ===
# of expected passes 8245
# of unexpected failures 42
# of expected failures 38
# of unresolved testcases 6
# of unsupported tests 13
Running target unix
FAIL: gcc.c-torture/compile/990801-2.c, -O1
FAIL: gcc.c-torture/compile/990801-2.c, -O2
FAIL: gcc.c-torture/compile/990801-2.c, -O3 -fomit-frame-pointer
FAIL: gcc.c-torture/compile/990801-2.c, -O3 -fomit-frame-pointer -funroll-loops
FAIL: gcc.c-torture/compile/990801-2.c, -O3 -fomit-frame-pointer -funroll-all-loops -finline-functions
FAIL: gcc.c-torture/compile/990801-2.c, -Os
FAIL: gcc.c-torture/execute/921215-1.c compilation, -O3 -fomit-frame-pointer
FAIL: gcc.c-torture/special/eeprof-1.c compilation, -O0
FAIL: gcc.c-torture/special/eeprof-1.c compilation, -O1
FAIL: gcc.c-torture/special/eeprof-1.c compilation, -O2
FAIL: gcc.c-torture/special/eeprof-1.c compilation, -O3 -fomit-frame-pointer
FAIL: gcc.c-torture/special/eeprof-1.c compilation, -O3 -g
FAIL: gcc.c-torture/special/eeprof-1.c compilation, -Os
FAIL: gcc.dg/980312-1.c (test for excess errors)
FAIL: gcc.dg/980313-1.c (test for excess errors)
FAIL: gcc.dg/990119-1.c execution test
FAIL: gcc.dg/cast-qual-1.c discarding `const' warning (test for bogus messages, line 11)
FAIL: gcc.dg/cast-qual-1.c discarding `const' warning (test for warnings, line 17)
FAIL: gcc.dg/compare1.c (test for excess errors)
FAIL: gcc.dg/special/weak-1.c execution test
=== gcc Summary for unix ===
# of expected passes 8266
# of unexpected failures 20
# of expected failures 38
# of unresolved testcases 7
# of unsupported tests 13
=== gcc Summary ===
# of expected passes 16511
# of unexpected failures 62
# of expected failures 76
# of unresolved testcases 13
# of unsupported tests 26
/home3/negcs/gcc/xgcc version 2.96 19990809 (experimental)
=== g++ tests ===
Running target unix/-fPIC
FAIL: g++.eh/unwind1.C Execution test
FAIL: g++.ext/comint1.C (test for excess errors)
FAIL: g++.ext/default.C (test for excess errors)
FAIL: g++.ext/initp1.C Execution test
FAIL: g++.law/profile1.C (test for excess errors)
FAIL: g++.mike/p11144.C Execution test
FAIL: g++.oliva/template3.C (test for excess errors)
FAIL: g++.oliva/template7.C (test for excess errors)
FAIL: g++.pt/crash44.C (test for excess errors)
XPASS: g++.pt/decl2.C ICE - (test for errors, line 8)
XPASS: g++.pt/instantiate6.C (test for excess errors)
FAIL: g++.pt/typename8.C (test for excess errors)
FAIL: g++.robertl/eh990323-2.C Execution test
FAIL: g++.robertl/eh990323-3.C Execution test
FAIL: g++.robertl/eh990323-4.C Execution test
=== g++ Summary for unix/-fPIC ===
# of expected passes 5381
# of unexpected failures 13
# of unexpected successes 2
# of expected failures 81
# of untested testcases 10
Running target unix
FAIL: g++.ext/comint1.C (test for excess errors)
FAIL: g++.ext/default.C (test for excess errors)
FAIL: g++.ext/initp1.C Execution test
FAIL: g++.law/profile1.C (test for excess errors)
FAIL: g++.oliva/template3.C (test for excess errors)
FAIL: g++.oliva/template7.C (test for excess errors)
FAIL: g++.pt/crash44.C (test for excess errors)
XPASS: g++.pt/decl2.C ICE - (test for errors, line 8)
XPASS: g++.pt/instantiate6.C (test for excess errors)
FAIL: g++.pt/typename8.C (test for excess errors)
FAIL: g++.robertl/eh990323-2.C Execution test
FAIL: g++.robertl/eh990323-3.C Execution test
FAIL: g++.robertl/eh990323-4.C Execution test
=== g++ Summary for unix ===
# of expected passes 5383
# of unexpected failures 11
# of unexpected successes 2
# of expected failures 81
# of untested testcases 10
=== g++ Summary ===
# of expected passes 10764
# of unexpected failures 24
# of unexpected successes 4
# of expected failures 162
# of untested testcases 20
/home3/negcs/gcc/testsuite/../xgcc version 2.96 19990809 (experimental)
=== g77 tests ===
Running target unix/-fPIC
=== g77 Summary for unix/-fPIC ===
# of expected passes 607
Running target unix
=== g77 Summary for unix ===
# of expected passes 607
=== g77 Summary ===
# of expected passes 1214
=== objc tests ===
Running target unix/-fPIC
=== objc Summary for unix/-fPIC ===
# of expected passes 38
Running target unix
=== objc Summary for unix ===
# of expected passes 38
=== objc Summary ===
# of expected passes 76
/home3/negcs/gcc/xgcc version 2.96 19990809 (experimental)
Compiler version: 2.96 19990809 (experimental)
Platform: i686-UnixWare7.1.0-sysv5
configure flags: --with-gcc-version-trigger=/play/egcs/gcc/version.c --host=i686-UnixWare7.1.0-sysv5 --norecursion