This is the mail archive of the
gcc-testresults@gcc.gnu.org
mailing list for the GCC project.
Results for 2.96 19990809 (experimental) testsuite on i686-pc-sco3.2v5.0.5
- To: gcc-testresults@gcc.gnu.org
- Subject: Results for 2.96 19990809 (experimental) testsuite on i686-pc-sco3.2v5.0.5
- From: robertl@rjlhome.dgii.com (Robert Lipe)
- Date: Mon, 9 Aug 1999 9:51:55 CDT
Native configuration is i686-pc-sco3.2v5.0.5
=== libio tests ===
Running target unix/-mcoff
=== libio Summary for unix/-mcoff ===
# of expected passes 40
Running target unix/-fPIC
=== libio Summary for unix/-fPIC ===
# of expected passes 40
Running target unix/-melf
=== libio Summary for unix/-melf ===
# of expected passes 40
=== libio Summary ===
# of expected passes 120
=== libstdc++ tests ===
Running target unix/-mcoff
=== libstdc++ Summary for unix/-mcoff ===
# of expected passes 30
Running target unix/-fPIC
FAIL: tcomplex.cc compilation
FAIL: tcomplex.cc -O compilation
FAIL: tstring.cc compilation
=== libstdc++ Summary for unix/-fPIC ===
# of expected passes 21
# of unexpected failures 3
# of expected failures 6
Running target unix/-melf
FAIL: tcomplex.cc compilation
FAIL: tcomplex.cc -O compilation
FAIL: tstring.cc compilation
=== libstdc++ Summary for unix/-melf ===
# of expected passes 21
# of unexpected failures 3
# of expected failures 6
=== libstdc++ Summary ===
# of expected passes 72
# of unexpected failures 6
# of expected failures 12
=== gcc tests ===
Running target unix/-mcoff
FAIL: gcc.dg/980312-1.c (test for excess errors)
FAIL: gcc.dg/980313-1.c (test for excess errors)
FAIL: gcc.dg/990119-1.c execution test
FAIL: gcc.dg/cast-qual-1.c discarding `const' warning (test for bogus messages, line 11)
FAIL: gcc.dg/cast-qual-1.c discarding `const' warning (test for warnings, line 17)
FAIL: gcc.dg/compare1.c (test for excess errors)
=== gcc Summary for unix/-mcoff ===
# of expected passes 8263
# of unexpected failures 6
# of expected failures 38
# of unsupported tests 15
Running target unix/-fPIC
FAIL: gcc.c-torture/execute/990127-2.c execution, -O3 -fomit-frame-pointer
FAIL: gcc.c-torture/execute/990127-2.c execution, -O3 -g
FAIL: gcc.c-torture/execute/conversion.c execution, -O3 -fomit-frame-pointer
FAIL: gcc.c-torture/execute/conversion.c execution, -O3 -g
FAIL: gcc.c-torture/special/eeprof-1.c compilation, -O0
FAIL: gcc.c-torture/special/eeprof-1.c compilation, -O1
FAIL: gcc.c-torture/special/eeprof-1.c compilation, -O2
FAIL: gcc.c-torture/special/eeprof-1.c compilation, -O3 -fomit-frame-pointer
FAIL: gcc.c-torture/special/eeprof-1.c compilation, -O3 -g
FAIL: gcc.c-torture/special/eeprof-1.c compilation, -Os
FAIL: gcc.dg/980312-1.c (test for excess errors)
FAIL: gcc.dg/980313-1.c (test for excess errors)
FAIL: gcc.dg/990119-1.c execution test
FAIL: gcc.dg/cast-qual-1.c discarding `const' warning (test for bogus messages, line 11)
FAIL: gcc.dg/cast-qual-1.c discarding `const' warning (test for warnings, line 17)
FAIL: gcc.dg/compare1.c (test for excess errors)
=== gcc Summary for unix/-fPIC ===
# of expected passes 8247
# of unexpected failures 16
# of expected failures 38
# of unresolved testcases 6
# of unsupported tests 12
Running target unix/-melf
FAIL: gcc.c-torture/special/eeprof-1.c compilation, -O0
FAIL: gcc.c-torture/special/eeprof-1.c compilation, -O1
FAIL: gcc.c-torture/special/eeprof-1.c compilation, -O2
FAIL: gcc.c-torture/special/eeprof-1.c compilation, -O3 -fomit-frame-pointer
FAIL: gcc.c-torture/special/eeprof-1.c compilation, -O3 -g
FAIL: gcc.c-torture/special/eeprof-1.c compilation, -Os
FAIL: gcc.dg/980312-1.c (test for excess errors)
FAIL: gcc.dg/980313-1.c (test for excess errors)
FAIL: gcc.dg/990119-1.c execution test
FAIL: gcc.dg/cast-qual-1.c discarding `const' warning (test for bogus messages, line 11)
FAIL: gcc.dg/cast-qual-1.c discarding `const' warning (test for warnings, line 17)
FAIL: gcc.dg/compare1.c (test for excess errors)
=== gcc Summary for unix/-melf ===
# of expected passes 8251
# of unexpected failures 12
# of expected failures 38
# of unresolved testcases 6
# of unsupported tests 12
=== gcc Summary ===
# of expected passes 24761
# of unexpected failures 34
# of expected failures 114
# of unresolved testcases 12
# of unsupported tests 39
/play/negcs/gcc/xgcc version 2.96 19990809 (experimental)
=== g++ tests ===
Running target unix/-mcoff
FAIL: g++.dg/special/conpr-1.C (test for excess errors)
FAIL: conpr-2a.o
FAIL: conpr-3a.o
FAIL: g++.ext/attrib5.C (test for excess errors)
FAIL: g++.ext/comint1.C (test for excess errors)
FAIL: g++.ext/default.C (test for excess errors)
FAIL: g++.ext/initp1.C (test for excess errors)
FAIL: g++.law/profile1.C (test for excess errors)
FAIL: g++.mike/init1.C Execution test
FAIL: g++.mike/p2736.C Execution test
FAIL: g++.oliva/template3.C (test for excess errors)
FAIL: g++.oliva/template7.C (test for excess errors)
FAIL: g++.pt/crash44.C (test for excess errors)
XPASS: g++.pt/decl2.C ICE - (test for errors, line 8)
XPASS: g++.pt/instantiate6.C (test for excess errors)
FAIL: g++.pt/static3.C (test for excess errors)
FAIL: g++.pt/static6.C (test for excess errors)
FAIL: g++.pt/typename8.C (test for excess errors)
FAIL: g++.robertl/eh990323-2.C Execution test
FAIL: g++.robertl/eh990323-3.C Execution test
FAIL: g++.robertl/eh990323-4.C Execution test
=== g++ Summary for unix/-mcoff ===
# of expected passes 5366
# of unexpected failures 19
# of unexpected successes 2
# of expected failures 85
# of untested testcases 10
# of unsupported tests 4
Running target unix/-fPIC
FAIL: g++.dg/special/conpr-1.C execution test
FAIL: g++.dg/special/conpr-2.C execution test
FAIL: g++.dg/special/conpr-3.C execution test
FAIL: g++.dg/special/conpr-3.C execution test
FAIL: g++.ext/comint1.C (test for excess errors)
FAIL: g++.ext/default.C (test for excess errors)
FAIL: g++.ext/initp1.C Execution test
FAIL: g++.law/profile1.C (test for excess errors)
FAIL: g++.mike/dyncast7.C (test for excess errors)
FAIL: g++.oliva/template3.C (test for excess errors)
FAIL: g++.oliva/template7.C (test for excess errors)
FAIL: g++.other/crash3.C (test for excess errors)
FAIL: g++.other/new3.C Execution test
FAIL: g++.pt/crash44.C (test for excess errors)
XPASS: g++.pt/decl2.C ICE - (test for errors, line 8)
XPASS: g++.pt/instantiate6.C (test for excess errors)
FAIL: g++.pt/typename8.C (test for excess errors)
FAIL: g++.robertl/eb41.C (test for excess errors)
FAIL: g++.robertl/eh990323-2.C Execution test
FAIL: g++.robertl/eh990323-3.C Execution test
FAIL: g++.robertl/eh990323-4.C Execution test
=== g++ Summary for unix/-fPIC ===
# of expected passes 5373
# of unexpected failures 19
# of unexpected successes 2
# of expected failures 83
# of untested testcases 10
Running target unix/-melf
FAIL: g++.dg/special/conpr-1.C execution test
FAIL: g++.dg/special/conpr-2.C execution test
FAIL: g++.dg/special/conpr-3.C execution test
FAIL: g++.dg/special/conpr-3.C execution test
FAIL: g++.ext/comint1.C (test for excess errors)
FAIL: g++.ext/default.C (test for excess errors)
FAIL: g++.ext/initp1.C Execution test
FAIL: g++.law/profile1.C (test for excess errors)
FAIL: g++.mike/dyncast7.C (test for excess errors)
FAIL: g++.oliva/template3.C (test for excess errors)
FAIL: g++.oliva/template7.C (test for excess errors)
FAIL: g++.other/crash3.C (test for excess errors)
FAIL: g++.other/new3.C Execution test
FAIL: g++.pt/crash44.C (test for excess errors)
XPASS: g++.pt/decl2.C ICE - (test for errors, line 8)
XPASS: g++.pt/instantiate6.C (test for excess errors)
FAIL: g++.pt/typename8.C (test for excess errors)
FAIL: g++.robertl/eb41.C (test for excess errors)
FAIL: g++.robertl/eh990323-2.C Execution test
FAIL: g++.robertl/eh990323-3.C Execution test
FAIL: g++.robertl/eh990323-4.C Execution test
=== g++ Summary for unix/-melf ===
# of expected passes 5373
# of unexpected failures 19
# of unexpected successes 2
# of expected failures 83
# of untested testcases 10
=== g++ Summary ===
# of expected passes 16112
# of unexpected failures 57
# of unexpected successes 6
# of expected failures 251
# of untested testcases 30
# of unsupported tests 4
/play/negcs/gcc/testsuite/../xgcc version 2.96 19990809 (experimental)
=== g77 tests ===
Running target unix/-mcoff
=== g77 Summary for unix/-mcoff ===
# of expected passes 607
Running target unix/-fPIC
=== g77 Summary for unix/-fPIC ===
# of expected passes 607
Running target unix/-melf
=== g77 Summary for unix/-melf ===
# of expected passes 607
=== g77 Summary ===
# of expected passes 1821
=== objc tests ===
Running target unix/-mcoff
=== objc Summary for unix/-mcoff ===
# of expected passes 38
Running target unix/-fPIC
=== objc Summary for unix/-fPIC ===
# of expected passes 38
Running target unix/-melf
=== objc Summary for unix/-melf ===
# of expected passes 38
=== objc Summary ===
# of expected passes 114
/play/negcs/gcc/xgcc version 2.96 19990809 (experimental)
Compiler version: 2.96 19990809 (experimental)
Platform: i686-pc-sco3.2v5.0.5
configure flags: --with-gcc-version-trigger=/play/egcs/gcc/version.c --host=i686-pc-sco3.2v5.0.5 --norecursion