This is the mail archive of the
gcc-testresults@gcc.gnu.org
mailing list for the EGCS project.
Results for 2.95 19990718 (prerelease) testsuite on alphaev56-unknown-linux-gnu
- To: gcc-testresults@gcc.gnu.org
- Subject: Results for 2.95 19990718 (prerelease) testsuite on alphaev56-unknown-linux-gnu
- From: Igor Sheyn <sheyn@cs.bu.edu>
- Date: Tue, 27 Jul 1999 15:48:01 -0400 (EDT)
Native configuration is alphaev56-unknown-linux-gnu
=== gcc tests ===
Schedule of variations:
unix
FAIL: gcc.c-torture/compile/981223-1.c, -O0
FAIL: gcc.c-torture/compile/981223-1.c, -O1
FAIL: gcc.c-torture/compile/981223-1.c, -O2
FAIL: gcc.c-torture/compile/981223-1.c, -O3 -fomit-frame-pointer
FAIL: gcc.c-torture/compile/981223-1.c, -O3 -g
FAIL: gcc.c-torture/compile/981223-1.c, -Os
FAIL: gcc.c-torture/execute/complex-5.c compilation, -O0
FAIL: gcc.c-torture/execute/complex-5.c compilation, -O1
FAIL: gcc.c-torture/execute/complex-5.c compilation, -O2
FAIL: gcc.c-torture/execute/complex-5.c compilation, -O3 -fomit-frame-pointer
FAIL: gcc.c-torture/execute/complex-5.c compilation, -O3 -g
FAIL: gcc.c-torture/execute/complex-5.c compilation, -Os
FAIL: gcc.c-torture/execute/ieee/mzero2.c execution, -O0
FAIL: gcc.c-torture/execute/ieee/mzero2.c execution, -O1
FAIL: gcc.c-torture/execute/ieee/mzero2.c execution, -O2
FAIL: gcc.c-torture/execute/ieee/mzero2.c execution, -O3 -fomit-frame-pointer
FAIL: gcc.c-torture/execute/ieee/mzero2.c execution, -O3 -g
FAIL: gcc.c-torture/execute/ieee/mzero2.c execution, -Os
XPASS: gcc.c-torture/execute/memcheck/blkarg.c execution, -O0
XPASS: gcc.c-torture/execute/memcheck/blkarg.c execution, -O1
XPASS: gcc.c-torture/execute/memcheck/blkarg.c execution, -O2
XPASS: gcc.c-torture/execute/memcheck/blkarg.c execution, -Os
FAIL: gcc.dg/990119-1.c execution test
FAIL: gcc.dg/cast-qual-1.c discarding `const' warning (test for bogus messages, line 11)
FAIL: gcc.dg/cast-qual-1.c discarding `const' warning (test for warnings, line 17)
FAIL: gcc.dg/compare1.c (test for excess errors)
=== gcc Summary ===
# of expected passes 8096
# of unexpected failures 22
# of unexpected successes 4
# of expected failures 27
# of unresolved testcases 6
# of unsupported tests 25
/scratch/igor/egcs-19990718/gcc/xgcc version 2.95 19990718 (prerelease)