This is the mail archive of the
gcc-testresults@gcc.gnu.org
mailing list for the EGCS project.
Results for 2.96 19990726 (experimental) testsuite on mips-sgi-irix6.2
- To: gcc-testresults@gcc.gnu.org
- Subject: Results for 2.96 19990726 (experimental) testsuite on mips-sgi-irix6.2
- From: "Kaveh R. Ghazi" <ghazi@caip.rutgers.edu>
- Date: Tue, 27 Jul 1999 11:43:08 -0400 (EDT)
Native configuration is mips-sgi-irix6.2
=== objc tests ===
Running target unix
=== objc Summary ===
# of expected passes 38
/caip/u47/ghazi/gcc-testing/build/gcc/xgcc version 2.96 19990726 (experimental)
=== gcc tests ===
Running target unix
FAIL: gcc.c-torture/execute/complex-5.c compilation, -O0
FAIL: gcc.c-torture/execute/complex-5.c compilation, -O1
FAIL: gcc.c-torture/execute/complex-5.c compilation, -O2
FAIL: gcc.c-torture/execute/complex-5.c compilation, -O3 -fomit-frame-pointer
FAIL: gcc.c-torture/execute/complex-5.c compilation, -O3 -g
FAIL: gcc.c-torture/execute/complex-5.c compilation, -Os
XPASS: gcc.c-torture/execute/memcheck/blkarg.c execution, -O0
XPASS: gcc.c-torture/execute/memcheck/blkarg.c execution, -O1
XPASS: gcc.c-torture/execute/memcheck/blkarg.c execution, -O2
XPASS: gcc.c-torture/execute/memcheck/blkarg.c execution, -Os
FAIL: gcc.dg/990119-1.c execution test
FAIL: gcc.dg/cast-qual-1.c discarding `const' warning (test for bogus messages, line 11)
FAIL: gcc.dg/cast-qual-1.c discarding `const' warning (test for warnings, line 17)
FAIL: gcc.dg/compare1.c (test for excess errors)
FAIL: gcc.dg/special/alias-1.c (test for excess errors)
FAIL: wkali-2b.o
=== gcc Summary ===
# of expected passes 6939
# of unexpected failures 12
# of unexpected successes 4
# of expected failures 20
# of unresolved testcases 6
# of unsupported tests 26
/caip/u47/ghazi/gcc-testing/build/gcc/xgcc version 2.96 19990726 (experimental)
=== g77 tests ===
Running target unix
=== g77 Summary ===
# of expected passes 607
=== g++ tests ===
Running target unix
FAIL: g++.dg/special/conpr-1.C execution test
FAIL: g++.dg/special/conpr-2.C execution test
FAIL: g++.dg/special/conpr-3.C execution test
FAIL: g++.dg/special/conpr-3.C execution test
FAIL: g++.ext/comint1.C (test for excess errors)
FAIL: g++.ext/initp1.C Execution test
XPASS: g++.oliva/new1.C Execution test
FAIL: g++.oliva/template3.C caused compiler crash
XPASS: g++.oliva/template8.C - ditto - (test for bogus messages, line 14)
XPASS: g++.pt/instantiate6.C (test for excess errors)
FAIL: g++.robertl/eh990323-2.C Execution test
FAIL: g++.robertl/eh990323-3.C Execution test
FAIL: g++.robertl/eh990323-4.C Execution test
=== g++ Summary ===
# of expected passes 5297
# of unexpected failures 10
# of unexpected successes 3
# of expected failures 97
# of untested testcases 13
/caip/u47/ghazi/gcc-testing/build/gcc/testsuite/../xgcc version 2.96 19990726 (experimental)
=== libstdc++ tests ===
Running target unix
=== libstdc++ Summary ===
# of expected passes 30
=== libio tests ===
Running target unix
=== libio Summary ===
# of expected passes 40
Compiler version: 2.96 19990726 (experimental)
Platform: mips-sgi-irix6.2
configure flags: --with-gcc-version-trigger=/caip/u47/ghazi/gcc-testing/egcs-CVS19990726/gcc/version.c --host=mips-sgi-irix6.2 --verbose --norecursion