This is the mail archive of the
gcc-testresults@gcc.gnu.org
mailing list for the EGCS project.
Results for 2.95 19990718 (prerelease) testsuite on rs6000-ibm-aix4.2.0.0
- To: gcc-testresults@gcc.gnu.org
- Subject: Results for 2.95 19990718 (prerelease) testsuite on rs6000-ibm-aix4.2.0.0
- From: Rodney Brown <rdb@localhost>
- Date: Tue, 27 Jul 1999 09:06:19 +1000
Native configuration is rs6000-ibm-aix4.2.0.0
=== libstdc++ tests ===
Running target unix
=== libstdc++ Summary ===
# of expected passes 30
=== gcc tests ===
Running target unix
FAIL: gcc.c-torture/execute/931004-12.c execution, -O0
FAIL: gcc.c-torture/execute/931004-12.c execution, -O1
FAIL: gcc.c-torture/execute/931004-12.c execution, -O2
FAIL: gcc.c-torture/execute/931004-12.c execution, -O3 -fomit-frame-pointer
FAIL: gcc.c-torture/execute/931004-12.c execution, -O3 -fomit-frame-pointer -funroll-loops
FAIL: gcc.c-torture/execute/931004-12.c execution, -O3 -fomit-frame-pointer -funroll-all-loops -finline-functions
FAIL: gcc.c-torture/execute/931004-12.c execution, -O3 -g
FAIL: gcc.c-torture/execute/931004-12.c execution, -Os
FAIL: gcc.c-torture/execute/complex-5.c execution, -O3 -fomit-frame-pointer
FAIL: gcc.c-torture/execute/complex-5.c execution, -O3 -g
XPASS: gcc.c-torture/execute/memcheck/blkarg.c execution, -O0
XPASS: gcc.c-torture/execute/memcheck/blkarg.c execution, -O1
XPASS: gcc.c-torture/execute/memcheck/blkarg.c execution, -O2
XPASS: gcc.c-torture/execute/memcheck/blkarg.c execution, -O3 -fomit-frame-pointer
XPASS: gcc.c-torture/execute/memcheck/blkarg.c execution, -O3 -g
XPASS: gcc.c-torture/execute/memcheck/blkarg.c execution, -Os
FAIL: gcc.dg/990119-1.c execution test
FAIL: gcc.dg/cast-qual-1.c discarding `const' warning (test for bogus messages, line 11)
FAIL: gcc.dg/cast-qual-1.c discarding `const' warning (test for warnings, line 17)
FAIL: gcc.dg/compare1.c (test for excess errors)
=== gcc Summary ===
# of expected passes 8100
# of unexpected failures 14
# of unexpected successes 6
# of expected failures 25
# of unsupported tests 25
/devel/tmp/egcs-19990718.obj/gcc/xgcc version 2.95 19990718 (prerelease)
=== g++ tests ===
Running target unix
FAIL: g++.brendan/prepost2.C (test for excess errors)
FAIL: g++.ext/attrib5.C (test for excess errors)
FAIL: g++.jason/operator.C invalid first argument (test for errors, line 28)
FAIL: g++.jason/operator.C ditto (test for errors, line 29)
FAIL: g++.jason/operator.C return value, nonmember (test for errors, line 31)
FAIL: g++.jason/operator.C (test for excess errors)
FAIL: g++.jason/thunk2.C (test for excess errors)
FAIL: g++.mike/eh30.C (test for excess errors)
FAIL: g++.mike/p4750.C (test for excess errors)
XPASS: g++.pt/decl2.C ICE - (test for errors, line 8)
FAIL: g++.pt/instantiate4.C (test for excess errors)
FAIL: g++.pt/static3.C (test for excess errors)
FAIL: g++.pt/static6.C (test for excess errors)
FAIL: g++.pt/typename8.C (test for excess errors)
FAIL: g++.robertl/eb106.C (test for excess errors)
=== g++ Summary ===
# of expected passes 5160
# of unexpected failures 14
# of unexpected successes 1
# of expected failures 82
# of untested testcases 11
/devel/tmp/egcs-19990718.obj/gcc/testsuite/../xgcc version 2.95 19990718 (prerelease)
=== g77 tests ===
Running target unix
=== g77 Summary ===
# of expected passes 602
=== objc tests ===
Running target unix
FAIL: objc/execute/bf-1.m compilation, -O
FAIL: objc/execute/bf-10.m compilation, -O
FAIL: objc/execute/bf-11.m compilation, -O
FAIL: objc/execute/bf-12.m compilation, -O
FAIL: objc/execute/bf-13.m compilation, -O
FAIL: objc/execute/bf-14.m compilation, -O
FAIL: objc/execute/bf-15.m compilation, -O
FAIL: objc/execute/bf-16.m compilation, -O
FAIL: objc/execute/bf-17.m compilation, -O
FAIL: objc/execute/bf-18.m compilation, -O
FAIL: objc/execute/bf-19.m compilation, -O
FAIL: objc/execute/bf-2.m compilation, -O
FAIL: objc/execute/bf-3.m compilation, -O
FAIL: objc/execute/bf-4.m compilation, -O
FAIL: objc/execute/bf-5.m compilation, -O
FAIL: objc/execute/bf-6.m compilation, -O
FAIL: objc/execute/bf-7.m compilation, -O
FAIL: objc/execute/bf-8.m compilation, -O
FAIL: objc/execute/bf-9.m compilation, -O
=== objc Summary ===
# of unexpected failures 19
# of untested testcases 19
/devel/tmp/egcs-19990718.obj/gcc/xgcc version 2.95 19990718 (prerelease)
Compiler version: 2.95 19990718 (prerelease)
Platform: rs6000-ibm-aix4.2.0.0
configure flags: --with-gcc-version-trigger=/devel/tmp/egcs-19990718/gcc/version.c --host=rs6000-ibm-aix4.2.0.0 --norecursion
Counting all warnings,
there are 3 warnings in stage3 of this bootstrap.
Number of warnings per file:
2 cxxmain.c
1 ../../../egcs-19990718/gcc/f/com.c
Number of warning types:
2 assignment discards qualifiers from pointer target type
1 unused parameter `???'