This is the mail archive of the
gcc-testresults@gcc.gnu.org
mailing list for the EGCS project.
Results for haifa-enabled 2.95 19990718 (prerelease) testsuite on powerpc-debian-linux-gnu
- To: gcc-testresults@gcc.gnu.org, gcc@packages.debian.org
- Subject: Results for haifa-enabled 2.95 19990718 (prerelease) testsuite on powerpc-debian-linux-gnu
- From: root <root@drow.them.org>
- Date: Mon, 26 Jul 1999 13:28:52 -0400
Native configuration is powerpc-debian-linux-gnu
=== libio tests ===
Running target unix
=== libio Summary ===
# of expected passes 40
=== libstdc++ tests ===
Running target unix
=== libstdc++ Summary ===
# of expected passes 30
=== libg++ tests ===
Running target unix
=== libg++ Summary ===
# of expected passes 72
=== gcc tests ===
Running target unix
FAIL: gcc.c-torture/execute/complex-5.c execution, -O3 -fomit-frame-pointer
FAIL: gcc.c-torture/execute/complex-5.c execution, -O3 -g
FAIL: gcc.dg/990119-1.c execution test
FAIL: gcc.dg/cast-qual-1.c discarding `const' warning (test for bogus messages, line 11)
FAIL: gcc.dg/cast-qual-1.c discarding `const' warning (test for warnings, line 17)
FAIL: gcc.dg/compare1.c (test for excess errors)
=== gcc Summary ===
# of expected passes 8124
# of unexpected failures 6
# of expected failures 31
# of unsupported tests 21
/usr/src/egcs/latest/builddir-gcc-2.95/gcc/xgcc version 2.95 19990718 (prerelease)
=== g++ tests ===
Running target unix
=== g++ Summary ===
# of expected passes 5174
# of expected failures 81
# of untested testcases 11
/usr/src/egcs/latest/builddir-gcc-2.95/gcc/testsuite/../xgcc version 2.95 19990718 (prerelease)
=== g77 tests ===
Running target unix
=== g77 Summary ===
# of expected passes 602
=== objc tests ===
Running target unix
=== objc Summary ===
# of expected passes 38
/usr/src/egcs/latest/builddir-gcc-2.95/gcc/xgcc version 2.95 19990718 (prerelease)
Compiler version: haifa-enabled 2.95 19990718 (prerelease)
Platform: powerpc-debian-linux-gnu
configure flags: --with-gcc-version-trigger=/usr/src/egcs/latest/gcc-2.95/gcc/version.c --host=powerpc-debian-linux-gnu -v --prefix=/usr --infodir=/usr/share/info --mandir=/usr/share/man --enable-shared --with-fast-fixincludes --enable-java-gc=boehm --enable-haifa --enable-threads --with-gnu-as --with-cpp-install-dir=/lib --norecursion
BOOT_CFLAGS=-g -O2
Built from Debian source package gcc-2.95-0pre10
Integrated packages in this version:
../gpc-19990607.tar.gz unpacked.
../libg++-2.8.1.3.tar.gz unpacked.
Patches applied in this version:
reporting:
<compiler> --help gives hint to /usr/doc/debian/bug-reporting.txt
libobjc:
Find header file for Boehm garbage collector.
objc-testsuite:
Run objc tests with -lpthread.
builtin-apply-1.2:
On Sparc, message forwarding in the GNUstep framework
(gstep-base) relies on this patch. I didn't experience any side
effects of this "workaround" on a sparc Solaris platform. However
this workaround affects the all compilers of the egcs package.
bootstrap:
Make bootstrap: restartable at any point
From: Donn Terry <donn@interix.com>
library-prefix:
Make the multilib libraries obey install-time prefix=...
by Daniel Jacobowitz <dan@debian.org>
cpp-A-:
Fix cpp -A-
by Daniel Jacobowitz <dan@debian.org>
ppc-ice:
Add "Internal compiler error:" before some errors
by Franz Sirl
ppc-varargs:
Fix up one last PPC varargs problem with the FPRs
by Franz Sirl
ppc-descriptions:
Add descriptions to rs6000.h and sysv4.h to quench warnings.
by Franz Sirl
ppc-andrew-dwarf-eh:
The Dwarf EH patch for powerpc, from Andrew Macleod, via Franz Sirl
(Revised for gcc 2.95)
ppc-no-weak-local-branches:
Do not allow @local branches to weak functions.
by Daniel Jacobowitz <dan@debian.org>