This is the mail archive of the
egcs-testresults@egcs.cygnus.com
mailing list for the EGCS project.
Results for 2.95 19990714 (prerelease) testsuite on i386-unknown-freebsdelf
- To: egcs-testresults@egcs.cygnus.com
- Subject: Results for 2.95 19990714 (prerelease) testsuite on i386-unknown-freebsdelf
- From: Loren James Rittle <rittle@latour.rsch.comm.mot.com>
- Date: Thu, 15 Jul 1999 12:02:50 -0500 (CDT)
- Reply-to: rittle@rsch.comm.mot.com
Native configuration is i386-unknown-freebsdelf
=== libio tests ===
Running target unix
=== libio Summary ===
# of expected passes 40
=== libstdc++ tests ===
Running target unix
=== libstdc++ Summary ===
# of expected passes 30
=== gcc tests ===
Running target unix
FAIL: gcc.c-torture/execute/loop-2b.c execution, -O2
FAIL: gcc.c-torture/execute/loop-2b.c execution, -O3 -fomit-frame-pointer
FAIL: gcc.c-torture/execute/loop-2b.c execution, -O3 -fomit-frame-pointer -funroll-loops
FAIL: gcc.c-torture/execute/loop-2b.c execution, -O3 -fomit-frame-pointer -funroll-all-loops -finline-functions
FAIL: gcc.c-torture/execute/loop-2b.c execution, -O3 -g
FAIL: gcc.c-torture/execute/ieee/mzero2.c execution, -O0
FAIL: gcc.c-torture/execute/ieee/mzero2.c execution, -O1
FAIL: gcc.c-torture/execute/ieee/mzero2.c execution, -O2
FAIL: gcc.c-torture/execute/ieee/mzero2.c execution, -O3 -fomit-frame-pointer
FAIL: gcc.c-torture/execute/ieee/mzero2.c execution, -O3 -g
FAIL: gcc.c-torture/execute/ieee/mzero2.c execution, -Os
FAIL: gcc.c-torture/execute/ieee/rbug.c execution, -O0
FAIL: gcc.c-torture/execute/ieee/rbug.c execution, -O1
FAIL: gcc.c-torture/execute/ieee/rbug.c execution, -O2
FAIL: gcc.c-torture/execute/ieee/rbug.c execution, -Os
FAIL: gcc.dg/990119-1.c execution test
FAIL: gcc.dg/cast-qual-1.c discarding `const' warning (test for bogus messages, line 11)
FAIL: gcc.dg/cast-qual-1.c discarding `const' warning (test for warnings, line 17)
FAIL: gcc.dg/compare1.c (test for excess errors)
FAIL: gcc.dg/special/weak-1.c execution test
=== gcc Summary ===
# of expected passes 8124
# of unexpected failures 20
# of expected failures 38
# of unsupported tests 13
/usr/users/rittle/outside-cvs-src/2.95-i386-unknown-freebsdelf/gcc/xgcc version 2.95 19990714 (prerelease)
=== g++ tests ===
Running target unix
FAIL: g++.dg/special/conpr-1.C execution test
FAIL: g++.dg/special/conpr-2.C execution test
FAIL: g++.dg/special/conpr-3.C execution test
FAIL: g++.dg/special/conpr-3.C execution test
FAIL: g++.mike/p6610a.C Execution test
FAIL: g++.oliva/template2.C - C<T> not a class (test for bogus messages, line 14)
FAIL: g++.oliva/template3.C caused compiler crash
FAIL: g++.oliva/typename1.C caused compiler crash
FAIL: g++.oliva/typename2.C (test for excess errors)
=== g++ Summary ===
# of expected passes 5189
# of unexpected failures 9
# of expected failures 93
# of untested testcases 8
/usr/users/rittle/outside-cvs-src/2.95-i386-unknown-freebsdelf/gcc/testsuite/../xgcc version 2.95 19990714 (prerelease)
=== g77 tests ===
Running target unix
=== g77 Summary ===
# of expected passes 602
=== objc tests ===
Running target unix
=== objc Summary ===
# of expected passes 38
/usr/users/rittle/outside-cvs-src/2.95-i386-unknown-freebsdelf/gcc/xgcc version 2.95 19990714 (prerelease)
Compiler version: 2.95 19990714 (prerelease)
Platform: i386-unknown-freebsdelf
configure flags: --with-gcc-version-trigger=/usr/users/rittle/outside-cvs-src/egcs/gcc/version.c --host=i386-unknown-freebsdelf --enable-shared --enable-threads --with-gxx-include-dir='${prefix}/share/gcc/2.95/include/g++' --norecursion
BOOT_CFLAGS=-g -O2