This is the mail archive of the
egcs-testresults@egcs.cygnus.com
mailing list for the EGCS project.
Results for 2.95 19990712 (prerelease) testsuite on sparc-sun-solaris2.5
- To: egcs-testresults@egcs.cygnus.com
- Subject: Results for 2.95 19990712 (prerelease) testsuite on sparc-sun-solaris2.5
- From: Alexandre Oliva <oliva@dcc.unicamp.br>
- Date: Tue, 13 Jul 1999 05:10:07 -0300 (EST)
Native configuration is sparc-sun-solaris2.5
=== g++ tests ===
Running target unix
FAIL: g++.dg/special/conpr-1.C execution test
FAIL: g++.dg/special/conpr-2.C execution test
FAIL: g++.dg/special/conpr-3.C execution test
FAIL: g++.dg/special/conpr-3.C execution test
=== g++ Summary ===
# of expected passes 5172
# of unexpected failures 4
# of expected failures 80
# of untested testcases 10
/tmp/egcs/gcc/testsuite/../xgcc version 2.95 19990712 (prerelease)
=== g77 tests ===
Running target unix
=== g77 Summary ===
# of expected passes 602
=== gcc tests ===
Running target unix
FAIL: gcc.dg/990119-1.c execution test
FAIL: gcc.dg/cast-qual-1.c discarding `const' warning (test for bogus messages, line 11)
FAIL: gcc.dg/cast-qual-1.c discarding `const' warning (test for warnings, line 17)
FAIL: gcc.dg/compare1.c (test for excess errors)
=== gcc Summary ===
# of expected passes 8120
# of unexpected failures 4
# of expected failures 31
# of unsupported tests 25
/tmp/egcs/gcc/xgcc version 2.95 19990712 (prerelease)
=== libg++ tests ===
Running target unix
=== libg++ Summary ===
# of expected passes 72
=== libio tests ===
Running target unix
=== libio Summary ===
# of expected passes 40
=== libstdc++ tests ===
Running target unix
=== libstdc++ Summary ===
# of expected passes 30
=== objc tests ===
Running target unix
FAIL: objc/execute/bf-1.m compilation, -O
FAIL: objc/execute/bf-10.m compilation, -O
FAIL: objc/execute/bf-11.m compilation, -O
FAIL: objc/execute/bf-12.m compilation, -O
FAIL: objc/execute/bf-13.m compilation, -O
FAIL: objc/execute/bf-14.m compilation, -O
FAIL: objc/execute/bf-15.m compilation, -O
FAIL: objc/execute/bf-16.m compilation, -O
FAIL: objc/execute/bf-17.m compilation, -O
FAIL: objc/execute/bf-18.m compilation, -O
FAIL: objc/execute/bf-19.m compilation, -O
FAIL: objc/execute/bf-2.m compilation, -O
FAIL: objc/execute/bf-3.m compilation, -O
FAIL: objc/execute/bf-4.m compilation, -O
FAIL: objc/execute/bf-5.m compilation, -O
FAIL: objc/execute/bf-6.m compilation, -O
FAIL: objc/execute/bf-7.m compilation, -O
FAIL: objc/execute/bf-8.m compilation, -O
FAIL: objc/execute/bf-9.m compilation, -O
=== objc Summary ===
# of unexpected failures 19
# of untested testcases 19
/tmp/egcs/gcc/xgcc version 2.95 19990712 (prerelease)
Compiler version: 2.95 19990712 (prerelease)
Platform: sparc-sun-solaris2.5
BOOT_CFLAGS: -g -O9 -W -Wall
Counting all warnings,
there are 184 warnings in stage3 of this bootstrap.
Number of warnings per file:
12 /home/phd/oliva/src/egcs/gcc/java/lex.c
10 /home/phd/oliva/src/egcs/gcc/integrate.c
10 /home/phd/oliva/src/egcs/gcc/cse.c
8 /home/phd/oliva/src/egcs/gcc/reload1.c
8 /home/phd/oliva/src/egcs/gcc/calls.c
7 /home/phd/oliva/src/egcs/gcc/loop.c
7 /home/phd/oliva/src/egcs/gcc/final.c
7 /home/phd/oliva/src/egcs/gcc/combine.c
7 ./parse.y
6 cxxmain.c
6 /home/phd/oliva/src/egcs/gcc/unroll.c
6 /home/phd/oliva/src/egcs/gcc/reload.c
6 /home/phd/oliva/src/egcs/gcc/objc/objc-act.c
6 /home/phd/oliva/src/egcs/gcc/dwarf2out.c
5 /home/phd/oliva/src/egcs/gcc/varasm.c
4 cexp.y
4 /home/phd/oliva/src/egcs/gcc/tlink.c
4 /home/phd/oliva/src/egcs/gcc/regmove.c
4 /home/phd/oliva/src/egcs/gcc/java/verify.c
4 /home/phd/oliva/src/egcs/gcc/expr.c
4 /home/phd/oliva/src/egcs/gcc/ch/actions.c
3 /home/phd/oliva/src/egcs/gcc/genopinit.c
3 /home/phd/oliva/src/egcs/gcc/cccp.c
2 insn-attrtab.c
2 /home/phd/oliva/src/egcs/gcc/local-alloc.c
2 /home/phd/oliva/src/egcs/gcc/java/expr.c
2 /home/phd/oliva/src/egcs/gcc/fold-const.c
2 /home/phd/oliva/src/egcs/gcc/fix-header.c
2 /home/phd/oliva/src/egcs/gcc/dbxout.c
2 /home/phd/oliva/src/egcs/gcc/cpphash.c
2 /home/phd/oliva/src/egcs/gcc/collect2.c
2 /home/phd/oliva/src/egcs/gcc/alias.c
1 splay-tree.c
1 insn-emit.c
1 /home/phd/oliva/src/egcs/gcc/tree.c
1 /home/phd/oliva/src/egcs/gcc/stupid.c
1 /home/phd/oliva/src/egcs/gcc/stmt.c
1 /home/phd/oliva/src/egcs/gcc/scan-decls.c
1 /home/phd/oliva/src/egcs/gcc/rtl.c
1 /home/phd/oliva/src/egcs/gcc/regclass.c
1 /home/phd/oliva/src/egcs/gcc/jump.c
1 /home/phd/oliva/src/egcs/gcc/java/jcf-write.c
1 /home/phd/oliva/src/egcs/gcc/java/jcf-dump.c
1 /home/phd/oliva/src/egcs/gcc/java/class.c
1 /home/phd/oliva/src/egcs/gcc/hash.c
1 /home/phd/oliva/src/egcs/gcc/genattrtab.c
1 /home/phd/oliva/src/egcs/gcc/function.c
1 /home/phd/oliva/src/egcs/gcc/flow.c
1 /home/phd/oliva/src/egcs/gcc/f/g77spec.c
1 /home/phd/oliva/src/egcs/gcc/f/com.c
1 /home/phd/oliva/src/egcs/gcc/explow.c
1 /home/phd/oliva/src/egcs/gcc/emit-rtl.c
1 /home/phd/oliva/src/egcs/gcc/cppspec.c
1 /home/phd/oliva/src/egcs/gcc/cp/sig.c
1 /home/phd/oliva/src/egcs/gcc/cp/expr.c
1 /home/phd/oliva/src/egcs/gcc/cp/decl.c
1 /home/phd/oliva/src/egcs/gcc/ch/expr.c
Number of warning types:
77 `???' might be used uninitialized in this function
40 comparison between signed and unsigned
39 unused parameter `???'
12 variable `???' might be clobbered by `longjmp' or `vfork'
4 control reaches end of non-void function
3 unused variable `???'
3 implicit declaration of function `???'
3 empty body in an else-statement
2 assignment discards qualifiers from pointer target type
1 `???' defined but not used