This is the mail archive of the
egcs-testresults@egcs.cygnus.com
mailing list for the EGCS project.
Results for 2.95 19990712 (prerelease) testsuite on alphaev56-dec-osf4.0d
- To: egcs-testresults@egcs.cygnus.com
- Subject: Results for 2.95 19990712 (prerelease) testsuite on alphaev56-dec-osf4.0d
- From: Alexandre Oliva <oliva@dcc.unicamp.br>
- Date: Tue, 13 Jul 1999 03:19:50 -0300 (EST)
Native configuration is alphaev56-dec-osf4.0d
=== g++ tests ===
Running target unix
FAIL: g++.brendan/nest21.C (test for excess errors)
FAIL: g++.ext/attrib5.C (test for excess errors)
FAIL: g++.gb/sig19.C (test for excess errors)
FAIL: g++.gb/sig21.C (test for excess errors)
FAIL: g++.gb/sig30.C (test for excess errors)
FAIL: g++.jason/synth5.C (test for excess errors)
FAIL: g++.jason/thunk1.C (test for excess errors)
FAIL: g++.jason/thunk2.C (test for excess errors)
FAIL: g++.jason/thunk3.C (test for excess errors)
FAIL: g++.law/operators8.C (test for excess errors)
FAIL: g++.mike/dyncast5.C (test for excess errors)
FAIL: g++.mike/net21.C (test for excess errors)
FAIL: g++.mike/p1248.C (test for excess errors)
FAIL: g++.mike/p3041.C (test for excess errors)
FAIL: g++.mike/p3139.C (test for excess errors)
FAIL: g++.mike/p4511.C (test for excess errors)
FAIL: g++.mike/p5571.C (test for excess errors)
FAIL: g++.mike/p6610a.C (test for excess errors)
FAIL: g++.mike/p6610b.C (test for excess errors)
FAIL: g++.mike/rtti3.C (test for excess errors)
FAIL: g++.mike/virt4.C (test for excess errors)
FAIL: g++.mike/virt5.C (test for excess errors)
FAIL: g++.other/delete3.C (test for excess errors)
FAIL: g++.other/null1.C (test for excess errors)
XPASS: g++.pt/instantiate6.C (test for excess errors)
FAIL: g++.pt/mi1.C (test for excess errors)
FAIL: g++.pt/spec3.C (test for excess errors)
FAIL: g++.pt/static3.C (test for excess errors)
FAIL: g++.pt/static6.C (test for excess errors)
=== g++ Summary ===
# of expected passes 5121
# of unexpected failures 28
# of unexpected successes 1
# of expected failures 105
# of untested testcases 11
/usr/local/tmp/egcs/gcc/testsuite/../xgcc version 2.95 19990712 (prerelease)
=== g77 tests ===
Running target unix
=== g77 Summary ===
# of expected passes 602
=== gcc tests ===
Running target unix
FAIL: gcc.c-torture/execute/complex-5.c execution, -O0
FAIL: gcc.c-torture/execute/complex-5.c execution, -O1
FAIL: gcc.c-torture/execute/complex-5.c execution, -O2
FAIL: gcc.c-torture/execute/complex-5.c execution, -O3 -fomit-frame-pointer
FAIL: gcc.c-torture/execute/complex-5.c execution, -O3 -g
FAIL: gcc.c-torture/execute/complex-5.c execution, -Os
FAIL: gcc.c-torture/execute/ieee/mzero2.c execution, -O0
FAIL: gcc.c-torture/execute/ieee/mzero2.c execution, -O1
FAIL: gcc.c-torture/execute/ieee/mzero2.c execution, -O2
FAIL: gcc.c-torture/execute/ieee/mzero2.c execution, -O3 -fomit-frame-pointer
FAIL: gcc.c-torture/execute/ieee/mzero2.c execution, -O3 -g
FAIL: gcc.c-torture/execute/ieee/mzero2.c execution, -Os
XPASS: gcc.c-torture/execute/memcheck/blkarg.c execution, -O0
XPASS: gcc.c-torture/execute/memcheck/blkarg.c execution, -O1
XPASS: gcc.c-torture/execute/memcheck/blkarg.c execution, -O2
XPASS: gcc.c-torture/execute/memcheck/blkarg.c execution, -Os
FAIL: gcc.dg/990119-1.c execution test
FAIL: gcc.dg/cast-qual-1.c discarding `const' warning (test for bogus messages, line 11)
FAIL: gcc.dg/cast-qual-1.c discarding `const' warning (test for warnings, line 17)
FAIL: gcc.dg/compare1.c (test for excess errors)
FAIL: gcc.dg/special/weak-1.c (test for excess errors)
FAIL: gcc.dg/special/weak-2.c (test for excess errors)
FAIL: gcc.dg/special/alias-1.c (test for excess errors)
FAIL: gcc.dg/special/wkali-1.c (test for excess errors)
FAIL: wkali-2a.o
=== gcc Summary ===
# of expected passes 8100
# of unexpected failures 21
# of unexpected successes 4
# of expected failures 27
# of unsupported tests 24
/usr/local/tmp/egcs/gcc/xgcc version 2.95 19990712 (prerelease)
=== libg++ tests ===
Running target unix
=== libg++ Summary ===
# of expected passes 72
=== libio tests ===
Running target unix
=== libio Summary ===
# of expected passes 40
=== libstdc++ tests ===
Running target unix
=== libstdc++ Summary ===
# of expected passes 30
=== objc tests ===
Running target unix
FAIL: objc/execute/bf-10.m execution, -O
FAIL: objc/execute/bf-16.m execution, -O
FAIL: objc/execute/bf-17.m execution, -O
=== objc Summary ===
# of expected passes 35
# of unexpected failures 3
/usr/local/tmp/egcs/gcc/xgcc version 2.95 19990712 (prerelease)
Compiler version: 2.95 19990712 (prerelease)
Platform: alphaev56-dec-osf4.0d
BOOT_CFLAGS: -g -O9 -W -Wall
Counting all warnings,
there are 180 warnings in stage3 of this bootstrap.
Number of warnings per file:
16 insn-emit.c
12 /home/msc/oliva/src/egcs/gcc/java/lex.c
11 /home/msc/oliva/src/egcs/gcc/reload1.c
10 /home/msc/oliva/src/egcs/gcc/integrate.c
9 /home/msc/oliva/src/egcs/gcc/cse.c
8 /home/msc/oliva/src/egcs/gcc/reload.c
7 /home/msc/oliva/src/egcs/gcc/varasm.c
7 /home/msc/oliva/src/egcs/gcc/loop.c
7 /home/msc/oliva/src/egcs/gcc/combine.c
7 ./parse.y
6 cxxmain.c
6 /home/msc/oliva/src/egcs/gcc/unroll.c
6 /home/msc/oliva/src/egcs/gcc/objc/objc-act.c
5 /home/msc/oliva/src/egcs/gcc/calls.c
4 cexp.y
4 /home/msc/oliva/src/egcs/gcc/tlink.c
4 /home/msc/oliva/src/egcs/gcc/sdbout.c
4 /home/msc/oliva/src/egcs/gcc/regmove.c
4 /home/msc/oliva/src/egcs/gcc/java/verify.c
4 /home/msc/oliva/src/egcs/gcc/final.c
3 /home/msc/oliva/src/egcs/gcc/genopinit.c
3 /home/msc/oliva/src/egcs/gcc/cccp.c
2 /home/msc/oliva/src/egcs/gcc/mips-tfile.c
2 /home/msc/oliva/src/egcs/gcc/local-alloc.c
2 /home/msc/oliva/src/egcs/gcc/java/expr.c
2 /home/msc/oliva/src/egcs/gcc/fold-const.c
2 /home/msc/oliva/src/egcs/gcc/fix-header.c
2 /home/msc/oliva/src/egcs/gcc/dbxout.c
2 /home/msc/oliva/src/egcs/gcc/config/alpha/alpha.c
1 splay-tree.c
1 insn-recog.c
1 /home/msc/oliva/src/egcs/gcc/tree.c
1 /home/msc/oliva/src/egcs/gcc/stupid.c
1 /home/msc/oliva/src/egcs/gcc/stmt.c
1 /home/msc/oliva/src/egcs/gcc/scan-decls.c
1 /home/msc/oliva/src/egcs/gcc/rtl.c
1 /home/msc/oliva/src/egcs/gcc/regclass.c
1 /home/msc/oliva/src/egcs/gcc/mips-tdump.c
1 /home/msc/oliva/src/egcs/gcc/java/jcf-write.c
1 /home/msc/oliva/src/egcs/gcc/java/jcf-dump.c
1 /home/msc/oliva/src/egcs/gcc/java/class.c
1 /home/msc/oliva/src/egcs/gcc/hash.c
1 /home/msc/oliva/src/egcs/gcc/f/g77spec.c
1 /home/msc/oliva/src/egcs/gcc/f/com.c
1 /home/msc/oliva/src/egcs/gcc/expr.c
1 /home/msc/oliva/src/egcs/gcc/cppspec.c
1 /home/msc/oliva/src/egcs/gcc/cp/decl.c
1 /home/msc/oliva/src/egcs/gcc/collect2.c
Number of warning types:
68 `???' might be used uninitialized in this function
37 unused parameter `???'
33 comparison between signed and unsigned
19 unused variable `???'
12 variable `???' might be clobbered by `longjmp' or `vfork'
4 control reaches end of non-void function
2 assignment discards qualifiers from pointer target type
1 static declaration for `???' follows non-static
1 missing initializer
1 implicit declaration of function `???'
1 `???' defined but not used
1 (near initialization for `???')