This is the mail archive of the
egcs-testresults@egcs.cygnus.com
mailing list for the EGCS project.
Results for gcc-2.95 19990629 (prerelease) testsuite on i686-pc-linux-gnu {-fPIC}
- To: egcs-testresults@egcs.cygnus.com
- Subject: Results for gcc-2.95 19990629 (prerelease) testsuite on i686-pc-linux-gnu {-fPIC}
- From: Alexandre Oliva <oliva@dcc.unicamp.br>
- Date: Sat, 3 Jul 1999 11:09:59 -0300 (EST)
Target is unix{-fPIC}
Host is i686-pc-linux-gnu
=== g++ tests ===
Running target unix
FAIL: g++.dg/special/conpr-1.C execution test
FAIL: g++.dg/special/conpr-2.C execution test
FAIL: g++.dg/special/conpr-3.C execution test
FAIL: g++.dg/special/conpr-3.C execution test
FAIL: g++.benjamin/14687.C (test for excess errors)
FAIL: g++.benjamin/14687.C Execution test
FAIL: g++.brendan/parse3.C - (test for bogus messages, line 21)
FAIL: g++.brendan/parse3.C - (test for bogus messages, line 22)
FAIL: g++.brendan/parse4.C - referenced below (test for bogus messages, line 15)
FAIL: g++.brendan/parse4.C - treated as decl (test for bogus messages, line 23)
FAIL: g++.brendan/parse5.C - (test for bogus messages, line 24)
FAIL: g++.brendan/parse6.C - (test for bogus messages, line 12)
FAIL: g++.bugs/900404_04.C , (test for errors, line 15)
FAIL: g++.jason/ambig3.C - late parsing (test for bogus messages, line 12)
FAIL: g++.jason/ambig3.C - late parsing (test for bogus messages, line 14)
FAIL: g++.jason/cond.C , (test for errors, line 9)
FAIL: g++.jason/cond.C , (test for errors, line 11)
FAIL: g++.jason/cond.C , (test for errors, line 16)
FAIL: g++.jason/rfg16.C (test for bogus messages, line 4)
FAIL: g++.jason/rfg16.C (test for bogus messages, line 5)
FAIL: g++.jason/template18.C (test for excess errors)
FAIL: g++.jason/template18.C Execution test
FAIL: g++.law/access5.C .* , (test for errors, line 22)
FAIL: g++.law/arm14.C .* , (test for errors, line 21)
FAIL: g++.law/array2.C (test for excess errors)
FAIL: g++.law/enum5.C (test for excess errors)
FAIL: g++.law/inline2.C (test for excess errors)
FAIL: g++.law/missed-error1.C mismatch (test for errors, line 19)
FAIL: g++.law/missed-error1.C mismatch (test for errors, line 20)
FAIL: g++.martin/sts_partial.C (test for excess errors)
FAIL: g++.martin/sts_partial.C Execution test
FAIL: g++.mike/p10769a.C (test for bogus messages, line 12)
FAIL: g++.mike/p10769a.C (test for bogus messages, line 34)
FAIL: g++.mike/p10769a.C (test for bogus messages, line 43)
FAIL: g++.mike/p10769a.C Execution test
FAIL: g++.mike/p6610a.C Execution test
FAIL: g++.mike/p7325.C Execution test
FAIL: g++.niklas/t135.C (test for excess errors)
FAIL: g++.other/access2.C not accessible - (test for errors, line 7)
FAIL: g++.other/access2.C not accessible - (test for errors, line 9)
FAIL: g++.other/access6.C - private - (test for bogus messages, line 9)
FAIL: g++.other/access6.C - redeclared - (test for bogus messages, line 11)
FAIL: g++.other/access6.C - private - (test for bogus messages, line 14)
FAIL: g++.other/bitfld1.C (test for excess errors)
FAIL: g++.other/conv5.C adding const - (test for errors, line 8)
FAIL: g++.other/conv6.C - distinct types (test for bogus messages, line 14)
FAIL: g++.other/conv6.C - distinct types (test for bogus messages, line 20)
FAIL: g++.other/conv6.C - distinct types (test for bogus messages, line 26)
FAIL: g++.other/conv6.C - distinct types Execution test
FAIL: g++.other/decl1.C (test for excess errors)
FAIL: g++.other/init5.C Execution test
FAIL: g++.other/lookup5.C caused compiler crash
FAIL: g++.other/typename1.C missing typename - (test for errors, line 16)
FAIL: g++.other/using4.C (test for excess errors)
FAIL: g++.pt/decl2.C caused compiler crash
FAIL: g++.pt/defarg8.C - before > - (test for bogus messages, line 13)
FAIL: g++.pt/explicit76.C - ICE - (test for bogus messages, line 11)
FAIL: g++.pt/expr6.C (test for excess errors)
FAIL: g++.pt/friend38.C template parameters cannot be friends - (test for errors, line 7)
FAIL: g++.pt/instantiate6.C (test for excess errors)
FAIL: g++.pt/memtemp79.C - quals (test for bogus messages, line 5)
FAIL: g++.pt/overload7.C - no matching function for call - (test for bogus messages, line 14)
FAIL: g++.pt/overload7.C - instantiated from here - (test for bogus messages, line 19)
FAIL: g++.pt/overload8.C - must have argument of class type - (test for bogus messages, line 10)
FAIL: g++.pt/ptrmem5.C - cannot convert - (test for bogus messages, line 17)
FAIL: g++.pt/ptrmem6.C (test for errors, line 26)
FAIL: g++.pt/spec24.C missing template header - (test for errors, line 5)
FAIL: g++.pt/typename12.C (test for excess errors)
FAIL: g++.pt/typename12.C Execution test
FAIL: g++.pt/typename13.C (test for excess errors)
FAIL: g++.robertl/eb125.C (test for excess errors)
FAIL: g++.robertl/eb17.C (test for excess errors)
FAIL: g++.robertl/eb17.C Execution test
FAIL: g++.robertl/eb55.C (test for excess errors)
FAIL: g++.robertl/eb76.C (test for excess errors)
=== g++ Summary ===
# of expected passes 5161
# of unexpected failures 75
# of expected failures 10
# of untested testcases 17
/n/temp1/gcctest/bin/eg++ version gcc-2.95 19990629 (prerelease)
Host is i686-pc-linux-gnu
=== g77 tests ===
Running target unix
=== g77 Summary ===
# of expected passes 602
Host is i686-pc-linux-gnu
=== gcc tests ===
Running target unix
FAIL: gcc.c-torture/compile/961203-1.c
FAIL: gcc.c-torture/compile/981022-1.c, -O0
FAIL: gcc.c-torture/compile/981022-1.c, -O1
FAIL: gcc.c-torture/compile/981022-1.c, -O2
FAIL: gcc.c-torture/compile/981022-1.c, -O3 -fomit-frame-pointer
FAIL: gcc.c-torture/compile/981022-1.c, -O3 -g
FAIL: gcc.c-torture/compile/981022-1.c, -Os
FAIL: gcc.c-torture/execute/loop-2b.c execution, -O2
FAIL: gcc.c-torture/execute/loop-2b.c execution, -O3 -fomit-frame-pointer
FAIL: gcc.c-torture/execute/loop-2b.c execution, -O3 -fomit-frame-pointer -funroll-loops
FAIL: gcc.c-torture/execute/loop-2b.c execution, -O3 -fomit-frame-pointer -funroll-all-loops -finline-functions
FAIL: gcc.c-torture/execute/loop-2b.c execution, -O3 -g
FAIL: gcc.c-torture/execute/ieee/980619-1.c execution, -O1
FAIL: gcc.c-torture/execute/ieee/980619-1.c execution, -O2
FAIL: gcc.c-torture/execute/ieee/980619-1.c execution, -O3 -fomit-frame-pointer
FAIL: gcc.c-torture/execute/ieee/980619-1.c execution, -O3 -fomit-frame-pointer -funroll-loops
FAIL: gcc.c-torture/execute/ieee/980619-1.c execution, -O3 -fomit-frame-pointer -funroll-all-loops -finline-functions
FAIL: gcc.c-torture/execute/ieee/980619-1.c execution, -O3 -g
FAIL: gcc.c-torture/execute/ieee/980619-1.c execution, -Os
FAIL: gcc.c-torture/execute/memcheck/blkarg.c execution, -O0
FAIL: gcc.c-torture/execute/memcheck/blkarg.c execution, -O1
FAIL: gcc.c-torture/execute/memcheck/blkarg.c execution, -O2
FAIL: gcc.c-torture/execute/memcheck/blkarg.c execution, -O3 -fomit-frame-pointer
FAIL: gcc.c-torture/execute/memcheck/blkarg.c execution, -O3 -g
FAIL: gcc.c-torture/execute/memcheck/blkarg.c execution, -Os
FAIL: gcc.dg/990119-1.c execution test
FAIL: gcc.dg/990413-1.c (test for excess errors)
FAIL: gcc.dg/990506-0.c (test for excess errors)
FAIL: gcc.dg/cast-qual-1.c discarding `const' warning (test for bogus messages, line 11)
FAIL: gcc.dg/cast-qual-1.c discarding `const' warning (test for warnings, line 17)
FAIL: gcc.dg/compare1.c (test for excess errors)
FAIL: gcc.dg/setjmp-1.c spurious clobbered warning (test for bogus messages, line 16)
FAIL: gcc.dg/uninit-1.c uninitialized variable warning (test for bogus messages, line 16)
FAIL: gcc.dg/uninit-2.c uninitialized variable warning (test for bogus messages, line 28)
FAIL: gcc.dg/uninit-3.c uninitialized variable warning (test for bogus messages, line 11)
FAIL: gcc.dg/uninit-4.c uninitialized variable warning (test for bogus messages, line 24)
FAIL: gcc.dg/uninit-5.c uninitialized variable warning (test for bogus messages, line 13)
FAIL: gcc.dg/uninit-5.c uninitialized variable warning (test for bogus messages, line 27)
FAIL: gcc.dg/uninit-6.c uninitialized variable warning (test for bogus messages, line 37)
FAIL: gcc.dg/uninit-8.c uninitialized variable warning (test for bogus messages, line 14)
FAIL: gcc.dg/uninit-9.c uninitialized variable warning (test for bogus messages, line 26)
FAIL: gcc.dg/uninit-A.c uninitialized variable warning (test for bogus messages, line 50)
FAIL: gcc.dg/uninit-A.c uninitialized variable warning (test for bogus messages, line 51)
FAIL: gcc.failure/940409-1.c, -O0
FAIL: gcc.failure/940409-1.c, -O1
FAIL: gcc.failure/940409-1.c, -O2
FAIL: gcc.failure/940409-1.c, -O3 -fomit-frame-pointer
FAIL: gcc.failure/940409-1.c, -O3 -g
FAIL: gcc.failure/940409-1.c, -Os
FAIL: gcc.misc-tests/m-un-2.c (test for excess errors)
=== gcc Summary ===
# of expected passes 8071
# of unexpected failures 50
# of unsupported tests 27
Compiler version: gcc-2.95 19990629 (prerelease)
Platform: i686-pc-linux-gnu {-fPIC}
BOOT_CFLAGS: -g -O9 -W -Wall