This is the mail archive of the
egcs-testresults@egcs.cygnus.com
mailing list for the EGCS project.
Results for haifa-enabled gcc-2.95 19990629 (prerelease) testsuite on sparc-sun-sunos4.1.4
- To: egcs-testresults@egcs.cygnus.com
- Subject: Results for haifa-enabled gcc-2.95 19990629 (prerelease) testsuite on sparc-sun-sunos4.1.4
- From: David Schuler <schuld@btv.ibm.com>
- Date: Thu, 1 Jul 1999 16:37:26 -0400 (EDT)
Native configuration is sparc-sun-sunos4.1.4
=== libio tests ===
Running target unix
=== libio Summary ===
# of expected passes 40
=== libstdc++ tests ===
Running target unix
=== libstdc++ Summary ===
# of expected passes 30
=== gcc tests ===
Running target unix
FAIL: gcc.dg/990119-1.c execution test
FAIL: gcc.dg/cast-qual-1.c discarding `const' warning (test for bogus messages, line 11)
FAIL: gcc.dg/cast-qual-1.c discarding `const' warning (test for warnings, line 17)
FAIL: gcc.dg/compare1.c (test for excess errors)
FAIL: gcc.dg/special/weak-1.c (test for excess errors)
FAIL: gcc.dg/special/weak-2.c (test for excess errors)
FAIL: gcc.dg/special/alias-1.c (test for excess errors)
FAIL: gcc.dg/special/wkali-1.c (test for excess errors)
FAIL: wkali-2a.o
=== gcc Summary ===
# of expected passes 8099
# of unexpected failures 9
# of expected failures 25
# of unsupported tests 24
/usr/local/x86srvr1/WORKSPACE5/schuld/EGCS/egcs-19990629-sunos/gcc/xgcc version gcc-2.95 19990629 (prerelease)
=== g++ tests ===
Running target unix
FAIL: g++.ext/attrib5.C (test for excess errors)
XPASS: g++.pt/instantiate6.C (test for excess errors)
FAIL: g++.pt/static3.C (test for excess errors)
FAIL: g++.pt/static6.C (test for excess errors)
=== g++ Summary ===
# of expected passes 5171
# of unexpected failures 3
# of unexpected successes 1
# of expected failures 81
# of untested testcases 10
/usr/local/x86srvr1/WORKSPACE5/schuld/EGCS/egcs-19990629-sunos/gcc/testsuite/../xgcc version gcc-2.95 19990629 (prerelease)
=== g77 tests ===
Running target unix
=== g77 Summary ===
# of expected passes 602
=== objc tests ===
Running target unix
=== objc Summary ===
# of expected passes 38
/usr/local/x86srvr1/WORKSPACE5/schuld/EGCS/egcs-19990629-sunos/gcc/xgcc version gcc-2.95 19990629 (prerelease)
Compiler version: haifa-enabled gcc-2.95 19990629 (prerelease)
Platform: sparc-sun-sunos4.1.4
configure flags: --with-gcc-version-trigger=/usr/local/x86srvr1/WORKSPACE5/schuld/EGCS/egcs-19990629/gcc/version.c --host=sparc-sun-sunos4.1.4 --prefix=/afs/btv.ibm.com/data/n37v/software/gnu-sunos/egcs --with-gnu-as --with-gnu-ld --enable-haifa --enable-multilib --norecursion
Counting all warnings,
there are 31 warnings in stage3 of this bootstrap.
Number of warnings per file:
6 ../../../egcs/gcc/f/com.c
4 ../../../egcs/gcc/f/bad.c
3 ../../../egcs/gcc/f/target.c
3 ../../../egcs/gcc/f/stw.c
3 ../../../egcs/gcc/f/storag.c
3 ../../../egcs/gcc/f/intrin.c
2 cxxmain.c
2 ../../../egcs/gcc/f/src.c
2 ../../../egcs/gcc/f/lex.c
1 ../../../egcs/gcc/f/where.c
1 ../../../egcs/gcc/f/stb.c
1 ../../../egcs/gcc/f/parse.c
Number of warning types:
27 implicit declaration of function ???
2 assignment discards qualifiers from pointer target type
1 unused parameter ???
1 assignment from incompatible pointer type