This is the mail archive of the
egcs-testresults@egcs.cygnus.com
mailing list for the EGCS project.
Results for gcc-2.95 19990629 on mips-sgi-irix6.5
- To: egcs-testresults@egcs.cygnus.com (IPM Return requested) (Receipt notification requested)
- Subject: Results for gcc-2.95 19990629 on mips-sgi-irix6.5
- From: Tim C Prince <Prince_Tim_C@solarturbines.com>
- Date: 30 Jun 1999 14:30:00 Z
- Alternate-Recipient: Allowed
- Conversion: Allowed
- Disclose-Recipients: Prohibited
- Expiry-Date: 30 Jul 1999 00:00:00 Z
- FTBP-Modification-Date: 30 Jun 1999 06:23:00 Z
- FTBP-Object-Size: 2805
- Original-Encoded-Information-Types: (2)(6)(1)(12)(0), (2)(16)(840)(1)(113694)(2)(2)(1)(1)
- X400-Content-Type: P2-1988 ( 22 )
- X400-MTS-Identifier: [/c=US/admd= /prmd=Cat/; 377A8C6E.6E8C.224A.000]
- X400-Originator: Prince_Tim_C@solarturbines.com
- X400-Recipients: non-disclosure;
Native configuration is mips-sgi-irix6.5
=== objc tests ===
Running target unix
=== objc Summary ===
# of expected passes 38
/wrk1/aerotherm/dawes/src/gnu/egcs-19990418/i6/gcc/xgcc version gcc-2.95 19990629 (prerelease)
=== gcc tests ===
Running target unix
FAIL: gcc.c-torture/execute/complex-5.c execution, -O0
FAIL: gcc.c-torture/execute/complex-5.c execution, -O1
FAIL: gcc.c-torture/execute/complex-5.c execution, -O2
FAIL: gcc.c-torture/execute/complex-5.c execution, -O3 -fomit-frame-pointer
FAIL: gcc.c-torture/execute/complex-5.c execution, -O3 -g
FAIL: gcc.c-torture/execute/complex-5.c execution, -Os
XPASS: gcc.c-torture/execute/memcheck/blkarg.c execution, -O0
XPASS: gcc.c-torture/execute/memcheck/blkarg.c execution, -O1
XPASS: gcc.c-torture/execute/memcheck/blkarg.c execution, -O2
XPASS: gcc.c-torture/execute/memcheck/blkarg.c execution, -Os
FAIL: gcc.dg/990119-1.c execution test
FAIL: gcc.dg/cast-qual-1.c discarding \`const' warning (test for bogus messages, line 11)
FAIL: gcc.dg/cast-qual-1.c discarding \`const' warning (test for warnings, line 17)
FAIL: gcc.dg/compare1.c (test for excess errors)
FAIL: gcc.dg/special/alias-1.c (test for excess errors)
FAIL: wkali-2b.o
=== gcc Summary ===
# of expected passes 8109
# of unexpected failures 12
# of unexpected successes 4
# of expected failures 27
# of unsupported tests 25
/wrk1/aerotherm/dawes/src/gnu/egcs-19990418/i6/gcc/xgcc version gcc-2.95 19990629 (prerelease)
=== g77 tests ===
Running target unix
=== g77 Summary ===
# of expected passes 602
=== g++ tests ===
Running target unix
FAIL: g++.dg/special/conpr-1.C execution test
FAIL: g++.dg/special/conpr-2.C execution test
FAIL: g++.dg/special/conpr-3.C execution test
FAIL: g++.dg/special/conpr-3.C execution test
XPASS: g++.pt/instantiate6.C (test for excess errors)
=== g++ Summary ===
# of expected passes 5167
# of unexpected failures 4
# of unexpected successes 1
# of expected failures 83
# of untested testcases 11
/wrk1/aerotherm/dawes/src/gnu/egcs-19990418/i6/gcc/testsuite/../xgcc version gcc-2.95 19990629 (prerelease)
=== libstdc++ tests ===
Running target unix
=== libstdc++ Summary ===
# of expected passes 30
=== libio tests ===
Running target unix
=== libio Summary ===
# of expected passes 40
Compiler version: gcc-2.95 19990629 (prerelease)
Platform: mips-sgi-irix6.5
configure flags: --with-gcc-version-trigger=/wrk1/aerotherm/dawes/src/gnu/egcs-19990418/gcc/version.c --host=mips-sgi-irix6.5 --prefix=/wrk1/aerotherm/dawes/src/gnu/803 --norecursion
EOF
Mail -s "Results for gcc-2.95 19990629 (prerelease) testsuite on mips-sgi-irix6.5" egcs-testresults@egcs.cygnus.com &&