This is the mail archive of the
egcs-testresults@egcs.cygnus.com
mailing list for the EGCS project.
Results for gcc-2.95 19990623 (prerelease) testsuite on i586-pc-linux-gnulibc1
- To: egcs-testresults@egcs.cygnus.com
- Subject: Results for gcc-2.95 19990623 (prerelease) testsuite on i586-pc-linux-gnulibc1
- From: Joe Buck <jbuck@welsh-buck.org>
- Date: Sun, 27 Jun 1999 10:41:17 -0700
These tests were run on a Red Hat 4.2 system with
binutils 2.9.1.0.19a.
Native configuration is i586-pc-linux-gnulibc1
=== libio tests ===
Running target unix
=== libio Summary ===
# of expected passes 40
=== libstdc++ tests ===
Running target unix
=== libstdc++ Summary ===
# of expected passes 30
=== gcc tests ===
Running target unix
FAIL: gcc.c-torture/execute/loop-2b.c execution, -O2
FAIL: gcc.c-torture/execute/loop-2b.c execution, -O3 -fomit-frame-pointer
FAIL: gcc.c-torture/execute/loop-2b.c execution, -O3 -fomit-frame-pointer -funroll-loops
FAIL: gcc.c-torture/execute/loop-2b.c execution, -O3 -fomit-frame-pointer -funroll-all-loops -finline-functions
FAIL: gcc.c-torture/execute/loop-2b.c execution, -O3 -g
FAIL: gcc.c-torture/execute/ieee/980619-1.c execution, -O1
FAIL: gcc.c-torture/execute/ieee/980619-1.c execution, -O2
FAIL: gcc.c-torture/execute/ieee/980619-1.c execution, -O3 -fomit-frame-pointer
FAIL: gcc.c-torture/execute/ieee/980619-1.c execution, -O3 -fomit-frame-pointer -funroll-loops
FAIL: gcc.c-torture/execute/ieee/980619-1.c execution, -O3 -fomit-frame-pointer -funroll-all-loops -finline-functions
FAIL: gcc.c-torture/execute/ieee/980619-1.c execution, -O3 -g
FAIL: gcc.c-torture/execute/ieee/980619-1.c execution, -Os
FAIL: gcc.dg/990119-1.c execution test
FAIL: gcc.dg/cast-qual-1.c discarding `const' warning (test for bogus messages, line 11)
FAIL: gcc.dg/cast-qual-1.c discarding `const' warning (test for warnings, line 17)
FAIL: gcc.dg/compare1.c (test for excess errors)
FAIL: gcc.dg/special/weak-1.c execution test
=== gcc Summary ===
# of expected passes 8134
# of unexpected failures 17
# of expected failures 31
# of unsupported tests 13
/home/jbuck/egcs-work/egcs-linux/gcc/xgcc version gcc-2.95 19990623 (prerelease)
=== g++ tests ===
Running target unix
FAIL: g++.dg/special/conpr-1.C execution test
FAIL: g++.dg/special/conpr-2.C execution test
FAIL: g++.dg/special/conpr-3.C execution test
FAIL: g++.dg/special/conpr-3.C execution test
=== g++ Summary ===
# of expected passes 5177
# of unexpected failures 4
# of expected failures 80
# of untested testcases 7
/home/jbuck/egcs-work/egcs-linux/gcc/testsuite/../xgcc version gcc-2.95 19990623 (prerelease)
=== g77 tests ===
Running target unix
=== g77 Summary ===
# of expected passes 602
=== objc tests ===
Running target unix
=== objc Summary ===
# of expected passes 38
/home/jbuck/egcs-work/egcs-linux/gcc/xgcc version gcc-2.95 19990623 (prerelease)
Compiler version: gcc-2.95 19990623 (prerelease)
Platform: i586-pc-linux-gnulibc1
configure flags: --with-gcc-version-trigger=/home/jbuck/egcs-work/egcs/gcc/version.c --host=i586-pc-linux-gnulibc1 --srcdir=../egcs --prefix=/usr/local/egcs-cvs --enable-shared --norecursion