This is the mail archive of the
egcs-testresults@egcs.cygnus.com
mailing list for the EGCS project.
Results for gcc-2.95 19990608 (prerelease) testsuite on mips-sgi-irix5.2
- To: egcs-testresults@egcs.cygnus.com
- Subject: Results for gcc-2.95 19990608 (prerelease) testsuite on mips-sgi-irix5.2
- From: Alexandre Oliva <oliva@dcc.unicamp.br>
- Date: Fri, 11 Jun 1999 17:21:38 -0300 (EST)
Native configuration is mips-sgi-irix5.2
=== g++ tests ===
Running target unix
FAIL: g++.ext/attrib5.C (test for excess errors)
FAIL: g++.gb/sig30.C (test for excess errors)
FAIL: g++.jason/dcast3.C (test for excess errors)
FAIL: g++.jason/rvalue1.C (test for excess errors)
FAIL: g++.law/arm7.C (test for excess errors)
FAIL: g++.mike/dyncast7.C (test for excess errors)
FAIL: g++.mike/eh24.C (test for excess errors)
FAIL: g++.mike/net15.C (test for excess errors)
FAIL: g++.other/new3.C Execution test
FAIL: g++.pt/inherit1.C (test for excess errors)
XPASS: g++.pt/instantiate6.C (test for excess errors)
FAIL: g++.pt/static3.C (test for excess errors)
FAIL: g++.pt/static6.C (test for excess errors)
=== g++ Summary ===
# of expected passes 5149
# of unexpected failures 12
# of unexpected successes 1
# of expected failures 93
# of untested testcases 11
/tmp/egcs/gcc/testsuite/../xgcc version gcc-2.95 19990608 (prerelease)
=== g77 tests ===
Running target unix
FAIL: g77.f-torture/execute/19990325-1.f compilation, -O2
FAIL: g77.f-torture/execute/970816-3.f compilation, -O1
=== g77 Summary ===
# of expected passes 598
# of unexpected failures 2
# of untested testcases 2
=== gcc tests ===
Running target unix
FAIL: gcc.c-torture/execute/920202-1.c compilation, -O1
FAIL: gcc.c-torture/execute/920410-1.c compilation, -O3 -g
FAIL: gcc.c-torture/execute/950221-1.c compilation, -O1
FAIL: gcc.c-torture/execute/970923-1.c compilation, -O2
FAIL: gcc.c-torture/execute/980506-1.c compilation, -Os
FAIL: gcc.c-torture/execute/980526-3.c compilation, -O1
FAIL: gcc.c-torture/execute/980526-3.c compilation, -O2
FAIL: gcc.c-torture/execute/980709-1.c compilation, -O0
FAIL: gcc.c-torture/execute/981206-1.c compilation, -O1
FAIL: gcc.c-torture/execute/990117-1.c compilation, -O1
FAIL: gcc.c-torture/execute/990513-1.c execution, -O2
FAIL: gcc.c-torture/execute/990513-1.c execution, -O3 -fomit-frame-pointer
FAIL: gcc.c-torture/execute/990513-1.c execution, -O3 -fomit-frame-pointer -funroll-loops
FAIL: gcc.c-torture/execute/990513-1.c execution, -O3 -fomit-frame-pointer -funroll-all-loops -finline-functions
FAIL: gcc.c-torture/execute/990513-1.c execution, -O3 -g
FAIL: gcc.c-torture/execute/990513-1.c execution, -Os
FAIL: gcc.c-torture/execute/memcpy-1.c compilation, -Os
FAIL: gcc.c-torture/execute/memcpy-bi.c compilation, -O0
XPASS: gcc.c-torture/execute/memcheck/blkarg.c execution, -O0
XPASS: gcc.c-torture/execute/memcheck/blkarg.c execution, -O1
XPASS: gcc.c-torture/execute/memcheck/blkarg.c execution, -O2
XPASS: gcc.c-torture/execute/memcheck/blkarg.c execution, -Os
FAIL: gcc.dg/990119-1.c execution test
FAIL: gcc.dg/cast-qual-1.c discarding `const' warning (test for bogus messages, line 11)
FAIL: gcc.dg/cast-qual-1.c discarding `const' warning (test for warnings, line 17)
FAIL: gcc.dg/compare1.c (test for excess errors)
FAIL: gcc.dg/special/weak-1.c (test for excess errors)
FAIL: gcc.dg/special/weak-1.c execution test
FAIL: gcc.dg/special/weak-2.c (test for excess errors)
FAIL: gcc.dg/special/weak-2.c execution test
FAIL: gcc.dg/special/alias-1.c (test for excess errors)
FAIL: gcc.dg/special/wkali-1.c (test for excess errors)
FAIL: wkali-2a.o
=== gcc Summary ===
# of expected passes 8080
# of unexpected failures 29
# of unexpected successes 4
# of expected failures 27
# of unresolved testcases 12
# of unsupported tests 25
/tmp/egcs/gcc/xgcc version gcc-2.95 19990608 (prerelease)
=== libg++ tests ===
Running target unix
=== libg++ Summary ===
# of expected passes 72
=== libio tests ===
Running target unix
FAIL: tiformat.c compilation
=== libio Summary ===
# of expected passes 38
# of unexpected failures 1
# of expected failures 1
=== libstdc++ tests ===
Running target unix
FAIL: tstring.cc -O compilation
=== libstdc++ Summary ===
# of expected passes 27
# of unexpected failures 1
# of expected failures 2
=== objc tests ===
Running target unix
=== objc Summary ===
# of expected passes 38
/tmp/egcs/gcc/xgcc version gcc-2.95 19990608 (prerelease)
Compiler version: gcc-2.95 19990608 (prerelease)
Platform: mips-sgi-irix5.2
BOOT_CFLAGS: standard
Counting all warnings,
there are 3 warnings in stage3 of this bootstrap.
Number of warnings per file:
2 cxxmain.c
1 /home/phd/oliva/src/egcs/gcc/f/com.c
Number of warning types:
2 assignment discards qualifiers from pointer target type
1 unused parameter `???'