This is the mail archive of the
egcs-testresults@egcs.cygnus.com
mailing list for the EGCS project.
Re: Results for haifa-enabled gcc-2.95 19990608 (prerelease) testsuite on sparc-sun-sunos4.1.4
- To: David Schuler <schuld@btv.ibm.com>
- Subject: Re: Results for haifa-enabled gcc-2.95 19990608 (prerelease) testsuite on sparc-sun-sunos4.1.4
- From: Jeffrey A Law <law@cygnus.com>
- Date: Fri, 11 Jun 1999 13:04:11 -0600
- cc: egcs-testresults@egcs.cygnus.com
- Reply-To: law@cygnus.com
In message <199906101524.LAA26185@pennstate.btv.ibm.com>you write:
> === libstdc++ tests ===
>
>
> Running target unix
>
> === libstdc++ Summary ===
>
> # of expected passes 30
This is rather odd since I get failures on tComplex for Solaris, SunOS and
our sparc-linux tester got them on sparc-linux too.
> FAIL: gcc.c-torture/execute/990513-1.c execution, -O2
> FAIL: gcc.c-torture/execute/990513-1.c execution, -O3 -fomit-frame-pointer
>
> FAIL: gcc.c-torture/execute/990513-1.c execution, -O3 -fomit-frame-pointer
> -funroll-loops
> FAIL: gcc.c-torture/execute/990513-1.c execution, -O3 -fomit-frame-pointer
> -funroll-all-loops -finline-functions
> FAIL: gcc.c-torture/execute/990513-1.c execution, -O3 -g
> FAIL: gcc.c-torture/execute/990513-1.c execution, -Os
Should be fixed now.