This is the mail archive of the
egcs-testresults@egcs.cygnus.com
mailing list for the EGCS project.
Results for gcc-2.95 19990610 (prerelease) testsuite on powerpc-redhat-linux-gnu
- To: egcs-testresults@egcs.cygnus.com
- Subject: Results for gcc-2.95 19990610 (prerelease) testsuite on powerpc-redhat-linux-gnu
- From: Franz Sirl <fsirl@kernel.crashing.org>
- Date: Thu, 10 Jun 1999 12:20:28 -0500
Environment:
glibc-2.1.1
binutils-2.9.4.0.3
BOOT_CFLAGS=default
CFLAGS=-g -O2 -funroll-loops
CXXFLAGS=default
WARN_CFLAGS=default
Patches:
DWARF EH support for PPC (Andrew McLeod)
varargs fixes (Richard Henderson and me)
patch for fatal() and fatal_insn() to output "Internal compiler error:"
in front of every error message (me)
Native configuration is powerpc-redhat-linux-gnu
=== libio tests ===
Running target unix
=== libio Summary ===
# of expected passes 40
=== libstdc++ tests ===
Running target unix
=== libstdc++ Summary ===
# of expected passes 30
=== gcc tests ===
Running target unix
FAIL: gcc.c-torture/execute/complex-5.c execution, -O3 -fomit-frame-pointer
FAIL: gcc.c-torture/execute/complex-5.c execution, -O3 -g
FAIL: gcc.c-torture/noncompile/920616-2.c
FAIL: gcc.c-torture/noncompile/920923-1.c
FAIL: gcc.c-torture/noncompile/921116-1.c
FAIL: gcc.c-torture/noncompile/940510-1.c
FAIL: gcc.c-torture/noncompile/990416-1.c
FAIL: gcc.dg/990119-1.c execution test
FAIL: gcc.dg/cast-qual-1.c discarding `const' warning (test for bogus messages, line 11)
FAIL: gcc.dg/cast-qual-1.c discarding `const' warning (test for warnings, line 17)
FAIL: gcc.dg/compare1.c (test for excess errors)
=== gcc Summary ===
# of expected passes 8119
# of unexpected failures 11
# of expected failures 31
# of unsupported tests 21
/home/fsirl/obj/cvsm/gcc/xgcc version gcc-2.95 19990610 (prerelease)
=== g++ tests ===
Running target unix
FAIL: g++.ns/ns17.C caused compiler crash
FAIL: g++.pt/crash1.C caused compiler crash
FAIL: g++.pt/crash22.C caused compiler crash
FAIL: g++.pt/typename8.C caused compiler crash
FAIL: g++.robertl/eb133.C caused compiler crash
=== g++ Summary ===
# of expected passes 5159
# of unexpected failures 5
# of expected failures 82
# of untested testcases 11
/home/fsirl/obj/cvsm/gcc/testsuite/../xgcc version gcc-2.95 19990610 (prerelease)
=== g77 tests ===
Running target unix
=== g77 Summary ===
# of expected passes 602
=== objc tests ===
Running target unix
=== objc Summary ===
# of expected passes 38
/home/fsirl/obj/cvsm/gcc/xgcc version gcc-2.95 19990610 (prerelease)
Compiler version: gcc-2.95 19990610 (prerelease)
Platform: powerpc-redhat-linux-gnu
configure flags: --with-gcc-version-trigger=/home/fsirl/egcsm/gcc/version.c --host=ppc-redhat-linux --prefix=/home/fsirl/gnubin2 --enable-shared --disable-subdir-texinfo --enable-checking --norecursion