This is the mail archive of the
egcs-testresults@egcs.cygnus.com
mailing list for the EGCS project.
Results for gcc-2.95 19990608 (prerelease) testsuite on mips-sgi-irix5.2
- To: egcs-testresults@egcs.cygnus.com
- Subject: Results for gcc-2.95 19990608 (prerelease) testsuite on mips-sgi-irix5.2
- From: Alexandre Oliva <oliva@dcc.unicamp.br>
- Date: Thu, 10 Jun 1999 05:10:05 -0300 (EST)
Native configuration is mips-sgi-irix5.2
=== g++ tests ===
Running target unix
FAIL: g++.brendan/eh1.C Execution test
FAIL: g++.eh/cleanup1.C Execution test
FAIL: g++.eh/flow1.C Execution test
FAIL: g++.eh/new1.C Execution test
FAIL: g++.eh/new2.C Execution test
FAIL: g++.eh/pdel1.C Execution test
FAIL: g++.eh/pdel2.C Execution test
FAIL: g++.eh/ptr1.C Execution test
FAIL: g++.eh/rethrow1.C Execution test
FAIL: g++.eh/rethrow2.C Execution test
FAIL: g++.eh/rethrow3.C Execution test
FAIL: g++.eh/rethrow4.C Execution test
FAIL: g++.eh/rethrow5.C Execution test
FAIL: g++.eh/spec1.C Execution test
FAIL: g++.eh/spec2.C Execution test
FAIL: g++.eh/spec3.C Execution test
FAIL: g++.eh/spec4.C Execution test
FAIL: g++.eh/tmpl1.C Execution test
FAIL: g++.eh/unwind1.C Execution test
FAIL: g++.ext/attrib5.C (test for excess errors)
FAIL: g++.martin/new1.C Execution test
FAIL: g++.mike/dyncast1.C Execution test
FAIL: g++.mike/dyncast2.C Execution test
FAIL: g++.mike/eh10.C Execution test
FAIL: g++.mike/eh12.C Execution test
FAIL: g++.mike/eh14.C Execution test
FAIL: g++.mike/eh16.C Execution test
FAIL: g++.mike/eh17.C Execution test
FAIL: g++.mike/eh18.C Execution test
FAIL: g++.mike/eh2.C Execution test
FAIL: g++.mike/eh21.C Execution test
FAIL: g++.mike/eh23.C Execution test
FAIL: g++.mike/eh24.C Execution test
FAIL: g++.mike/eh25.C Execution test
FAIL: g++.mike/eh26.C Execution test
FAIL: g++.mike/eh27.C Execution test
FAIL: g++.mike/eh28.C Execution test
FAIL: g++.mike/eh29.C Execution test
FAIL: g++.mike/eh3.C Execution test
FAIL: g++.mike/eh31.C Execution test
FAIL: g++.mike/eh33.C Execution test
FAIL: g++.mike/eh34.C Execution test
FAIL: g++.mike/eh35.C Execution test
FAIL: g++.mike/eh36.C Execution test
FAIL: g++.mike/eh37.C Execution test
FAIL: g++.mike/eh38.C Execution test
FAIL: g++.mike/eh39.C Execution test
FAIL: g++.mike/eh40.C Execution test
FAIL: g++.mike/eh41.C Execution test
FAIL: g++.mike/eh42.C Execution test
FAIL: g++.mike/eh44.C Execution test
FAIL: g++.mike/eh47.C Execution test
FAIL: g++.mike/eh48.C Execution test
FAIL: g++.mike/eh49.C Execution test
FAIL: g++.mike/eh5.C Execution test
FAIL: g++.mike/eh50.C Execution test
FAIL: g++.mike/eh51.C Execution test
FAIL: g++.mike/eh55.C Execution test
FAIL: g++.mike/eh6.C Execution test
FAIL: g++.mike/eh8.C Execution test
FAIL: g++.mike/p7912.C Execution test
FAIL: g++.mike/p9706.C Execution test
FAIL: g++.other/array1.C Execution test
FAIL: g++.other/init7.C Execution test
FAIL: g++.other/new3.C Execution test
FAIL: g++.other/singleton.C Execution test
XPASS: g++.pt/instantiate6.C (test for excess errors)
FAIL: g++.pt/static3.C (test for excess errors)
FAIL: g++.pt/static6.C (test for excess errors)
FAIL: g++.robertl/eb31.C Execution test
FAIL: g++.robertl/eb50.C Execution test
FAIL: g++.robertl/eb66.C Execution test
FAIL: g++.robertl/eb88.C Execution test
=== g++ Summary ===
# of expected passes 5097
# of unexpected failures 72
# of unexpected successes 1
# of expected failures 85
# of untested testcases 11
/tmp/egcs/gcc/testsuite/../xgcc version gcc-2.95 19990608 (prerelease)
=== g77 tests ===
Running target unix
=== g77 Summary ===
# of expected passes 602
=== gcc tests ===
Running target unix
FAIL: gcc.c-torture/execute/990513-1.c execution, -O2
FAIL: gcc.c-torture/execute/990513-1.c execution, -O3 -fomit-frame-pointer
FAIL: gcc.c-torture/execute/990513-1.c execution, -O3 -fomit-frame-pointer -funroll-loops
FAIL: gcc.c-torture/execute/990513-1.c execution, -O3 -fomit-frame-pointer -funroll-all-loops -finline-functions
FAIL: gcc.c-torture/execute/990513-1.c execution, -O3 -g
FAIL: gcc.c-torture/execute/990513-1.c execution, -Os
XPASS: gcc.c-torture/execute/memcheck/blkarg.c execution, -O0
XPASS: gcc.c-torture/execute/memcheck/blkarg.c execution, -O1
XPASS: gcc.c-torture/execute/memcheck/blkarg.c execution, -O2
XPASS: gcc.c-torture/execute/memcheck/blkarg.c execution, -Os
FAIL: gcc.dg/990119-1.c execution test
FAIL: gcc.dg/cast-qual-1.c discarding `const' warning (test for bogus messages, line 11)
FAIL: gcc.dg/cast-qual-1.c discarding `const' warning (test for warnings, line 17)
FAIL: gcc.dg/compare1.c (test for excess errors)
FAIL: gcc.dg/special/weak-1.c (test for excess errors)
FAIL: gcc.dg/special/weak-1.c execution test
FAIL: gcc.dg/special/weak-2.c (test for excess errors)
FAIL: gcc.dg/special/weak-2.c execution test
FAIL: gcc.dg/special/alias-1.c (test for excess errors)
FAIL: gcc.dg/special/wkali-1.c (test for excess errors)
FAIL: wkali-2a.o
=== gcc Summary ===
# of expected passes 8104
# of unexpected failures 17
# of unexpected successes 4
# of expected failures 27
# of unsupported tests 25
/tmp/egcs/gcc/xgcc version gcc-2.95 19990608 (prerelease)
=== libg++ tests ===
Running target unix
=== libg++ Summary ===
# of expected passes 72
=== libio tests ===
Running target unix
=== libio Summary ===
# of expected passes 40
=== libstdc++ tests ===
Running target unix
=== libstdc++ Summary ===
# of expected passes 30
=== objc tests ===
Running target unix
=== objc Summary ===
# of expected passes 38
/tmp/egcs/gcc/xgcc version gcc-2.95 19990608 (prerelease)
Compiler version: gcc-2.95 19990608 (prerelease)
Platform: mips-sgi-irix5.2
BOOT_CFLAGS: -g -O9 -W -Wall
Counting all warnings,
there are 177 warnings in stage3 of this bootstrap.
Number of warnings per file:
12 /home/phd/oliva/src/egcs/gcc/java/lex.c
10 /home/phd/oliva/src/egcs/gcc/varasm.c
10 /home/phd/oliva/src/egcs/gcc/integrate.c
10 /home/phd/oliva/src/egcs/gcc/cse.c
8 /home/phd/oliva/src/egcs/gcc/config/mips/mips.c
7 /home/phd/oliva/src/egcs/gcc/reload1.c
7 /home/phd/oliva/src/egcs/gcc/combine.c
7 /home/phd/oliva/src/egcs/gcc/calls.c
6 cxxmain.c
6 /home/phd/oliva/src/egcs/gcc/unroll.c
6 /home/phd/oliva/src/egcs/gcc/reload.c
6 /home/phd/oliva/src/egcs/gcc/objc/objc-act.c
6 /home/phd/oliva/src/egcs/gcc/loop.c
6 ./parse.y
5 /home/phd/oliva/src/egcs/gcc/sdbout.c
4 cexp.y
4 /home/phd/oliva/src/egcs/gcc/tlink.c
4 /home/phd/oliva/src/egcs/gcc/final.c
3 /home/phd/oliva/src/egcs/gcc/regmove.c
3 /home/phd/oliva/src/egcs/gcc/java/verify.c
3 /home/phd/oliva/src/egcs/gcc/genopinit.c
3 /home/phd/oliva/src/egcs/gcc/expr.c
3 /home/phd/oliva/src/egcs/gcc/cccp.c
2 insn-emit.c
2 insn-attrtab.c
2 /home/phd/oliva/src/egcs/gcc/sched.c
2 /home/phd/oliva/src/egcs/gcc/local-alloc.c
2 /home/phd/oliva/src/egcs/gcc/java/expr.c
2 /home/phd/oliva/src/egcs/gcc/fold-const.c
2 /home/phd/oliva/src/egcs/gcc/fix-header.c
2 /home/phd/oliva/src/egcs/gcc/dbxout.c
2 /home/phd/oliva/src/egcs/gcc/alias.c
1 splay-tree.c
1 /home/phd/oliva/src/egcs/gcc/tree.c
1 /home/phd/oliva/src/egcs/gcc/stupid.c
1 /home/phd/oliva/src/egcs/gcc/stmt.c
1 /home/phd/oliva/src/egcs/gcc/scan-decls.c
1 /home/phd/oliva/src/egcs/gcc/rtl.c
1 /home/phd/oliva/src/egcs/gcc/regclass.c
1 /home/phd/oliva/src/egcs/gcc/java/jcf-write.c
1 /home/phd/oliva/src/egcs/gcc/java/jcf-dump.c
1 /home/phd/oliva/src/egcs/gcc/java/class.c
1 /home/phd/oliva/src/egcs/gcc/hash.c
1 /home/phd/oliva/src/egcs/gcc/f/g77spec.c
1 /home/phd/oliva/src/egcs/gcc/f/com.c
1 /home/phd/oliva/src/egcs/gcc/explow.c
1 /home/phd/oliva/src/egcs/gcc/emit-rtl.c
1 /home/phd/oliva/src/egcs/gcc/cppspec.c
1 /home/phd/oliva/src/egcs/gcc/cp/expr.c
1 /home/phd/oliva/src/egcs/gcc/cp/decl.c
1 /home/phd/oliva/src/egcs/gcc/collect2.c
1 /home/phd/oliva/src/egcs/gcc/ch/expr.c
Number of warning types:
67 `???' might be used uninitialized in this function
47 comparison between signed and unsigned
40 unused parameter `???'
13 variable `???' might be clobbered by `longjmp' or `vfork'
4 control reaches end of non-void function
3 unused variable `???'
2 assignment discards qualifiers from pointer target type
1 implicit declaration of function `???'