This is the mail archive of the
egcs-testresults@egcs.cygnus.com
mailing list for the EGCS project.
Results for gcc-2.95 19990602 (prerelease) testsuite on i586-pc-linux-gnu
- To: egcs-testresults@egcs.cygnus.com
- Subject: Results for gcc-2.95 19990602 (prerelease) testsuite on i586-pc-linux-gnu
- From: Nix <nix-egcs@esperi.demon.co.uk>
- Date: Thu, 3 Jun 1999 15:56:11 +0100 (BST)
Sources: - egcs mainline from CVS last updated at Wed Jun 02 19:48:41 1999; official snapshot tagged as egcs_ss_19990602
- libg++-2.8.1.2a-19981217
Patches: None.
Environment: - GNU binutils 2.9.1.0.25
- autoconf-990306
- automake-990306
- dejagnu-19981026
- gperf-2.7 with gperf-2.7-19981006 patch for -F
- bison-1.27
- Linux kernel 2.2.9 (compiled by egcs-2.91.66)
- glibc 2.1.1 (compiled by egcs-2.91.66)
Remarks: Thanks to Jeff Law's recent diagnosis of the Bison
backward-compatibility problem I can actually run
tests again. To be different I'm doing them on the
mainline because the gcc-2.95 branch seems to have lots
of regression testers for this platform already.
The warning counts have dropped drastically in the
couple of months I've been out of the loop;
impressive.
configure flags: --with-gnu-ld --with-gnu-as --prefix=/usr/packages.bin/egcs/snapshot --enable-shared --disable-haifa
BOOT_CC: egcs-2.91.66
BOOT_CFLAGS:
CFLAGS:
CXXFLAGS:
Native configuration is i586-pc-linux-gnu
=== libio tests ===
Running target unix
=== libio Summary ===
# of expected passes 40
=== libstdc++ tests ===
Running target unix
=== libstdc++ Summary ===
# of expected passes 30
=== libg++ tests ===
Running target unix
=== libg++ Summary ===
# of expected passes 72
=== gcc tests ===
Running target unix
FAIL: gcc.dg/990119-1.c execution test
FAIL: gcc.dg/cast-qual-1.c discarding \`const' warning (test for bogus messages, line 11)
FAIL: gcc.dg/cast-qual-1.c discarding \`const' warning (test for warnings, line 17)
FAIL: gcc.dg/compare1.c (test for excess errors)
FAIL: gcc.dg/special/weak-1.c execution test
=== gcc Summary ===
# of expected passes 8139
# of unexpected failures 5
# of expected failures 38
# of unsupported tests 13
/usr/.egcs-snapshot/i586-pc-linux-gnu/gcc/xgcc version gcc-2.95 19990602 (prerelease)
=== g++ tests ===
Running target unix
FAIL: g++.dg/special/conpr-1.C execution test
FAIL: g++.dg/special/conpr-2.C execution test
FAIL: g++.dg/special/conpr-3.C execution test
FAIL: g++.dg/special/conpr-3.C execution test
=== g++ Summary ===
# of expected passes 5176
# of unexpected failures 4
# of expected failures 81
# of untested testcases 7
/usr/.egcs-snapshot/i586-pc-linux-gnu/gcc/testsuite/../xgcc version gcc-2.95 19990602 (prerelease)
=== g77 tests ===
Running target unix
=== g77 Summary ===
# of expected passes 604
=== objc tests ===
Running target unix
=== objc Summary ===
# of expected passes 38
/usr/.egcs-snapshot/i586-pc-linux-gnu/gcc/xgcc version gcc-2.95 19990602 (prerelease)
Compiler version: haifa-disabled gcc-2.95 19990602 (prerelease)
Platform: i586-pc-linux-gnu
configure flags: --with-gcc-version-trigger=/usr/packages/egcs/egcs/snapshot/egcs/gcc/version.c --host=i586-pc-linux-gnu --with-gnu-ld --with-gnu-as --prefix=/usr/packages.bin/egcs/snapshot --enable-shared --disable-haifa --norecursion
Counting all warnings,
there are 13 warnings in stage3 of this bootstrap.
Number of warnings per file:
9 ../../egcs/gcc/toplev.c
2 cxxmain.c
1 ../../egcs/gcc/reload1.c
1 ../../../egcs/gcc/f/com.c
Number of warning types:
9 initialization from incompatible pointer type
2 assignment discards qualifiers from pointer target type
1 unused parameter `???'
1 passing arg ??? of `???' from incompatible pointer type
Counting all warnings,
there are 8 warnings in stage0 of this bootstrap.
Number of warnings per file:
4 ../../../../egcs/libg++/src/Fix16.cc
4 ../../../../egcs/libg++/src/AllocRing.cc
Number of warning types:
4 integer overflow in expression
4 `???' is not a pointer-to-object type
Counting non-subdirectory warnings,
there are 12 warnings in stage3 of this bootstrap.
Number of warnings per file:
9 ../../egcs/gcc/toplev.c
2 cxxmain.c
1 ../../egcs/gcc/reload1.c
Number of warning types:
9 initialization from incompatible pointer type
2 assignment discards qualifiers from pointer target type
1 passing arg ??? of `???' from incompatible pointer type