This is the mail archive of the egcs-testresults@egcs.cygnus.com mailing list for the EGCS project. See the EGCS home page for more information.
Index Nav: | [Date Index] [Subject Index] [Author Index] [Thread Index] | |
---|---|---|
Message Nav: | [Date Prev] [Date Next] | [Thread Prev] [Thread Next] |
Target is mips-sgi-irix6.2/-mabi=64 Host is mips-sgi-irix6.5 === gcc tests === Running target unix FAIL: gcc.c-torture/compile/920501-4.c, -O1 FAIL: gcc.c-torture/execute/complex-5.c execution, -O0 FAIL: gcc.c-torture/execute/complex-5.c execution, -O1 FAIL: gcc.c-torture/execute/complex-5.c execution, -O2 FAIL: gcc.c-torture/execute/complex-5.c execution, -O3 -fomit-frame-pointer FAIL: gcc.c-torture/execute/complex-5.c execution, -O3 -g FAIL: gcc.c-torture/execute/complex-5.c execution, -Os XPASS: gcc.c-torture/execute/memcheck/blkarg.c execution, -O0 XPASS: gcc.c-torture/execute/memcheck/blkarg.c execution, -O1 XPASS: gcc.c-torture/execute/memcheck/blkarg.c execution, -O2 XPASS: gcc.c-torture/execute/memcheck/blkarg.c execution, -Os FAIL: gcc.dg/990119-1.c (test for excess errors) FAIL: gcc.dg/990119-1.c execution test FAIL: gcc.dg/990407-1.c (test for excess errors) FAIL: gcc.dg/990409-1.c (test for excess errors) FAIL: gcc.dg/990413-1.c (test for excess errors) FAIL: gcc.dg/special/weak-1.c (test for excess errors) FAIL: gcc.dg/special/weak-2.c (test for excess errors) FAIL: gcc.dg/special/alias-1.c (test for excess errors) FAIL: gcc.dg/special/wkali-1.c (test for excess errors) FAIL: wkali-2b.o === gcc Summary === # of expected passes 8028 # of unexpected failures 17 # of unexpected successes 4 # of expected failures 21 # of unsupported tests 25 /exd4/billingd/tmp/egcs-19990428/bin/gcc version egcs-2.93.20 19990427 (gcc2 ss-980929 experimental) Host is mips-sgi-irix6.5 === g77 tests === Running target unix FAIL: g77.f-torture/compile/980419-2.f, -O0 FAIL: g77.f-torture/compile/980419-2.f, -O1 FAIL: g77.f-torture/compile/980419-2.f, -O2 FAIL: g77.f-torture/compile/980419-2.f, -O2 -fomit-frame-pointer -finline-functions FAIL: g77.f-torture/compile/980419-2.f, -O2 -fomit-frame-pointer -finline-functions -funroll-loops FAIL: g77.f-torture/compile/980419-2.f, -O2 -fomit-frame-pointer -finline-functions -funroll-all-loops FAIL: g77.f-torture/compile/980419-2.f, -Os FAIL: g77.f-torture/execute/970816-3.f execution, -O0 FAIL: g77.f-torture/execute/970816-3.f execution, -O1 FAIL: g77.f-torture/execute/970816-3.f execution, -O2 FAIL: g77.f-torture/execute/970816-3.f execution, -O2 -fomit-frame-pointer -finline-functions FAIL: g77.f-torture/execute/970816-3.f execution, -Os FAIL: g77.f-torture/execute/971102-1.f execution, -O0 FAIL: g77.f-torture/execute/971102-1.f execution, -O1 FAIL: g77.f-torture/execute/971102-1.f execution, -O2 FAIL: g77.f-torture/execute/971102-1.f execution, -O2 -fomit-frame-pointer -finline-functions FAIL: g77.f-torture/execute/971102-1.f execution, -O2 -fomit-frame-pointer -finline-functions -funroll-loops FAIL: g77.f-torture/execute/971102-1.f execution, -O2 -fomit-frame-pointer -finline-functions -funroll-all-loops FAIL: g77.f-torture/execute/971102-1.f execution, -Os FAIL: g77.f-torture/execute/io0.f execution, -O0 FAIL: g77.f-torture/execute/io0.f execution, -O1 FAIL: g77.f-torture/execute/io0.f execution, -O2 FAIL: g77.f-torture/execute/io0.f execution, -O2 -fomit-frame-pointer -finline-functions FAIL: g77.f-torture/execute/io0.f execution, -Os FAIL: g77.f-torture/execute/io1.f compilation, -O0 FAIL: g77.f-torture/execute/io1.f execution, -O1 FAIL: g77.f-torture/execute/io1.f execution, -O2 FAIL: g77.f-torture/execute/io1.f execution, -O2 -fomit-frame-pointer -finline-functions FAIL: g77.f-torture/execute/io1.f execution, -Os FAIL: g77.f-torture/execute/u77-test.f compilation, -O0 FAIL: g77.f-torture/execute/u77-test.f compilation, -O1 FAIL: g77.f-torture/execute/u77-test.f compilation, -O2 FAIL: g77.f-torture/execute/u77-test.f compilation, -O2 -fomit-frame-pointer -finline-functions FAIL: g77.f-torture/execute/u77-test.f compilation, -O2 -fomit-frame-pointer -finline-functions -funroll-loops FAIL: g77.f-torture/execute/u77-test.f compilation, -O2 -fomit-frame-pointer -finline-functions -funroll-all-loops FAIL: g77.f-torture/execute/u77-test.f compilation, -Os === g77 Summary === # of expected passes 546 # of unexpected failures 36 # of untested testcases 8 Host is mips-sgi-irix6.5 === g++ tests === Running target unix FAIL: g++.dg/special/conpr-1.C execution test FAIL: g++.dg/special/conpr-2.C execution test FAIL: g++.dg/special/conpr-3.C execution test FAIL: g++.dg/special/conpr-3.C execution test FAIL: g++.benjamin/p12475.C , (test for warnings, line 5) FAIL: g++.brendan/nest21.C (test for excess errors) FAIL: g++.gb/sig19.C (test for excess errors) FAIL: g++.gb/sig21.C (test for excess errors) FAIL: g++.gb/sig30.C (test for excess errors) FAIL: g++.jason/synth5.C (test for excess errors) FAIL: g++.jason/template31.C (test for excess errors) FAIL: g++.jason/thunk1.C (test for excess errors) FAIL: g++.law/operators8.C (test for excess errors) FAIL: g++.mike/dyncast5.C (test for excess errors) FAIL: g++.mike/net21.C (test for excess errors) FAIL: g++.mike/p1248.C (test for excess errors) FAIL: g++.mike/p3041.C (test for excess errors) FAIL: g++.mike/p3139.C (test for excess errors) FAIL: g++.mike/p4511.C (test for excess errors) FAIL: g++.mike/p5571.C (test for excess errors) FAIL: g++.mike/p6610a.C (test for excess errors) FAIL: g++.mike/p6610b.C (test for excess errors) FAIL: g++.mike/rtti3.C (test for excess errors) FAIL: g++.mike/virt4.C (test for excess errors) FAIL: g++.mike/virt5.C (test for excess errors) FAIL: g++.other/delete3.C (test for excess errors) FAIL: g++.other/null1.C (test for excess errors) XPASS: g++.pt/instantiate6.C (test for excess errors) FAIL: g++.pt/mi1.C (test for excess errors) FAIL: g++.pt/spec3.C (test for excess errors) FAIL: g++.robertl/eb44.C (test for excess errors) === g++ Summary === # of expected passes 5088 # of unexpected failures 30 # of unexpected successes 1 # of expected failures 81 # of untested testcases 17 /exd4/billingd/tmp/egcs-19990428/bin/g++ version egcs-2.93.20 19990427 (gcc2 ss-980929 experimental) Compiler version: haifa-enabled egcs-2.93.20 19990427 (gcc2 ss-980929 experimental) Platform: mips-sgi-irix6.2/-mabi configure flags: --with-gcc-version-trigger=/exd4/billingd/src/egcs-19990428/gcc/version.c --host=mips-sgi-irix6.5 --enable-shared --enable-haifa --prefix=/exd4/billingd/tmp/egcs-19990428 --norecursion