This is the mail archive of the egcs-testresults@egcs.cygnus.com mailing list for the EGCS project. See the EGCS home page for more information.
Index Nav: | [Date Index] [Subject Index] [Author Index] [Thread Index] | |
---|---|---|
Message Nav: | [Date Prev] [Date Next] | [Thread Prev] [Thread Next] |
Native configuration is alphaev56-dec-osf4.0d === g++ tests === Running target unix XPASS: g++.benjamin/p12475.C (test for excess errors) FAIL: g++.brendan/eh1.C Execution test FAIL: g++.eh/cleanup1.C Execution test FAIL: g++.eh/flow1.C Execution test FAIL: g++.eh/new1.C Execution test FAIL: g++.eh/new2.C Execution test FAIL: g++.eh/pdel1.C Execution test FAIL: g++.eh/pdel2.C Execution test FAIL: g++.eh/ptr1.C Execution test FAIL: g++.eh/rethrow1.C Execution test FAIL: g++.eh/rethrow2.C Execution test FAIL: g++.eh/rethrow3.C Execution test FAIL: g++.eh/rethrow4.C Execution test FAIL: g++.eh/rethrow5.C Execution test FAIL: g++.eh/spec1.C Execution test FAIL: g++.eh/spec2.C Execution test FAIL: g++.eh/spec3.C Execution test FAIL: g++.eh/tmpl1.C Execution test FAIL: g++.eh/unwind1.C Execution test FAIL: g++.gb/sig19.C (test for excess errors) FAIL: g++.gb/sig21.C (test for excess errors) FAIL: g++.jason/thunk2.C (test for excess errors) XPASS: g++.jason/thunk3.C (test for excess errors) XPASS: g++.jason/thunk3.C Execution test FAIL: g++.law/operators8.C (test for excess errors) XPASS: g++.law/profile1.C (test for excess errors) XPASS: g++.law/profile1.C Execution test FAIL: g++.martin/new1.C Execution test FAIL: g++.mike/dyncast1.C Execution test FAIL: g++.mike/dyncast2.C Execution test FAIL: g++.mike/dyncast5.C (test for excess errors) FAIL: g++.mike/eh10.C Execution test FAIL: g++.mike/eh12.C Execution test FAIL: g++.mike/eh14.C Execution test FAIL: g++.mike/eh16.C Execution test FAIL: g++.mike/eh17.C Execution test FAIL: g++.mike/eh18.C Execution test FAIL: g++.mike/eh2.C Execution test FAIL: g++.mike/eh21.C Execution test FAIL: g++.mike/eh24.C Execution test FAIL: g++.mike/eh25.C Execution test FAIL: g++.mike/eh26.C Execution test FAIL: g++.mike/eh27.C Execution test FAIL: g++.mike/eh28.C Execution test FAIL: g++.mike/eh29.C Execution test FAIL: g++.mike/eh3.C Execution test FAIL: g++.mike/eh31.C Execution test FAIL: g++.mike/eh33.C Execution test FAIL: g++.mike/eh34.C Execution test FAIL: g++.mike/eh35.C Execution test FAIL: g++.mike/eh36.C Execution test FAIL: g++.mike/eh37.C Execution test FAIL: g++.mike/eh38.C Execution test FAIL: g++.mike/eh39.C Execution test FAIL: g++.mike/eh40.C Execution test FAIL: g++.mike/eh41.C Execution test FAIL: g++.mike/eh42.C Execution test FAIL: g++.mike/eh44.C Execution test FAIL: g++.mike/eh47.C Execution test FAIL: g++.mike/eh48.C Execution test FAIL: g++.mike/eh49.C Execution test FAIL: g++.mike/eh5.C Execution test FAIL: g++.mike/eh50.C Execution test FAIL: g++.mike/eh51.C Execution test FAIL: g++.mike/eh6.C Execution test FAIL: g++.mike/eh8.C Execution test FAIL: g++.mike/net21.C (test for excess errors) FAIL: g++.mike/p1248.C (test for excess errors) FAIL: g++.mike/p3139.C (test for excess errors) FAIL: g++.mike/p5571.C (test for excess errors) FAIL: g++.mike/p7912.C Execution test FAIL: g++.mike/p9706.C Execution test FAIL: g++.mike/rtti3.C (test for excess errors) FAIL: g++.mike/virt5.C (test for excess errors) FAIL: g++.other/array1.C Execution test FAIL: g++.other/delete3.C (test for excess errors) FAIL: g++.other/init7.C Execution test FAIL: g++.other/null1.C (test for excess errors) FAIL: g++.other/singleton.C Execution test XPASS: g++.pt/instantiate6.C (test for excess errors) FAIL: g++.pt/mi1.C (test for excess errors) FAIL: g++.pt/static3.C (test for excess errors) FAIL: g++.pt/static6.C (test for excess errors) FAIL: g++.robertl/eb31.C Execution test FAIL: g++.robertl/eb50.C Execution test FAIL: g++.robertl/eb66.C Execution test FAIL: g++.robertl/eb88.C Execution test === g++ Summary === # of expected passes 5029 # of unexpected failures 81 # of unexpected successes 6 # of expected failures 93 # of untested testcases 11 /usr/local/tmp/egcs/gcc/testsuite/../xgcc version egcs-2.93.20 19990427 (gcc2 ss-980929 experimental) === g77 tests === Running target unix FAIL: g77.f-torture/execute/u77-test.f execution, -O0 FAIL: g77.f-torture/execute/u77-test.f execution, -O1 FAIL: g77.f-torture/execute/u77-test.f execution, -O2 FAIL: g77.f-torture/execute/u77-test.f execution, -O2 -fomit-frame-pointer -finline-functions FAIL: g77.f-torture/execute/u77-test.f execution, -O2 -fomit-frame-pointer -finline-functions -funroll-loops FAIL: g77.f-torture/execute/u77-test.f execution, -O2 -fomit-frame-pointer -finline-functions -funroll-all-loops FAIL: g77.f-torture/execute/u77-test.f execution, -Os === g77 Summary === # of expected passes 583 # of unexpected failures 7 === gcc tests === Running target unix FAIL: gcc.c-torture/execute/complex-5.c execution, -O0 FAIL: gcc.c-torture/execute/complex-5.c execution, -O1 FAIL: gcc.c-torture/execute/complex-5.c execution, -O2 FAIL: gcc.c-torture/execute/complex-5.c execution, -O3 -fomit-frame-pointer FAIL: gcc.c-torture/execute/complex-5.c execution, -O3 -g FAIL: gcc.c-torture/execute/complex-5.c execution, -Os FAIL: gcc.c-torture/execute/ieee/mzero2.c execution, -O0 FAIL: gcc.c-torture/execute/ieee/mzero2.c execution, -O1 FAIL: gcc.c-torture/execute/ieee/mzero2.c execution, -O2 FAIL: gcc.c-torture/execute/ieee/mzero2.c execution, -O3 -fomit-frame-pointer FAIL: gcc.c-torture/execute/ieee/mzero2.c execution, -O3 -g FAIL: gcc.c-torture/execute/ieee/mzero2.c execution, -Os XPASS: gcc.c-torture/execute/memcheck/blkarg.c execution, -O0 XPASS: gcc.c-torture/execute/memcheck/blkarg.c execution, -O1 XPASS: gcc.c-torture/execute/memcheck/blkarg.c execution, -O2 XPASS: gcc.c-torture/execute/memcheck/blkarg.c execution, -Os FAIL: gcc.dg/990119-1.c execution test FAIL: gcc.dg/special/weak-1.c (test for excess errors) FAIL: gcc.dg/special/weak-2.c (test for excess errors) FAIL: gcc.dg/special/alias-1.c (test for excess errors) FAIL: gcc.dg/special/wkali-1.c (test for excess errors) FAIL: wkali-2a.o === gcc Summary === # of expected passes 8053 # of unexpected failures 18 # of unexpected successes 4 # of expected failures 27 # of unsupported tests 24 /usr/local/tmp/egcs/gcc/xgcc version egcs-2.93.20 19990427 (gcc2 ss-980929 experimental) === libg++ tests === Running target unix === libg++ Summary === # of expected passes 72 === libio tests === Running target unix === libio Summary === # of expected passes 40 === libstdc++ tests === Running target unix === libstdc++ Summary === # of expected passes 30 === objc tests === Running target unix FAIL: objc/execute/bf-1.m compilation, -O FAIL: objc/execute/bf-10.m compilation, -O FAIL: objc/execute/bf-11.m compilation, -O FAIL: objc/execute/bf-12.m compilation, -O FAIL: objc/execute/bf-13.m compilation, -O FAIL: objc/execute/bf-14.m compilation, -O FAIL: objc/execute/bf-15.m compilation, -O FAIL: objc/execute/bf-16.m compilation, -O FAIL: objc/execute/bf-17.m compilation, -O FAIL: objc/execute/bf-18.m compilation, -O FAIL: objc/execute/bf-19.m compilation, -O FAIL: objc/execute/bf-2.m compilation, -O FAIL: objc/execute/bf-3.m compilation, -O FAIL: objc/execute/bf-4.m compilation, -O FAIL: objc/execute/bf-5.m compilation, -O FAIL: objc/execute/bf-6.m compilation, -O FAIL: objc/execute/bf-7.m compilation, -O FAIL: objc/execute/bf-8.m compilation, -O FAIL: objc/execute/bf-9.m compilation, -O === objc Summary === # of unexpected failures 19 # of untested testcases 19 /usr/local/tmp/egcs/gcc/xgcc version egcs-2.93.20 19990427 (gcc2 ss-980929 experimental) Compiler version: egcs-2.93.20 19990427 (gcc2 ss-980929 experimental) Platform: alphaev56-dec-osf4.0d BOOT_CFLAGS: -g -O9 -W -Wall Counting all warnings, there are 198 warnings in stage3 of this bootstrap. Number of warnings per file: 16 insn-emit.c 12 /home/msc/oliva/src/egcs/gcc/java/lex.c 11 /home/msc/oliva/src/egcs/gcc/reload1.c 10 /home/msc/oliva/src/egcs/gcc/integrate.c 9 /home/msc/oliva/src/egcs/gcc/cse.c 9 ./parse.y 8 /home/msc/oliva/src/egcs/gcc/reload.c 7 /home/msc/oliva/src/egcs/gcc/combine.c 6 /home/msc/oliva/src/egcs/gcc/varasm.c 6 /home/msc/oliva/src/egcs/gcc/unroll.c 6 /home/msc/oliva/src/egcs/gcc/objc/objc-act.c 6 /home/msc/oliva/src/egcs/gcc/loop.c 6 /home/msc/oliva/src/egcs/gcc/java/jcf-reader.c 6 /home/msc/oliva/src/egcs/gcc/java/expr.c 5 /home/msc/oliva/src/egcs/gcc/calls.c 4 cxxmain.c 4 cexp.y 4 /home/msc/oliva/src/egcs/gcc/tlink.c 4 /home/msc/oliva/src/egcs/gcc/sdbout.c 4 /home/msc/oliva/src/egcs/gcc/regmove.c 4 /home/msc/oliva/src/egcs/gcc/final.c 3 /home/msc/oliva/src/egcs/gcc/java/verify.c 3 /home/msc/oliva/src/egcs/gcc/genopinit.c 3 /home/msc/oliva/src/egcs/gcc/cccp.c 2 /home/msc/oliva/src/egcs/gcc/mips-tfile.c 2 /home/msc/oliva/src/egcs/gcc/local-alloc.c 2 /home/msc/oliva/src/egcs/gcc/java/xref.c 2 /home/msc/oliva/src/egcs/gcc/java/lex.h 2 /home/msc/oliva/src/egcs/gcc/java/gjavah.c 2 /home/msc/oliva/src/egcs/gcc/java/class.c 2 /home/msc/oliva/src/egcs/gcc/java/../hwint.h 2 /home/msc/oliva/src/egcs/gcc/fold-const.c 2 /home/msc/oliva/src/egcs/gcc/fix-header.c 2 /home/msc/oliva/src/egcs/gcc/dbxout.c 2 /home/msc/oliva/src/egcs/gcc/config/alpha/alpha.c 1 splay-tree.c 1 insn-recog.c 1 /home/msc/oliva/src/egcs/gcc/tree.c 1 /home/msc/oliva/src/egcs/gcc/stupid.c 1 /home/msc/oliva/src/egcs/gcc/stmt.c 1 /home/msc/oliva/src/egcs/gcc/scan-decls.c 1 /home/msc/oliva/src/egcs/gcc/rtl.c 1 /home/msc/oliva/src/egcs/gcc/regclass.c 1 /home/msc/oliva/src/egcs/gcc/mips-tdump.c 1 /home/msc/oliva/src/egcs/gcc/java/jcf-write.c 1 /home/msc/oliva/src/egcs/gcc/java/jcf-io.c 1 /home/msc/oliva/src/egcs/gcc/java/jcf-dump.c 1 /home/msc/oliva/src/egcs/gcc/java/javaop.def 1 /home/msc/oliva/src/egcs/gcc/java/decl.c 1 /home/msc/oliva/src/egcs/gcc/hash.c 1 /home/msc/oliva/src/egcs/gcc/f/g77spec.c 1 /home/msc/oliva/src/egcs/gcc/f/com.c 1 /home/msc/oliva/src/egcs/gcc/expr.c 1 /home/msc/oliva/src/egcs/gcc/cp/decl.c 1 /home/msc/oliva/src/egcs/gcc/collect2.c Number of warning types: 71 `???' might be used uninitialized in this function 42 unused parameter `???' 41 comparison between signed and unsigned 19 unused variable `???' 12 variable `???' might be clobbered by `longjmp' or `vfork' 3 control reaches end of non-void function 2 this is the location of the previous definition 2 missing initializer 2 `???' redefined 2 (near initialization for `???') 1 static declaration for `???' follows non-static 1 implicit declaration of function `???'