This is the mail archive of the egcs-testresults@egcs.cygnus.com mailing list for the EGCS project. See the EGCS home page for more information.
Index Nav: | [Date Index] [Subject Index] [Author Index] [Thread Index] | |
---|---|---|
Message Nav: | [Date Prev] [Date Next] | [Thread Prev] [Thread Next] |
Native configuration is mips-sgi-irix6.5 === objc tests === Running target unix === objc Summary === # of expected passes 38 /wrk1/aerotherm/dawes/src/gnu/egcs-19990418/i6/gcc/xgcc version egcs-2.93.20 19990427 (gcc2 ss-980929 experimental) === g77 tests === Running target unix === g77 Summary === # of expected passes 590 === g++ tests === Running target unix FAIL: g++.dg/special/conpr-1.C execution test FAIL: g++.dg/special/conpr-2.C execution test FAIL: g++.dg/special/conpr-3.C execution test FAIL: g++.dg/special/conpr-3.C execution test XPASS: g++.pt/instantiate6.C (test for excess errors) === g++ Summary === # of expected passes 5121 # of unexpected failures 4 # of unexpected successes 1 # of expected failures 83 # of untested testcases 11 ../803/bin/g++ version egcs-2.93.20 19990427 (gcc2 ss-980929 experimental) === libstdc++ tests === Running target unix === libstdc++ Summary === # of expected passes 30 === libio tests === Running target unix === libio Summary === # of expected passes 40 Compiler version: egcs-2.93.20 19990427 (gcc2 ss-980929 experimental) Platform: mips-sgi-irix6.5 configure flags: --with-gcc-version-trigger=/wrk1/aerotherm/dawes/src/gnu/egcs-19990418/gcc/version.c --host=mips-sgi-irix6.5 --prefix=/wrk1/aerotherm/dawes/src/gnu/803 --norecursion EOF Mail -s "Results for egcs-2.93.20 19990427 (gcc2 ss-980929 experimental) testsuite on mips-sgi-irix6.5" egcs-testresults@egcs.cygnus.com &&