This is the mail archive of the egcs-testresults@egcs.cygnus.com mailing list for the EGCS project. See the EGCS home page for more information.
Index Nav: | [Date Index] [Subject Index] [Author Index] [Thread Index] | |
---|---|---|
Message Nav: | [Date Prev] [Date Next] | [Thread Prev] [Thread Next] |
Native configuration is alpha-redhat-linux-gnu === libio tests === Running target unix === libio Summary === # of expected passes 40 === libstdc++ tests === Running target unix === libstdc++ Summary === # of expected passes 30 === gcc tests === Running target unix FAIL: gcc.c-torture/execute/complex-5.c execution, -O0 FAIL: gcc.c-torture/execute/complex-5.c execution, -O1 FAIL: gcc.c-torture/execute/complex-5.c execution, -O2 FAIL: gcc.c-torture/execute/complex-5.c execution, -O3 -fomit-frame-pointer FAIL: gcc.c-torture/execute/complex-5.c execution, -O3 -g FAIL: gcc.c-torture/execute/complex-5.c execution, -Os FAIL: gcc.c-torture/execute/ieee/mzero2.c execution, -O0 FAIL: gcc.c-torture/execute/ieee/mzero2.c execution, -O1 FAIL: gcc.c-torture/execute/ieee/mzero2.c execution, -O2 FAIL: gcc.c-torture/execute/ieee/mzero2.c execution, -O3 -fomit-frame-pointer FAIL: gcc.c-torture/execute/ieee/mzero2.c execution, -O3 -g FAIL: gcc.c-torture/execute/ieee/mzero2.c execution, -Os XPASS: gcc.c-torture/execute/memcheck/blkarg.c execution, -O0 XPASS: gcc.c-torture/execute/memcheck/blkarg.c execution, -O1 XPASS: gcc.c-torture/execute/memcheck/blkarg.c execution, -O2 XPASS: gcc.c-torture/execute/memcheck/blkarg.c execution, -Os FAIL: gcc.dg/990119-1.c execution test === gcc Summary === # of expected passes 8061 # of unexpected failures 13 # of unexpected successes 4 # of expected failures 27 # of unsupported tests 25 /usr/src/redhat/BUILD/egcs/obj-alpha-linux/gcc/xgcc version egcs-2.93.20 19990427 (gcc2 ss-980929 experimental) === g++ tests === Running target unix FAIL: g++.dg/special/conpr-1.C execution test FAIL: g++.dg/special/conpr-2.C execution test FAIL: g++.dg/special/conpr-3.C execution test FAIL: g++.dg/special/conpr-3.C execution test XPASS: g++.benjamin/p12475.C (test for excess errors) XPASS: g++.jason/thunk3.C (test for excess errors) XPASS: g++.jason/thunk3.C Execution test XPASS: g++.law/profile1.C (test for excess errors) XPASS: g++.law/profile1.C Execution test FAIL: g++.other/null1.C (test for excess errors) === g++ Summary === # of expected passes 5117 # of unexpected failures 5 # of unexpected successes 5 # of expected failures 82 # of untested testcases 11 /usr/src/redhat/BUILD/egcs/obj-alpha-linux/gcc/testsuite/../xgcc version egcs-2.93.20 19990427 (gcc2 ss-980929 experimental) === g77 tests === Running target unix === g77 Summary === # of expected passes 590 === objc tests === Running target unix FAIL: objc/execute/bf-1.m compilation, -O FAIL: objc/execute/bf-10.m compilation, -O FAIL: objc/execute/bf-11.m compilation, -O FAIL: objc/execute/bf-12.m compilation, -O FAIL: objc/execute/bf-13.m compilation, -O FAIL: objc/execute/bf-14.m compilation, -O FAIL: objc/execute/bf-15.m compilation, -O FAIL: objc/execute/bf-16.m compilation, -O FAIL: objc/execute/bf-17.m compilation, -O FAIL: objc/execute/bf-18.m compilation, -O FAIL: objc/execute/bf-19.m compilation, -O FAIL: objc/execute/bf-2.m compilation, -O FAIL: objc/execute/bf-3.m compilation, -O FAIL: objc/execute/bf-4.m compilation, -O FAIL: objc/execute/bf-5.m compilation, -O FAIL: objc/execute/bf-6.m compilation, -O FAIL: objc/execute/bf-7.m compilation, -O FAIL: objc/execute/bf-8.m compilation, -O FAIL: objc/execute/bf-9.m compilation, -O === objc Summary === # of unexpected failures 19 # of untested testcases 19 /usr/src/redhat/BUILD/egcs/obj-alpha-linux/gcc/xgcc version egcs-2.93.20 19990427 (gcc2 ss-980929 experimental) Compiler version: egcs-2.93.20 19990427 (gcc2 ss-980929 experimental) Platform: alpha-redhat-linux-gnu configure flags: --with-gcc-version-trigger=/usr/src/redhat/BUILD/egcs/gcc/version.c --host=alpha-redhat-linux --prefix=/usr --enable-shared --enable-threads --norecursion Counting all warnings, there are 197 warnings in stage3 of this bootstrap. Number of warnings per file: 16 insn-emit.c 12 ../../../gcc/java/lex.c 11 ../../gcc/reload1.c 10 ../../gcc/integrate.c 9 ./parse.y 9 ../../gcc/cse.c 8 ../../gcc/reload.c 7 ../../gcc/combine.c 6 ../../gcc/varasm.c 6 ../../gcc/unroll.c 6 ../../gcc/objc/objc-act.c 6 ../../gcc/loop.c 6 ../../gcc/dwarf2out.c 6 ../../../gcc/java/jcf-reader.c 5 ../../gcc/final.c 5 ../../gcc/calls.c 5 ../../../gcc/java/expr.c 4 cxxmain.c 4 cexp.y 4 ../../gcc/tlink.c 4 ../../gcc/sdbout.c 4 ../../gcc/regmove.c 3 ../../gcc/genopinit.c 3 ../../gcc/cccp.c 3 ../../../gcc/java/verify.c 2 ../../gcc/local-alloc.c 2 ../../gcc/fold-const.c 2 ../../gcc/dbxout.c 2 ../../gcc/config/alpha/alpha.c 2 ../../../gcc/java/xref.c 2 ../../../gcc/java/lex.h 2 ../../../gcc/java/gjavah.c 2 ../../../gcc/java/class.c 2 ../../../gcc/java/../hwint.h 1 splay-tree.c 1 insn-recog.c 1 ../../gcc/tree.c 1 ../../gcc/stupid.c 1 ../../gcc/stmt.c 1 ../../gcc/rtl.c 1 ../../gcc/regclass.c 1 ../../gcc/hash.c 1 ../../gcc/gcov-io.h 1 ../../gcc/f/g77spec.c 1 ../../gcc/expr.c 1 ../../gcc/collect2.c 1 ../../../gcc/java/jcf-io.c 1 ../../../gcc/java/javaop.def 1 ../../../gcc/java/decl.c 1 ../../../gcc/f/com.c 1 ../../../gcc/cp/decl.c Number of warning types: 70 `???' might be used uninitialized in this function 43 unused parameter `???' 43 comparison between signed and unsigned 19 unused variable `???' 12 variable `???' might be clobbered by `longjmp' or `vfork' 2 this is the location of the previous definition 2 implicit declaration of function `???' 2 `???' redefined 1 missing initializer 1 `???' defined but not used 1 ??? format, ??? arg (arg ???) 1 (near initialization for `???')