This is the mail archive of the egcs-testresults@egcs.cygnus.com mailing list for the EGCS project. See the EGCS home page for more information.
Index Nav: | [Date Index] [Subject Index] [Author Index] [Thread Index] | |
---|---|---|
Message Nav: | [Date Prev] [Date Next] | [Thread Prev] [Thread Next] |
Native configuration is alpha-redhat-linux-gnu === libio tests === Running target unix === libio Summary === # of expected passes 40 === libstdc++ tests === Running target unix === libstdc++ Summary === # of expected passes 30 === gcc tests === Running target unix FAIL: gcc.c-torture/compile/950816-2.c, -O1 FAIL: gcc.c-torture/compile/950816-2.c, -O2 FAIL: gcc.c-torture/compile/950816-2.c, -O3 -fomit-frame-pointer FAIL: gcc.c-torture/compile/950816-2.c, -O3 -g FAIL: gcc.c-torture/compile/950816-2.c, -Os FAIL: gcc.c-torture/execute/990130-1.c compilation, -O0 FAIL: gcc.c-torture/execute/990130-1.c compilation, -O1 FAIL: gcc.c-torture/execute/990130-1.c compilation, -O2 FAIL: gcc.c-torture/execute/990130-1.c compilation, -O3 -fomit-frame-pointer FAIL: gcc.c-torture/execute/990130-1.c compilation, -O3 -g FAIL: gcc.c-torture/execute/990130-1.c compilation, -Os FAIL: gcc.c-torture/execute/complex-5.c execution, -O0 FAIL: gcc.c-torture/execute/complex-5.c execution, -O1 FAIL: gcc.c-torture/execute/complex-5.c execution, -O2 FAIL: gcc.c-torture/execute/complex-5.c execution, -O3 -fomit-frame-pointer FAIL: gcc.c-torture/execute/complex-5.c execution, -O3 -g FAIL: gcc.c-torture/execute/complex-5.c execution, -Os FAIL: gcc.c-torture/execute/ieee/mzero2.c execution, -O0 FAIL: gcc.c-torture/execute/ieee/mzero2.c execution, -O1 FAIL: gcc.c-torture/execute/ieee/mzero2.c execution, -O2 FAIL: gcc.c-torture/execute/ieee/mzero2.c execution, -O3 -fomit-frame-pointer FAIL: gcc.c-torture/execute/ieee/mzero2.c execution, -O3 -g FAIL: gcc.c-torture/execute/ieee/mzero2.c execution, -Os XPASS: gcc.c-torture/execute/memcheck/blkarg.c execution, -O0 XPASS: gcc.c-torture/execute/memcheck/blkarg.c execution, -O1 XPASS: gcc.c-torture/execute/memcheck/blkarg.c execution, -O2 XPASS: gcc.c-torture/execute/memcheck/blkarg.c execution, -Os FAIL: gcc.dg/990119-1.c execution test === gcc Summary === # of expected passes 8043 # of unexpected failures 24 # of unexpected successes 4 # of expected failures 27 # of unresolved testcases 6 # of unsupported tests 24 /usr/src/redhat/BUILD/egcs/obj-alpha-linux/gcc/xgcc version egcs-2.93.19 19990418 (gcc2 ss-980929 experimental) === g++ tests === Running target unix FAIL: g++.dg/special/conpr-1.C execution test FAIL: g++.dg/special/conpr-2.C execution test FAIL: g++.dg/special/conpr-3.C execution test FAIL: g++.dg/special/conpr-3.C execution test XPASS: g++.benjamin/p12475.C (test for excess errors) XPASS: g++.jason/thunk3.C (test for excess errors) XPASS: g++.jason/thunk3.C Execution test XPASS: g++.law/profile1.C (test for excess errors) XPASS: g++.law/profile1.C Execution test FAIL: g++.other/null1.C (test for excess errors) === g++ Summary === # of expected passes 5098 # of unexpected failures 5 # of unexpected successes 5 # of expected failures 82 # of untested testcases 11 /usr/src/redhat/BUILD/egcs/obj-alpha-linux/gcc/testsuite/../xgcc version egcs-2.93.19 19990418 (gcc2 ss-980929 experimental) === g77 tests === Running target unix FAIL: g77.f-torture/execute/19990325-0.f execution, -O0 FAIL: g77.f-torture/execute/19990325-0.f execution, -O1 FAIL: g77.f-torture/execute/19990325-0.f execution, -O2 FAIL: g77.f-torture/execute/19990325-0.f execution, -O2 -fomit-frame-pointer -finline-functions FAIL: g77.f-torture/execute/19990325-0.f execution, -Os FAIL: g77.f-torture/execute/19990325-1.f execution, -O0 FAIL: g77.f-torture/execute/19990325-1.f execution, -O1 FAIL: g77.f-torture/execute/19990325-1.f execution, -O2 FAIL: g77.f-torture/execute/19990325-1.f execution, -O2 -fomit-frame-pointer -finline-functions FAIL: g77.f-torture/execute/19990325-1.f execution, -Os === g77 Summary === # of expected passes 561 # of unexpected failures 10 === objc tests === Running target unix FAIL: objc/execute/bf-1.m compilation, -O FAIL: objc/execute/bf-10.m compilation, -O FAIL: objc/execute/bf-11.m compilation, -O FAIL: objc/execute/bf-12.m compilation, -O FAIL: objc/execute/bf-13.m compilation, -O FAIL: objc/execute/bf-14.m compilation, -O FAIL: objc/execute/bf-15.m compilation, -O FAIL: objc/execute/bf-16.m compilation, -O FAIL: objc/execute/bf-17.m compilation, -O FAIL: objc/execute/bf-18.m compilation, -O FAIL: objc/execute/bf-19.m compilation, -O FAIL: objc/execute/bf-2.m compilation, -O FAIL: objc/execute/bf-3.m compilation, -O FAIL: objc/execute/bf-4.m compilation, -O FAIL: objc/execute/bf-5.m compilation, -O FAIL: objc/execute/bf-6.m compilation, -O FAIL: objc/execute/bf-7.m compilation, -O FAIL: objc/execute/bf-8.m compilation, -O FAIL: objc/execute/bf-9.m compilation, -O === objc Summary === # of unexpected failures 19 # of untested testcases 19 /usr/src/redhat/BUILD/egcs/obj-alpha-linux/gcc/xgcc version egcs-2.93.19 19990418 (gcc2 ss-980929 experimental) Compiler version: egcs-2.93.19 19990418 (gcc2 ss-980929 experimental) Platform: alpha-redhat-linux-gnu configure flags: --with-gcc-version-trigger=/usr/src/redhat/BUILD/egcs/gcc/version.c --host=alpha-redhat-linux --prefix=/usr --enable-shared --enable-threads --norecursion