This is the mail archive of the egcs-testresults@egcs.cygnus.com mailing list for the EGCS project. See the EGCS home page for more information.
Index Nav: | [Date Index] [Subject Index] [Author Index] [Thread Index] | |
---|---|---|
Message Nav: | [Date Prev] [Date Next] | [Thread Prev] [Thread Next] |
Native configuration is i686-pc-linux-gnu === g++ tests === Running target unix FAIL: g++.dg/special/conpr-1.C execution test FAIL: g++.dg/special/conpr-2.C execution test FAIL: g++.dg/special/conpr-3.C execution test FAIL: g++.dg/special/conpr-3.C execution test FAIL: g++.eh/unwind1.C Execution test === g++ Summary === # of expected passes 5126 # of unexpected failures 5 # of expected failures 81 # of untested testcases 7 /root/cygnus/egcs/gcc/testsuite/../xgcc version egcs-2.93.19 19990426 (gcc2 ss-980929 experimental) === g77 tests === Running target unix === g77 Summary === # of expected passes 590 === gcc tests === Running target unix FAIL: gcc.dg/990119-1.c execution test FAIL: gcc.dg/special/weak-1.c execution test === gcc Summary === # of expected passes 8091 # of unexpected failures 2 # of expected failures 38 # of unsupported tests 13 /root/cygnus/egcs/gcc/xgcc version egcs-2.93.19 19990426 (gcc2 ss-980929 experimental) === objc tests === Running target unix === objc Summary === # of expected passes 38 /root/cygnus/egcs/gcc/xgcc version egcs-2.93.19 19990426 (gcc2 ss-980929 experimental) === libio tests === Running target unix === libio Summary === # of expected passes 40 === libstdc++ tests === Running target unix === libstdc++ Summary === # of expected passes 30 Compiler version: egcs-2.93.19 19990426 (gcc2 ss-980929 experimental) Platform: i686-pc-linux-gnu configure flags: --with-gcc-version-trigger=/root/cygnus/egcs/gcc/version.c --host=i686-pc-linux-gnu --norecursion